000
CXUS56 KBOI 251002
CF6ONO
PRELIMINARY LOCAL CLIMATOLOGICAL DATA (WS FORM: F-6)

                                          STATION:   ONTARIO OR
                                          MONTH:     JANUARY
                                          YEAR:      2015
                                          LATITUDE:   44  1 N
                                          LONGITUDE: 117  1 W

  TEMPERATURE IN F:       :PCPN:    SNOW:  WIND      :SUNSHINE: SKY     :PK WND
================================================================================
1   2   3   4   5  6A  6B    7    8   9   10  11  12  13   14  15   16   17  18
                                     12Z  AVG MX 2MIN
DY MAX MIN AVG DEP HDD CDD  WTR  SNW DPTH SPD SPD DIR MIN PSBL S-S WX    SPD DR
================================================================================

 1  18   2  10 -16  55   0 0.00    M    M  1.8  7 350   M    M   3 18     13 340
 2  20  10  15 -11  50   0 0.00    M    M  2.7  7 350   M    M   7 18     10 110
 3  25  13  19  -7  46   0 0.00    M    M  3.4  9 240   M    M   6 18     12 240
 4  28  20  24  -2  41   0 0.02    M    M  1.7  9 270   M    M   9 18     20  90
 5  34  27  31   5  34   0 0.01    M    M  2.3  8 320   M    M   8 168     9 230
 6  37  24  31   4  34   0 0.00    M    M  0.5  6 250   M    M   1 128     5 260
 7  34  23  29   2  36   0 0.00    M    M  1.1  7  50   M    M  10 128     7  50
 8  33  29  31   4  34   0 0.00    M    M  2.8  7  20   M    M  10 128     8  30
 9  34  29  32   5  33   0 0.00    M    M  2.2  8 340   M    M  10 1      10  10
10  35  32  34   7  31   0    T    M    M  0.4  5 350   M    M  10 18      7 120
11  38  33  36   9  29   0 0.07    M    M  0.7  6 150   M    M  10 14      7 140
12  44  27  36   9  29   0 0.04    M    M  2.4  9 240   M    M   9 12     11 240
13  46  24  35   8  30   0 0.00    M    M  5.7 16 320   M    M   1        21 320
14  36  25  31   4  34   0 0.00    M    M  2.8 15 120   M    M   9        19 100
15  37  32  35   8  30   0 0.00    M    M  7.2 17 100   M    M   9        22 100
16  36  32  34   7  31   0 0.31    M    M  2.5  8 270   M    M  10 1      11 260
17  35  32  34   7  31   0 0.11    M    M  3.0  7  10   M    M  10 1      11  10
18  42  31  37   9  28   0    T    M    M  5.6 13 260   M    M   6 12     16 240
19  34  28  31   3  34   0 0.00    M    M  1.5  7  10   M    M  10 128     9  20
20  32  27  30   2  35   0 0.00    M    M  1.4  6 150   M    M  10 128     M  M
21  30  27  29   1  36   0 0.00    M    M  3.6  8 350   M    M  10 1       9 330
22  34  28  31   3  34   0 0.00    M    M  4.2  8 340   M    M   9        11 350
23  43  25  34   6  31   0 0.00    M    M  1.4  8 100   M    M   4 18     10 100
24  42  29  36   8  29   0 0.00    M    M  2.2  7 330   M    M   7 18      9 260
================================================================================
SM  827  609       835   0  0.56    M     63.1          M      188
================================================================================
AV 34.5 25.4                               2.6 FASTST   M    M   8    MAX(MPH)
                                 MISC ---->  # 17 100               # 22  100
================================================================================
NOTES:
# LAST OF SEVERAL OCCURRENCES

COLUMN 17 PEAK WIND IN M.P.H.

PRELIMINARY LOCAL CLIMATOLOGICAL DATA (WS FORM: F-6) , PAGE 2

                                          STATION:  ONTARIO OR
                                          MONTH:    JANUARY
                                          YEAR:     2015
                                          LATITUDE:   44  1 N
                                          LONGITUDE: 117  1 W

[TEMPERATURE DATA]      [PRECIPITATION DATA]       SYMBOLS USED IN COLUMN 16

AVERAGE MONTHLY: 29.9   TOTAL FOR MONTH:   0.56    1 = FOG OR MIST
DPTR FM NORMAL:   2.8   DPTR FM NORMAL:   -0.42    2 = FOG REDUCING VISIBILITY
HIGHEST:    46 ON 13    GRTST 24HR  0.31 ON 16-16      TO 1/4 MILE OR LESS
LOWEST:      2 ON  1                               3 = THUNDER
                        SNOW, ICE PELLETS, HAIL    4 = ICE PELLETS
                        TOTAL MONTH:    M          5 = HAIL
                        GRTST 24HR    M  ON   M    6 = FREEZING RAIN OR DRIZZLE
                        GRTST DEPTH:  M  ON   M    7 = DUSTSTORM OR SANDSTORM:
                                                       VSBY 1/2 MILE OR LESS
                                                   8 = SMOKE OR HAZE
[NO. OF DAYS WITH]      [WEATHER - DAYS WITH]      9 = BLOWING SNOW
                                                   X = TORNADO
MAX 32 OR BELOW:   6    0.01 INCH OR MORE:   6
MAX 90 OR ABOVE:   0    0.10 INCH OR MORE:   2
MIN 32 OR BELOW:  23    0.50 INCH OR MORE:   0
MIN  0 OR BELOW:   0    1.00 INCH OR MORE:   0

[HDD (BASE 65) ]
TOTAL THIS MO.   835    CLEAR  (SCALE 0-3)   2
DPTR FM NORMAL   -74    PTCLDY (SCALE 4-7)   7
TOTAL FM JUL 1  2997    CLOUDY (SCALE 8-10) 15
DPTR FM NORMAL  -493

[CDD (BASE 65) ]
TOTAL THIS MO.     0
DPTR FM NORMAL     0    [PRESSURE DATA]
TOTAL FM JAN 1     0    HIGHEST SLP M ON M
DPTR FM NORMAL     0    LOWEST  SLP 30.09 ON 18

[REMARKS]
