000
CXUS52 KMFL 221000
CF6OPF
PRELIMINARY LOCAL CLIMATOLOGICAL DATA (WS FORM: F-6)

                                          STATION:   OPA-LOCKA ARPT
                                          MONTH:     SEPTEMBER
                                          YEAR:      2014
                                          LATITUDE:   25 53 N
                                          LONGITUDE:  80 17 W

  TEMPERATURE IN F:       :PCPN:    SNOW:  WIND      :SUNSHINE: SKY     :PK WND
================================================================================
1   2   3   4   5  6A  6B    7    8   9   10  11  12  13   14  15   16   17  18
                                     12Z  AVG MX 2MIN
DY MAX MIN AVG DEP HDD CDD  WTR  SNW DPTH SPD SPD DIR MIN PSBL S-S WX    SPD DR
================================================================================

 1  92  81  87   4   0  22    T  0.0    0  8.8 17 110   M    M   2        22 110
 2  91  76  84   1   0  19 0.52  0.0    0  6.9 23 130   M    M   3 138    27 120
 3  89  75  82  -1   0  17 0.70  0.0    0  6.5 20 130   M    M   1 1      23 130
 4  89  78  84   1   0  19    T  0.0    0  4.4 14 210   M    M   3 3      19 180
 5  92  78  85   2   0  20 0.00  0.0    0  6.4 17 110   M    M   2        24 110
 6  88  80  84   1   0  19 0.02  0.0    0  6.4 14 150   M    M   3 3      17 130
 7  91  77  84   1   0  19 0.12  0.0    0  5.8 21 140   M    M   2        25 150
 8  90  74  82  -1   0  17 0.09  0.0    0  7.0 28 140   M    M   1 3      32 140
 9  90  75  83   0   0  18 0.53  0.0    0  8.2 28 110   M    M   2 13     33 110
10  88  73  81  -2   0  16 0.41  0.0    0  5.7 22 110   M    M   2 13     30 120
11  87  73  80  -3   0  15 0.78  0.0    0  4.0 17 290   M    M   3 13     22 290
12  85  69  77  -6   0  12 0.22  0.0    0  8.4 18 230   M    M   5 13     23 240
13  89  72  81  -2   0  16 2.07  0.0    0  6.2 28 130   M    M   3 13     32 150
14  90  74  82  -1   0  17 0.02  0.0    0  5.6 15 100   M    M   2 3      19 120
15  90  78  84   1   0  19 0.00  0.0    0  5.6 14  90   M    M   2        19 130
16  91  78  85   2   0  20 0.00  0.0    0  3.6 17 350   M    M   1 3      20 350
17  91  75  83   0   0  18    T  0.0    0  4.7 23 320   M    M   1 3      28 310
18  90  77  84   1   0  19    T  0.0    0  6.1 23 260   M    M   5 3      27 270
19  87  75  81  -2   0  16 0.70  0.0    0  3.6 21 230   M    M   2 13     24 240
20  89  75  82  -1   0  17 0.51  0.0    0  2.6 25 320   M    M   3 138    31 300
21  89  74  82  -1   0  17 0.06  0.0    0  3.9 23  30   M    M   1 3      26  40
================================================================================
SM 1878 1587         0 372  6.75     0.0 120.4          M       49
================================================================================
AV 89.4 75.6                               5.7 FASTST   M    M   2    MAX(MPH)
                                 MISC ---->  # 28 140               # 33  110
================================================================================
NOTES:
# LAST OF SEVERAL OCCURRENCES

COLUMN 17 PEAK WIND IN M.P.H.

PRELIMINARY LOCAL CLIMATOLOGICAL DATA (WS FORM: F-6) , PAGE 2

                                          STATION:  OPA-LOCKA ARPT
                                          MONTH:    SEPTEMBER
                                          YEAR:     2014
                                          LATITUDE:   25 53 N
                                          LONGITUDE:  80 17 W

[TEMPERATURE DATA]      [PRECIPITATION DATA]       SYMBOLS USED IN COLUMN 16

AVERAGE MONTHLY: 82.5   TOTAL FOR MONTH:   6.75    1 = FOG OR MIST
DPTR FM NORMAL:  -0.5   DPTR FM NORMAL:    0.71    2 = FOG REDUCING VISIBILITY
HIGHEST:    92 ON  5, 1 GRTST 24HR  2.07 ON 13-13      TO 1/4 MILE OR LESS
LOWEST:     69 ON 12                               3 = THUNDER
                        SNOW, ICE PELLETS, HAIL    4 = ICE PELLETS
                        TOTAL MONTH:   0.0 INCH    5 = HAIL
                        GRTST 24HR     0.0         6 = FREEZING RAIN OR DRIZZLE
                        GRTST DEPTH:   0           7 = DUSTSTORM OR SANDSTORM:
                                                       VSBY 1/2 MILE OR LESS
                                                   8 = SMOKE OR HAZE
[NO. OF DAYS WITH]      [WEATHER - DAYS WITH]      9 = BLOWING SNOW
                                                   X = TORNADO
MAX 32 OR BELOW:   0    0.01 INCH OR MORE:  14
MAX 90 OR ABOVE:  11    0.10 INCH OR MORE:  10
MIN 32 OR BELOW:   0    0.50 INCH OR MORE:   7
MIN  0 OR BELOW:   0    1.00 INCH OR MORE:   1

[HDD (BASE 65) ]
TOTAL THIS MO.     0    CLEAR  (SCALE 0-3)  17
DPTR FM NORMAL     0    PTCLDY (SCALE 4-7)   4
TOTAL FM JUL 1     0    CLOUDY (SCALE 8-10)  0
DPTR FM NORMAL     0

[CDD (BASE 65) ]
TOTAL THIS MO.   372
DPTR FM NORMAL    -6    [PRESSURE DATA]
TOTAL FM JAN 1  3561    HIGHEST SLP M ON M
DPTR FM NORMAL   278    LOWEST  SLP 29.86 ON 20

[REMARKS]
