000
CXUS55 KLOT 240700
CF6ORD
PRELIMINARY LOCAL CLIMATOLOGICAL DATA (WS FORM: F-6)

                                          STATION:   CHICAGO-OHARE
                                          MONTH:     JULY
                                          YEAR:      2016
                                          LATITUDE:   41 58 N
                                          LONGITUDE:  87 54 W

  TEMPERATURE IN F:       :PCPN:    SNOW:  WIND      :SUNSHINE: SKY     :PK WND
================================================================================
1   2   3   4   5  6A  6B    7    8   9   10  11  12  13   14  15   16   17  18
                                     12Z  AVG MX 2MIN
DY MAX MIN AVG DEP HDD CDD  WTR  SNW DPTH SPD SPD DIR MIN PSBL S-S WX    SPD DR
================================================================================

 1  72  59  66  -7   0   1 0.00  0.0    0  9.6 20  10   M    M   6        24 360
 2  76  54  65  -8   0   0 0.00  0.0    0  4.1 17  90   M    M   8        21 100
 3  77  55  66  -8   0   1 0.00  0.0    0  8.5 18 100   M    M   7        22  90
 4  79  66  73  -1   0   8 0.00  0.0    0  6.5 13 100   M    M   9 18     23  70
 5  87  66  77   3   0  12 0.00  0.0    0  7.5 14 250   M    M   7 1      19 240
 6  88  67  78   4   0  13 0.87  0.0    0  9.0 43 330   M    M   8 138    51 330
 7  84  70  77   3   0  12 1.05  0.0    0  5.9 18  30   M    M   7 12     23  30
 8  86  68  77   3   0  12 0.00  0.0    0 11.3 25 270   M    M   6 12     34 270
 9  79  65  72  -2   0   7 0.00  0.0    0  9.4 18 330   M    M   2        23 330
10  82  60  71  -3   0   6 0.00  0.0    0  4.9 16 160   M    M   6        22 150
11  90  69  80   6   0  15 0.00  0.0    0 11.6 22 190   M    M   4        26 200
12  88  74  81   7   0  16 0.00  0.0    0 11.9 21 260   M    M   5        27 250
13  84  68  76   2   0  11 0.06  0.0    0 10.2 26 150   M    M   7 3      34 130
14  88  67  78   4   0  13 0.00  0.0    0 14.0 30 250   M    M   4        40 250
15  75  60  68  -6   0   3 0.14  0.0    0  8.3 15  20   M    M   6 1      21 270
16  77  57  67  -7   0   2 0.00  0.0    0  5.9 15 100   M    M   5        18  90
17  83  61  72  -2   0   7 0.25  0.0    0 10.9 25 170   M    M   7 13     32 240
18  88  71  80   6   0  15 0.00  0.0    0  5.4 13 260   M    M   5        15 270
19  91  68  80   6   0  15 0.00  0.0    0  5.0 14 120   M    M   5        16 100
20  88  69  79   5   0  14 0.00  0.0    0  6.3 13 240   M    M   4 8      17 220
21  91  72  82   8   0  17 1.03  0.0    0  9.1 28  40   M    M   6 13     35 330
22  90  72  81   7   0  16 0.01  0.0    0  6.9 28 180   M    M   7        34 180
23  91  70  81   7   0  16 1.11  0.0    0  6.7 32  20   M    M   8 13     41  10
================================================================================
SM 1934 1508         0 232  4.52     0.0 188.9          M      139
================================================================================
AV 84.1 65.6                               8.2 FASTST   M    M   6    MAX(MPH)
                                 MISC ---->  # 43 330               # 51  330
================================================================================
NOTES:
# LAST OF SEVERAL OCCURRENCES

COLUMN 17 PEAK WIND IN M.P.H.

PRELIMINARY LOCAL CLIMATOLOGICAL DATA (WS FORM: F-6) , PAGE 2

                                          STATION:  CHICAGO-OHARE
                                          MONTH:    JULY
                                          YEAR:     2016
                                          LATITUDE:   41 58 N
                                          LONGITUDE:  87 54 W

[TEMPERATURE DATA]      [PRECIPITATION DATA]       SYMBOLS USED IN COLUMN 16

AVERAGE MONTHLY: 74.8   TOTAL FOR MONTH:   4.52    1 = FOG OR MIST
DPTR FM NORMAL:   0.9   DPTR FM NORMAL:    1.90    2 = FOG REDUCING VISIBILITY
HIGHEST:    91 ON 23,21 GRTST 24HR  1.11 ON 23-23      TO 1/4 MILE OR LESS
LOWEST:     54 ON  2                               3 = THUNDER
                        SNOW, ICE PELLETS, HAIL    4 = ICE PELLETS
                        TOTAL MONTH:   0.0 INCH    5 = HAIL
                        GRTST 24HR     0.0         6 = FREEZING RAIN OR DRIZZLE
                        GRTST DEPTH:   0           7 = DUSTSTORM OR SANDSTORM:
                                                       VSBY 1/2 MILE OR LESS
                                                   8 = SMOKE OR HAZE
[NO. OF DAYS WITH]      [WEATHER - DAYS WITH]      9 = BLOWING SNOW
                                                   X = TORNADO
MAX 32 OR BELOW:   0    0.01 INCH OR MORE:   8
MAX 90 OR ABOVE:   5    0.10 INCH OR MORE:   6
MIN 32 OR BELOW:   0    0.50 INCH OR MORE:   4
MIN  0 OR BELOW:   0    1.00 INCH OR MORE:   3

[HDD (BASE 65) ]
TOTAL THIS MO.     0    CLEAR  (SCALE 0-3)   1
DPTR FM NORMAL     0    PTCLDY (SCALE 4-7)  21
TOTAL FM JUL 1     0    CLOUDY (SCALE 8-10)  1
DPTR FM NORMAL     0

[CDD (BASE 65) ]
TOTAL THIS MO.   232
DPTR FM NORMAL    26    [PRESSURE DATA]
TOTAL FM JAN 1   522    HIGHEST SLP M ON M
DPTR FM NORMAL    97    LOWEST  SLP 29.70 ON 13

[REMARKS]
