000
CXUS52 KMLB 281134
CF6ORL
PRELIMINARY LOCAL CLIMATOLOGICAL DATA (WS FORM: F-6)

                                          STATION:   ORLANDO EXEC
                                          MONTH:     JULY
                                          YEAR:      2014
                                          LATITUDE:   28 32 N
                                          LONGITUDE:  81 20 W

  TEMPERATURE IN F:       :PCPN:    SNOW:  WIND      :SUNSHINE: SKY     :PK WND
================================================================================
1   2   3   4   5  6A  6B    7    8   9   10  11  12  13   14  15   16   17  18
                                     12Z  AVG MX 2MIN
DY MAX MIN AVG DEP HDD CDD  WTR  SNW DPTH SPD SPD DIR MIN PSBL S-S WX    SPD DR
================================================================================

 1  92  77  85   2   0  20 0.00  0.0    0 10.0 23  30   M    M   2        30  30
 2  89  76  83   0   0  18 0.09  0.0    0  9.0 20 360   M    M   3 138    28  10
 3  93  76  85   2   0  20 0.09  0.0    0  9.4 28 240   M    M   3 13     36 250
 4  90  75  83   0   0  18    T  0.0    0  7.2 23 210   M    M   2 138    28 210
 5  92  73  83   0   0  18 0.56  0.0    0  5.1 28 210   M    M   3 138    33 130
 6  88  73  81  -2   0  16 0.22  0.0    0  4.8 15 130   M    M   2 13     19 200
 7  88  71  80  -3   0  15 0.00  0.0    0  4.9 14 160   M    M   1        16 160
 8  92  73  83   0   0  18 1.24  0.0    0  3.9 29 170   M    M   3 13     33 160
 9  91  73  82  -1   0  17 0.38  0.0    M   M  28 280   M    M   M        32 280
10  90  73  82  -1   0  17 0.11  0.0    M  3.9 24 130   M    M   6 13     30 140
11  90  73  82  -1   0  17 0.00  0.0    0  5.3 22 120   M    M   2 3      26 120
12  93  75  84   0   0  19    T  0.0    0  5.0 32 130   M    M   3 3      38 130
13  91  76  84   0   0  19 0.00  0.0    0  3.9 21 110   M    M   1 3      24 130
14  90  74  82  -2   0  17 0.63  0.0    0  4.6 22 270   M    M   3 3      30 360
15  90  73  82  -2   0  17 0.09  0.0    0  5.8 23 280   M    M   2 13     28 280
16  88  74  81  -3   0  16 0.72  0.0    0  8.0 29 270   M    M   2 13     36 270
17  91  76  84   0   0  19 0.00  0.0    0  6.8 23 290   M    M   4 3      30 300
18  94  74  84   0   0  19 0.00  0.0    0  4.1 16  80   M    M   1        19  90
19  94  76  85   1   0  20 0.00  0.0    0  4.7 12 140   M    M   2        14 110
20  93  78  86   2   0  21 0.00  0.0    0  5.9 18 210   M    M   2 3      22 210
21  94  75  85   1   0  20 1.18  0.0    0  4.7 24  90   M    M   3 13     30  90
22  94  75  85   1   0  20 0.09  0.0    0  4.0 18  80   M    M   3 3      23  80
23  94  75  85   1   0  20 0.24  0.0    0  4.8 25 200   M    M   4 3      31 200
24  93  78  86   2   0  21 0.15  0.0    0  5.3 24 220   M    M   3 13     29 220
25  92  77  85   1   0  20 0.18  0.0    0  4.5 25 280   M    M   2 138    33 280
26  93  77  85   1   0  20 0.10  0.0    0  6.0 23 220   M    M   2 3      26 220
27  92  77  85   1   0  20 0.27  0.0    0  7.3 23 270   M    M   1 3      34 270
================================================================================
SM 2471 2023         0 502  6.34     0.0 148.9          M       65
================================================================================
AV 91.5 74.9                               5.7 FASTST   M    M   3    MAX(MPH)
                                 MISC ---->  # 32 130               # 38  130
================================================================================
NOTES:
# LAST OF SEVERAL OCCURRENCES

COLUMN 17 PEAK WIND IN M.P.H.

PRELIMINARY LOCAL CLIMATOLOGICAL DATA (WS FORM: F-6) , PAGE 2

                                          STATION:  ORLANDO EXEC
                                          MONTH:    JULY
                                          YEAR:     2014
                                          LATITUDE:   28 32 N
                                          LONGITUDE:  81 20 W

[TEMPERATURE DATA]      [PRECIPITATION DATA]       SYMBOLS USED IN COLUMN 16

AVERAGE MONTHLY: 83.2   TOTAL FOR MONTH:   6.34    1 = FOG OR MIST
DPTR FM NORMAL:  -0.4   DPTR FM NORMAL:    0.03    2 = FOG REDUCING VISIBILITY
HIGHEST:    94 ON 23,22 GRTST 24HR  1.24 ON  8- 8      TO 1/4 MILE OR LESS
LOWEST:     71 ON  7                               3 = THUNDER
                        SNOW, ICE PELLETS, HAIL    4 = ICE PELLETS
                        TOTAL MONTH:   0.0 INCH    5 = HAIL
                        GRTST 24HR     0.0         6 = FREEZING RAIN OR DRIZZLE
                        GRTST DEPTH:   0           7 = DUSTSTORM OR SANDSTORM:
                                                       VSBY 1/2 MILE OR LESS
                                                   8 = SMOKE OR HAZE
[NO. OF DAYS WITH]      [WEATHER - DAYS WITH]      9 = BLOWING SNOW
                                                   X = TORNADO
MAX 32 OR BELOW:   0    0.01 INCH OR MORE:  17
MAX 90 OR ABOVE:  23    0.10 INCH OR MORE:  13
MIN 32 OR BELOW:   0    0.50 INCH OR MORE:   5
MIN  0 OR BELOW:   0    1.00 INCH OR MORE:   2

[HDD (BASE 65) ]
TOTAL THIS MO.     0    CLEAR  (SCALE 0-3)  22
DPTR FM NORMAL     0    PTCLDY (SCALE 4-7)   4
TOTAL FM JUL 1     0    CLOUDY (SCALE 8-10)  0
DPTR FM NORMAL     0

[CDD (BASE 65) ]
TOTAL THIS MO.   502
DPTR FM NORMAL     1    [PRESSURE DATA]
TOTAL FM JAN 1  1934    HIGHEST SLP M ON M
DPTR FM NORMAL    87    LOWEST  SLP 29.86 ON  2

[REMARKS]
