000
CXUS56 KMFR 281000
CF6OTH
PRELIMINARY LOCAL CLIMATOLOGICAL DATA (WS FORM: F-6)

                                          STATION:   NORTH BEND OR
                                          MONTH:     JUNE
                                          YEAR:      2017
                                          LATITUDE:   43 25 N
                                          LONGITUDE: 124 15 W

  TEMPERATURE IN F:       :PCPN:    SNOW:  WIND      :SUNSHINE: SKY     :PK WND
================================================================================
1   2   3   4   5  6A  6B    7    8   9   10  11  12  13   14  15   16   17  18
                                     12Z  AVG MX 2MIN
DY MAX MIN AVG DEP HDD CDD  WTR  SNW DPTH SPD SPD DIR MIN PSBL S-S WX    SPD DR
================================================================================

 1  63  54  59   4   6   0 0.02    M    M  7.1 13 280   M    M   M         M  M
 2  64  54  59   4   6   0 0.00    M    M  7.4 16 360   M    M   4        23 360
 3  63  54  59   4   6   0 0.00    M    M 10.9 22 350   M    M   8        29 350
 4  63  48  56   1   9   0 0.00    M    M 13.5 23  10   M    M   5        29 360
 5  63  43  53  -2  12   0 0.00    M    M  9.9 23 360   M    M   1        30 360
 6  63  54  59   4   6   0 0.00    M    M  4.5 14 360   M    M   M         M  M
 7  64  50  57   2   8   0 0.22    M    M  5.3 16 220   M    M   8        22 220
 8  63  54  59   4   6   0 0.62    M    M  7.7 21 200   M    M  10        30 200
 9  61  52  57   2   8   0 0.56    M    M  8.6 15 240   M    M  10        20 240
10  61  50  56   0   9   0 0.43    M    M  7.9 16 280   M    M   7        20 260
11  63  45  54  -2  11   0 0.02    M    M 10.8 22 350   M    M   7        28 350
12  63  54  59   3   6   0 0.00    M    M  7.9 14 310   M    M   M         M  M
13  63  50  57   1   8   0 0.00    M    M  6.2 12 320   M    M   6         M  M
14  63  46  55  -1  10   0 0.00    M    M  5.6 10 280   M    M   4         M  M
15  66  55  61   5   4   0 0.22    M    M   M   M   M   M    M   M         M  M
16  63  57  60   4   5   0 0.09    M    M  5.3  9 290   M    M  10         M  M
17  66  55  61   5   4   0 0.00    M    M  5.9 12 340   0    0   0         M  M
18  70  52  61   5   4   0 0.00    M    M 11.4 24 360   M    M   2        30 350
19  64  55  60   4   5   0 0.00    M    M  9.1 15 340   M    M  10        20 350
20  66  55  61   4   4   0 0.00    M    M 14.7 27  10   M    M   9        40 360
21  63  52  58   1   7   0 0.00    M    M 19.1 29 360   M    M   0        40 360
22  66  52  59   2   6   0 0.00    M    M 15.6 30 360   M    M   0        41 360
23  73  52  63   6   2   0 0.00    M    M 10.2 25 360   M    M   0        32 360
24  66  52  59   2   6   0 0.00    M    M  7.0 14 260   M    M   M         M  M
25  64  52  58   1   7   0 0.00    M    M  7.0 15 260   M    M   M         M  M
26  61  55  58   1   7   0 0.00    M    M  5.4  9 270   M    M  10        23 280
27  64  55  60   3   5   0 0.00    M    M  9.1 18 360   M    M  10        23 350
================================================================================
SM 1732 1407       177   0  2.18    M    233.1            0    121
================================================================================
AV 64.2 52.1                               9.0 FASTST    0   0   6    MAX(MPH)
                                 MISC ---->  # 30 360               # 41  360
================================================================================
NOTES:
# LAST OF SEVERAL OCCURRENCES

COLUMN 17 PEAK WIND IN M.P.H.

PRELIMINARY LOCAL CLIMATOLOGICAL DATA (WS FORM: F-6) , PAGE 2

                                          STATION:  NORTH BEND OR
                                          MONTH:    JUNE
                                          YEAR:     2017
                                          LATITUDE:   43 25 N
                                          LONGITUDE: 124 15 W

[TEMPERATURE DATA]      [PRECIPITATION DATA]       SYMBOLS USED IN COLUMN 16

AVERAGE MONTHLY: 58.1   TOTAL FOR MONTH:   2.18    1 = FOG OR MIST
DPTR FM NORMAL:   2.2   DPTR FM NORMAL:    0.32    2 = FOG REDUCING VISIBILITY
HIGHEST:    73 ON 23    GRTST 24HR  0.62 ON  8- 8      TO 1/4 MILE OR LESS
LOWEST:     43 ON  5                               3 = THUNDER
                        SNOW, ICE PELLETS, HAIL    4 = ICE PELLETS
                        TOTAL MONTH:    M          5 = HAIL
                        GRTST 24HR    M  ON   M    6 = FREEZING RAIN OR DRIZZLE
                        GRTST DEPTH:  M  ON   M    7 = DUSTSTORM OR SANDSTORM:
                                                       VSBY 1/2 MILE OR LESS
                                                   8 = SMOKE OR HAZE
[NO. OF DAYS WITH]      [WEATHER - DAYS WITH]      9 = BLOWING SNOW
                                                   X = TORNADO
MAX 32 OR BELOW:   0    0.01 INCH OR MORE:   8
MAX 90 OR ABOVE:   0    0.10 INCH OR MORE:   5
MIN 32 OR BELOW:   0    0.50 INCH OR MORE:   2
MIN  0 OR BELOW:   0    1.00 INCH OR MORE:   0

[HDD (BASE 65) ]
TOTAL THIS MO.   177    CLEAR  (SCALE 0-3)   6
DPTR FM NORMAL   -67    PTCLDY (SCALE 4-7)   8
TOTAL FM JUL 1  4111    CLOUDY (SCALE 8-10)  9
DPTR FM NORMAL  -693

[CDD (BASE 65) ]
TOTAL THIS MO.     0
DPTR FM NORMAL     0    [PRESSURE DATA]
TOTAL FM JAN 1     0    HIGHEST SLP M ON M
DPTR FM NORMAL     0    LOWEST  SLP  0.00 ON 17

[REMARKS]
