000
CXUS56 KMFR 281000
CF6OTH
PRELIMINARY LOCAL CLIMATOLOGICAL DATA (WS FORM: F-6)

                                          STATION:   NORTH BEND OR
                                          MONTH:     FEBRUARY
                                          YEAR:      2015
                                          LATITUDE:   43 25 N
                                          LONGITUDE: 124 15 W

  TEMPERATURE IN F:       :PCPN:    SNOW:  WIND      :SUNSHINE: SKY     :PK WND
================================================================================
1   2   3   4   5  6A  6B    7    8   9   10  11  12  13   14  15   16   17  18
                                     12Z  AVG MX 2MIN
DY MAX MIN AVG DEP HDD CDD  WTR  SNW DPTH SPD SPD DIR MIN PSBL S-S WX    SPD DR
================================================================================

 1  57  48  53   7  12   0 0.08    M    M  4.9 15 130   M    M   0         M  M
 2  57  48  53   7  12   0 0.33    M    M  5.5 14 210   M    M   9        22 210
 3  57  50  54   8  11   0 1.37    M    M  4.1 14 360   M    M  10        23 360
 4  57  52  55   9  10   0 0.01    M    M  4.4 12 210   M    M   8        23 210
 5  63  54  59  13   6   0 1.01    M    M  9.4 14 150   M    M  10        20 160
 6  61  54  58  12   7   0 1.93    M    M 11.6 22 200   M    M  10        44 160
 7  59  52  56  10   9   0 0.78    M    M 14.9 25 200   M    M   9        39 200
 8  64  52  58  12   7   0 0.07    M    M  6.7 12 180   M    M   8        16 180
 9  54  50  52   6  13   0 1.65    M    M 15.7 35 190   M    M  10        48 190
10  55  46  51   5  14   0 0.00    M    M  3.3  9 160   0    0   0         M  M
11  57  45  51   5  14   0 0.00    M    M  4.0  8 140   0    0   0         M  M
12  61  43  52   6  13   0 0.00    M    M  3.8  9 130   0    0   0         M  M
13  57  43  50   4  15   0 0.00    M    M  4.4 12 270   M    M   0         M  M
14  63  43  53   7  12   0 0.00    M    M  6.8 21 360   M    M   2        27 360
15  66  39  53   7  12   0 0.00    M    M  5.1 15 120   M    M   0        18  90
16  72  45  59  13   6   0 0.00    M    M  4.7  8  90   0    0   0         M  M
17  57  45  51   5  14   0 0.00    M    M  5.3 15 260   M    M   5         M  M
18  57  45  51   5  14   0 0.00    M    M  4.6  8 200   M    M   M         M  M
19  59  39  49   2  16   0 0.00    M    M  6.9 20 360   M    M   4        25 350
20  57  43  50   3  15   0 0.00    M    M  7.1 20 350   M    M   4        29 360
21  55  45  50   3  15   0 0.00    M    M  8.2 21 350   M    M   2        24 360
22  63  37  50   3  15   0 0.00    M    M  7.0 14  50   M    M   0        22  40
23  64  36  50   3  15   0 0.00    M    M  6.4 17 110   M    M   0        21 110
24  57  36  47   0  18   0 0.00    M    M  7.1 15 340   M    M   1        17 360
25  55  37  46  -1  19   0 0.00    M    M  4.6 14 340   0    0   0         M  M
26  54  46  50   3  15   0 0.39    M    M  6.1 13 290   M    M  10         M  M
27  54  46  50   3  15   0 0.69    M    M  8.5 16 290   M    M  10        17 300
================================================================================
SM 1592 1219       344   0  8.31    M    181.1            0    112
================================================================================
AV 59.0 45.1                               6.7 FASTST    0   0   4    MAX(MPH)
                                 MISC ---->  # 35 190                 48    M
================================================================================
NOTES:
# LAST OF SEVERAL OCCURRENCES

COLUMN 17 PEAK WIND IN M.P.H.

PRELIMINARY LOCAL CLIMATOLOGICAL DATA (WS FORM: F-6) , PAGE 2

                                          STATION:  NORTH BEND OR
                                          MONTH:    FEBRUARY
                                          YEAR:     2015
                                          LATITUDE:   43 25 N
                                          LONGITUDE: 124 15 W

[TEMPERATURE DATA]      [PRECIPITATION DATA]       SYMBOLS USED IN COLUMN 16

AVERAGE MONTHLY: 52.1   TOTAL FOR MONTH:   8.31    1 = FOG OR MIST
DPTR FM NORMAL:   5.7   DPTR FM NORMAL:    0.99    2 = FOG REDUCING VISIBILITY
HIGHEST:    72 ON 16    GRTST 24HR  1.93 ON  6- 6      TO 1/4 MILE OR LESS
LOWEST:     36 ON 24,23                            3 = THUNDER
                        SNOW, ICE PELLETS, HAIL    4 = ICE PELLETS
                        TOTAL MONTH:    M          5 = HAIL
                        GRTST 24HR    M  ON   M    6 = FREEZING RAIN OR DRIZZLE
                        GRTST DEPTH:  M  ON   M    7 = DUSTSTORM OR SANDSTORM:
                                                       VSBY 1/2 MILE OR LESS
                                                   8 = SMOKE OR HAZE
[NO. OF DAYS WITH]      [WEATHER - DAYS WITH]      9 = BLOWING SNOW
                                                   X = TORNADO
MAX 32 OR BELOW:   0    0.01 INCH OR MORE:  11
MAX 90 OR ABOVE:   0    0.10 INCH OR MORE:   8
MIN 32 OR BELOW:   0    0.50 INCH OR MORE:   6
MIN  0 OR BELOW:   0    1.00 INCH OR MORE:   4

[HDD (BASE 65) ]
TOTAL THIS MO.   344    CLEAR  (SCALE 0-3)  13
DPTR FM NORMAL  -159    PTCLDY (SCALE 4-7)   5
TOTAL FM JUL 1  2089    CLOUDY (SCALE 8-10)  8
DPTR FM NORMAL -1069

[CDD (BASE 65) ]
TOTAL THIS MO.     0
DPTR FM NORMAL     0    [PRESSURE DATA]
TOTAL FM JAN 1     0    HIGHEST SLP M ON M
DPTR FM NORMAL     0    LOWEST  SLP  0.00 ON M

[REMARKS]
