000
CXUS56 KOTX 291500
CF6OTX
PRELIMINARY LOCAL CLIMATOLOGICAL DATA (WS FORM: F-6)

                                          STATION:   SPOKANE  WA WFO
                                          MONTH:     JUNE
                                          YEAR:      2015
                                          LATITUDE:   47 40 N
                                          LONGITUDE: 117 38 W

  TEMPERATURE IN F:       :PCPN:    SNOW:  WIND      :SUNSHINE: SKY     :PK WND
================================================================================
1   2   3   4   5  6A  6B    7    8   9   10  11  12  13   14  15   16   17  18
                                     12Z  AVG MX 2MIN
DY MAX MIN AVG DEP HDD CDD  WTR  SNW DPTH SPD SPD DIR MIN PSBL S-S WX    SPD DR
================================================================================

 1  79  55  67  10   0   2 0.05  0.0    0   M   M   M   M    M   0 3       0   0
 2  67  47  57   0   8   0    T  0.0    0   M   M   M   M    M   0         0   0
 3  67  45  56  -1   9   0 0.00  0.0    M   M   M   M   0    0   0         0   0
 4  72  40  56  -1   9   0 0.00  0.0    M   M   M   M   0    0   0         0   0
 5  79  45  62   5   3   0 0.00  0.0    M   M   M   M   0    0   0         0   0
 6  85  48  67   9   0   2 0.00  0.0    M   M   M   M   0    0   0         0   0
 7  91  53  72  14   0   7 0.00  0.0    0   M   M   M   M    M   0         0   0
 8  93  56  75  17   0  10 0.00  0.0    0   M   M   M   M    M   0         0   0
 9  91  54  73  15   0   8 0.00  0.0    0   M   M   M   M    M   0         0   0
10  88  60  74  16   0   9 0.00  0.0    0   M   M   M   M    M   0         0   0
11  85  55  70  12   0   5 0.00  0.0    0   M   M   M   M    M   0         0   0
12  76  50  63   5   2   0 0.00  0.0    0   M   M   M   M    M   0         0   0
13  72  40  56  -3   9   0 0.00  0.0    0   M   M   M   M    M   0         0   0
14  77  38  58  -1   7   0 0.00  0.0    0   M   M   M   M    M   M         M  M
15  80  55  68   9   0   3 0.00  0.0    0   M   M   M   M    M   M         M  M
16  85  46  66   7   0   1 0.00  0.0    0   M   M   M   M    M   M         M  M
17  84  55  70  10   0   5 0.00  0.0    0   M   M   M   0    0   0         0   0
18  85  55  70  10   0   5 0.00  0.0    0   M   M   M   0    0   0         0   0
19  77  48  63   3   2   0 0.00  0.0    0   M   M   M   0    0   0         0   0
20  76  44  60   0   5   0 0.00  0.0    0   M   M   M   0    0   0         0   0
21  79  45  62   2   3   0 0.00  0.0    0   M   M   M   0    0   0         0   0
22  82  48  65   4   0   0 0.00  0.0    0   M   M   M   0    0   0         0   0
23  82  46  64   3   1   0 0.00  0.0    0   M   M   M   0    0   0         0   0
24  86  51  69   8   0   4 0.00  0.0    0   M   M   M   0    0   0         0   0
25  89  49  69   8   0   4 0.00  0.0    0   M   M   M   0    0   0         0   0
26  97  55  76  14   0  11 0.00  0.0    M   M   M   M   0    0   0         0   0
27   M   M   M   M   M   M    M    M    M   M   M   M   0    0   0         0   0
28   M   M   M   M   M   M    M    M    M   M   M   M   0    0   0         0   0
================================================================================
SM 2124 1283        58  76  0.05     0.0     M            0      0
================================================================================
AV 81.7 49.3                                 M FASTST    0   0   0    MAX(MPH)
                                 MISC ---->     M   M               #  0    0
================================================================================
NOTES:
# LAST OF SEVERAL OCCURRENCES

COLUMN 17 PEAK WIND IN M.P.H.

PRELIMINARY LOCAL CLIMATOLOGICAL DATA (WS FORM: F-6) , PAGE 2

                                          STATION:  SPOKANE  WA WFO
                                          MONTH:    JUNE
                                          YEAR:     2015
                                          LATITUDE:   47 40 N
                                          LONGITUDE: 117 38 W

[TEMPERATURE DATA]      [PRECIPITATION DATA]       SYMBOLS USED IN COLUMN 16

AVERAGE MONTHLY: 65.5   TOTAL FOR MONTH:   0.05    1 = FOG OR MIST
DPTR FM NORMAL:   6.3   DPTR FM NORMAL:   -1.25    2 = FOG REDUCING VISIBILITY
HIGHEST:    97 ON 26    GRTST 24HR  0.05 ON  1- 1      TO 1/4 MILE OR LESS
LOWEST:     38 ON 14                               3 = THUNDER
                        SNOW, ICE PELLETS, HAIL    4 = ICE PELLETS
                        TOTAL MONTH:   0.0 INCH    5 = HAIL
                        GRTST 24HR     0.0         6 = FREEZING RAIN OR DRIZZLE
                        GRTST DEPTH:   0           7 = DUSTSTORM OR SANDSTORM:
                                                       VSBY 1/2 MILE OR LESS
                                                   8 = SMOKE OR HAZE
[NO. OF DAYS WITH]      [WEATHER - DAYS WITH]      9 = BLOWING SNOW
                                                   X = TORNADO
MAX 32 OR BELOW:   0    0.01 INCH OR MORE:   1
MAX 90 OR ABOVE:   4    0.10 INCH OR MORE:   0
MIN 32 OR BELOW:   0    0.50 INCH OR MORE:   0
MIN  0 OR BELOW:   0    1.00 INCH OR MORE:   0

[HDD (BASE 65) ]
TOTAL THIS MO.    58    CLEAR  (SCALE 0-3)  25
DPTR FM NORMAL  -120    PTCLDY (SCALE 4-7)   0
TOTAL FM JUL 1  5931    CLOUDY (SCALE 8-10)  0
DPTR FM NORMAL -1198

[CDD (BASE 65) ]
TOTAL THIS MO.    76
DPTR FM NORMAL    65    [PRESSURE DATA]
TOTAL FM JAN 1    93    HIGHEST SLP M ON M
DPTR FM NORMAL    77    LOWEST  SLP  0.00 ON M

[REMARKS]
