000
CXUS55 KPAH 190634
CF6OWB
PRELIMINARY LOCAL CLIMATOLOGICAL DATA (WS FORM: F-6)

                                          STATION:   OWENSBORO KY
                                          MONTH:     OCTOBER
                                          YEAR:      2017
                                          LATITUDE:   37 45 N
                                          LONGITUDE:  87 10 W

  TEMPERATURE IN F:       :PCPN:    SNOW:  WIND      :SUNSHINE: SKY     :PK WND
================================================================================
1   2   3   4   5  6A  6B    7    8   9   10  11  12  13   14  15   16   17  18
                                     12Z  AVG MX 2MIN
DY MAX MIN AVG DEP HDD CDD  WTR  SNW DPTH SPD SPD DIR MIN PSBL S-S WX    SPD DR
================================================================================

 1  80  51  66   0   0   1 0.00  0.0    0  7.3 13 130   M    M   0 8      16 170
 2  81  57  69   4   0   4 0.00  0.0    0  8.9 16 170   M    M   2 8      21 140
 3  84  65  75  10   0  10 0.00  0.0    0  7.3 16 170   M    M   5        20 170
 4  86  62  74   9   0   9 0.00  0.0    0  4.9 13 220   M    M   1        17 210
 5  84  61  73   9   0   8    T  0.0    0  4.8 13 200   M    M   2        14 200
 6  86  61  74  10   0   9 0.00  0.0    0  7.4 17 210   M    M   1 8      22 210
 7  81  64  73   9   0   8 1.09  0.0    0 11.1 29 260   M    M   7 13     39 260
 8  71  62  67   4   0   2 2.86  0.0    0  7.6 16  80   M    M  10 1      20  80
 9  82  67  75  12   0  10 0.00  0.0    0  4.6  9 140   M    M   6 18     12 160
10  76  70  73  11   0   8 0.20  0.0    0  6.4 13 120   M    M   8 13     15 120
11  71  54  63   1   2   0 0.00  0.0    0  7.6 18 290   M    M  10 1      21 290
12  64  59  62   0   3   0 0.00  0.0    0  2.3  7 150   M    M  10         9 150
13  78  54  66   4   0   1 0.00  0.0    0  3.6 10 170   M    M   3 18     12 170
14  86  58  72  11   0   7 0.00  0.0    0  8.3 20 210   M    M   0        25 210
15  78  50  64   3   1   0 0.03  0.0    0 12.1 32 310   M    M   7 1      37 310
16  64  43  54  -7  11   0 0.00  0.0    0  4.9 13 340   M    M   1 8      17 340
17  69  39  54  -6  11   0 0.00  0.0    0  2.7 12 160   M    M   0        15 160
18  72  42  57  -3   8   0 0.00  0.0    0  6.9 17 190   M    M   0        20 220
================================================================================
SM 1393 1019        36  77  4.18     0.0 118.7          M       73
================================================================================
AV 77.4 56.6                               6.6 FASTST   M    M   4    MAX(MPH)
                                 MISC ---->  # 32 310               # 39  260
================================================================================
NOTES:
# LAST OF SEVERAL OCCURRENCES

COLUMN 17 PEAK WIND IN M.P.H.

PRELIMINARY LOCAL CLIMATOLOGICAL DATA (WS FORM: F-6) , PAGE 2

                                          STATION:  OWENSBORO KY
                                          MONTH:    OCTOBER
                                          YEAR:     2017
                                          LATITUDE:   37 45 N
                                          LONGITUDE:  87 10 W

[TEMPERATURE DATA]      [PRECIPITATION DATA]       SYMBOLS USED IN COLUMN 16

AVERAGE MONTHLY: 67.0   TOTAL FOR MONTH:   4.18    1 = FOG OR MIST
DPTR FM NORMAL:   4.2   DPTR FM NORMAL:    2.22    2 = FOG REDUCING VISIBILITY
HIGHEST:    86 ON 14, 6 GRTST 24HR  2.86 ON  8- 8      TO 1/4 MILE OR LESS
LOWEST:     39 ON 17                               3 = THUNDER
                        SNOW, ICE PELLETS, HAIL    4 = ICE PELLETS
                        TOTAL MONTH:   0.0 INCH    5 = HAIL
                        GRTST 24HR     0.0         6 = FREEZING RAIN OR DRIZZLE
                        GRTST DEPTH:   0           7 = DUSTSTORM OR SANDSTORM:
                                                       VSBY 1/2 MILE OR LESS
                                                   8 = SMOKE OR HAZE
[NO. OF DAYS WITH]      [WEATHER - DAYS WITH]      9 = BLOWING SNOW
                                                   X = TORNADO
MAX 32 OR BELOW:   0    0.01 INCH OR MORE:   4
MAX 90 OR ABOVE:   0    0.10 INCH OR MORE:   3
MIN 32 OR BELOW:   0    0.50 INCH OR MORE:   2
MIN  0 OR BELOW:   0    1.00 INCH OR MORE:   2

[HDD (BASE 65) ]
TOTAL THIS MO.    36    CLEAR  (SCALE 0-3)   9
DPTR FM NORMAL   -44    PTCLDY (SCALE 4-7)   6
TOTAL FM JUL 1    48    CLOUDY (SCALE 8-10)  3
DPTR FM NORMAL   -59

[CDD (BASE 65) ]
TOTAL THIS MO.    77
DPTR FM NORMAL    36    [PRESSURE DATA]
TOTAL FM JAN 1  1603    HIGHEST SLP M ON M
DPTR FM NORMAL  -139    LOWEST  SLP 29.66 ON  8

[REMARKS]
