000
CXUS55 KPAH 300630
CF6OWB
PRELIMINARY LOCAL CLIMATOLOGICAL DATA (WS FORM: F-6)

                                          STATION:   OWENSBORO KY
                                          MONTH:     AUGUST
                                          YEAR:      2014
                                          LATITUDE:   37 45 N
                                          LONGITUDE:  87 10 W

  TEMPERATURE IN F:       :PCPN:    SNOW:  WIND      :SUNSHINE: SKY     :PK WND
================================================================================
1   2   3   4   5  6A  6B    7    8   9   10  11  12  13   14  15   16   17  18
                                     12Z  AVG MX 2MIN
DY MAX MIN AVG DEP HDD CDD  WTR  SNW DPTH SPD SPD DIR MIN PSBL S-S WX    SPD DR
================================================================================

 1  86  62  74  -6   0   9    T  0.0    0  3.0  9  20   M    M   2 1      12 320
 2  85  67  76  -4   0  11 0.06  0.0    0  4.3 13 270   M    M   4 138    15 350
 3  86  62  74  -6   0   9 0.00  0.0    0  3.6 10  60   M    M   0 18     13 100
 4  88  61  75  -5   0  10 0.00  0.0    0  2.2  9 350   M    M   0 18     12 200
 5  85  63  74  -6   0   9    T  0.0    0  1.8  9 300   M    M   1 18     12 310
 6  89  67  78  -2   0  13    T  0.0    0  4.2 11 330   M    M   2 18     14 310
 7  86  71  79  -1   0  14 0.02  0.0    0  7.3 13  80   M    M   3 1      15  70
 8  85  71  78  -2   0  13 0.03  0.0    0  6.7 14 180   M    M   6 1      16 170
 9  88  73  81   1   0  16    T  0.0    0  4.5 16 310   M    M   8 1      18 310
10  87  69  78  -2   0  13 0.00  0.0    0  4.5 14 270   M    M   6 128    16 280
11  85  70  78  -2   0  13 0.84  0.0    0  5.2 17 310   M    M   5 138    22 310
12  81  62  72  -7   0   7 0.00  0.0    0  8.9 19 310   M    M   3 1      23 290
13  81  56  69 -10   0   4 0.00  0.0    0  3.0 12 310   M    M   2        16 300
14  83  56  70  -9   0   5 0.00  0.0    0  2.6  9 280   M    M   1 1      12 270
15  83  62  73  -6   0   8    T  0.0    0  3.5  7  60   M    M   1        10 280
16  81  69  75  -4   0  10    T  0.0    0  4.1 10 240   M    M   3 1      13 240
17  77  70  74  -5   0   9 1.83  0.0    0  7.5 17 150   M    M   8 13     22 160
18  82  71  77  -2   0  12 0.01  0.0    0  4.6 10 320   M    M   7 18     12 320
19  90  66  78  -1   0  13    T  0.0    0  4.1 13 220   M    M   3 128    15 200
20  89  71  80   1   0  15 0.00  0.0    0  4.6 15 180   M    M   2        19 180
21  93  71  82   3   0  17    T  0.0    0  6.8 12 230   M    M   2        14 190
22  91  74  83   4   0  18 0.12  0.0    0  5.3 14 260   M    M   2 13     18 270
23  94  73  84   5   0  19 0.72  0.0    0  4.5 26  30   M    M   3 13     34  40
24  90  72  81   2   0  16    T  0.0    0  3.5  9  60   M    M   1 18     13  80
25  92  72  82   4   0  17 0.00  0.0    0  2.0  9  50   M    M   1 1      12  30
26  92  73  83   5   0  18 0.00  0.0    0  2.8 12  70   M    M   1 18     14  60
27  93  72  83   5   0  18 0.00  0.0    0  2.7 12  70   M    M   1 18     18  20
28  90  73  82   4   0  17    T  0.0    0  3.0 13 100   M    M   1 18     15 130
29  92  72  82   4   0  17 0.00  0.0    0   M   M   M   M    M   2 18      M  M
================================================================================
SM 2524 1971         0 370  3.63     0.0 120.8          M       81
================================================================================
AV 87.0 68.0                               4.3 FASTST   M    M   3    MAX(MPH)
                                 MISC ---->  # 26  30               # 34   40
================================================================================
NOTES:
# LAST OF SEVERAL OCCURRENCES

COLUMN 17 PEAK WIND IN M.P.H.

PRELIMINARY LOCAL CLIMATOLOGICAL DATA (WS FORM: F-6) , PAGE 2

                                          STATION:  OWENSBORO KY
                                          MONTH:    AUGUST
                                          YEAR:     2014
                                          LATITUDE:   37 45 N
                                          LONGITUDE:  87 10 W

[TEMPERATURE DATA]      [PRECIPITATION DATA]       SYMBOLS USED IN COLUMN 16

AVERAGE MONTHLY: 77.5   TOTAL FOR MONTH:   3.63    1 = FOG OR MIST
DPTR FM NORMAL:  -1.7   DPTR FM NORMAL:    0.51    2 = FOG REDUCING VISIBILITY
HIGHEST:    94 ON 23    GRTST 24HR  1.83 ON 17-17      TO 1/4 MILE OR LESS
LOWEST:     56 ON 14,13                            3 = THUNDER
                        SNOW, ICE PELLETS, HAIL    4 = ICE PELLETS
                        TOTAL MONTH:   0.0 INCH    5 = HAIL
                        GRTST 24HR     0.0         6 = FREEZING RAIN OR DRIZZLE
                        GRTST DEPTH:   0           7 = DUSTSTORM OR SANDSTORM:
                                                       VSBY 1/2 MILE OR LESS
                                                   8 = SMOKE OR HAZE
[NO. OF DAYS WITH]      [WEATHER - DAYS WITH]      9 = BLOWING SNOW
                                                   X = TORNADO
MAX 32 OR BELOW:   0    0.01 INCH OR MORE:   8
MAX 90 OR ABOVE:  10    0.10 INCH OR MORE:   4
MIN 32 OR BELOW:   0    0.50 INCH OR MORE:   3
MIN  0 OR BELOW:   0    1.00 INCH OR MORE:   1

[HDD (BASE 65) ]
TOTAL THIS MO.     0    CLEAR  (SCALE 0-3)  20
DPTR FM NORMAL     0    PTCLDY (SCALE 4-7)   9
TOTAL FM JUL 1     0    CLOUDY (SCALE 8-10)  0
DPTR FM NORMAL     0

[CDD (BASE 65) ]
TOTAL THIS MO.   370
DPTR FM NORMAL   -40    [PRESSURE DATA]
TOTAL FM JAN 1  1224    HIGHEST SLP M ON M
DPTR FM NORMAL  -216    LOWEST  SLP M ON M

[REMARKS]
