000
CXUS55 KPAH 260649
CF6OWB
PRELIMINARY LOCAL CLIMATOLOGICAL DATA (WS FORM: F-6)

                                          STATION:   OWENSBORO KY
                                          MONTH:     APRIL
                                          YEAR:      2017
                                          LATITUDE:   37 45 N
                                          LONGITUDE:  87 10 W

  TEMPERATURE IN F:       :PCPN:    SNOW:  WIND      :SUNSHINE: SKY     :PK WND
================================================================================
1   2   3   4   5  6A  6B    7    8   9   10  11  12  13   14  15   16   17  18
                                     12Z  AVG MX 2MIN
DY MAX MIN AVG DEP HDD CDD  WTR  SNW DPTH SPD SPD DIR MIN PSBL S-S WX    SPD DR
================================================================================

 1  52  44  48  -6  17   0 0.00  0.0    0  5.8 15 330   M    M   8        17 330
 2  71  42  57   3   8   0 0.00  0.0    0 11.4 15  90   M    M   0        85 160
 3  72  57  65  10   0   0 0.59  0.0    0 13.4 26 200   M    M   6 13     36 170
 4  72  53  63   8   2   0 0.00  0.0    0  8.6 20 260   M    M   4        24 270
 5  78  49  64   8   1   0    T    M    0 16.4 38 240   M    M   5 13     48 230
 6  56  42  49  -7  16   0 0.11  0.0    0 17.3 29 310   M    M   8 1      39 300
 7  59  40  50  -6  15   0 0.00  0.0    0 10.0 22 320   M    M   0        29 300
 8  69  37  53  -4  12   0 0.00  0.0    0  7.0 14 190   M    M   0        17 200
 9  79  49  64   7   1   0 0.00  0.0    0 12.6 25 200   M    M   0        31 210
10  79  57  68  11   0   3 0.00  0.0    0 13.4 28 220   M    M   3        33 210
11  68  54  61   3   4   0 0.09  0.0    0  5.8 22 220   M    M   5 1      26 220
12  74  44  59   1   6   0 0.00  0.0    0  5.5 13  60   M    M   0        16  50
13  82  49  66   7   0   1 0.00  0.0    0  3.5 10 130   M    M   0        12 170
14  86  56  71  12   0   6 0.00  0.0    0  4.9 13 180   M    M   1 8      15 170
15  84  61  73  14   0   8 0.00  0.0    0 11.5 28 220   M    M   1        33 220
16  83  62  73  13   0   8 0.37  0.0    0 10.4 23 220   M    M   8 13     31 330
17  73  61  67   7   0   2 0.12  0.0    0  5.2 12 330   M    M   9 18     14 360
18  79  61  70  10   0   5 0.01  0.0    0  8.1 16 160   M    M   7        18 200
19  84  63  74  13   0   9 0.00  0.0    0  8.5 17 220   M    M   4 138    22 220
20  82  63  73  12   0   8    T  0.0    0 10.0 26 230   M    M   4 13     32 230
21  68  52  60  -1   5   0 0.52  0.0    0  7.6 16 320   M    M   9 13     21 340
22  57  47  52 -10  13   0 0.47  0.0    0 11.3 22  50   M    M   9 1      26  70
23  69  48  59  -3   6   0    T  0.0    0 12.2 24  60   M    M   5        30  60
24  77  52  65   3   0   0 0.00  0.0    0  7.0 14  50   M    M   1 8      18  50
25  79  54  67   4   0   2 0.00  0.0    0  7.3 16 160   M    M   1 8      18 150
================================================================================
SM 1832 1297       106  52  2.28     0.0 234.7          M       98
================================================================================
AV 73.3 51.9                               9.4 FASTST   M    M   4    MAX(MPH)
                                 MISC ---->  # 38 240               # 85  160
================================================================================
NOTES:
# LAST OF SEVERAL OCCURRENCES

COLUMN 17 PEAK WIND IN M.P.H.

PRELIMINARY LOCAL CLIMATOLOGICAL DATA (WS FORM: F-6) , PAGE 2

                                          STATION:  OWENSBORO KY
                                          MONTH:    APRIL
                                          YEAR:     2017
                                          LATITUDE:   37 45 N
                                          LONGITUDE:  87 10 W

[TEMPERATURE DATA]      [PRECIPITATION DATA]       SYMBOLS USED IN COLUMN 16

AVERAGE MONTHLY: 62.6   TOTAL FOR MONTH:   2.28    1 = FOG OR MIST
DPTR FM NORMAL:   4.1   DPTR FM NORMAL:   -1.40    2 = FOG REDUCING VISIBILITY
HIGHEST:    86 ON 14    GRTST 24HR  0.59 ON  3- 3      TO 1/4 MILE OR LESS
LOWEST:     37 ON  8                               3 = THUNDER
                        SNOW, ICE PELLETS, HAIL    4 = ICE PELLETS
                        TOTAL MONTH:   0.0 INCH    5 = HAIL
                        GRTST 24HR     0.0         6 = FREEZING RAIN OR DRIZZLE
                        GRTST DEPTH:   0           7 = DUSTSTORM OR SANDSTORM:
                                                       VSBY 1/2 MILE OR LESS
                                                   8 = SMOKE OR HAZE
[NO. OF DAYS WITH]      [WEATHER - DAYS WITH]      9 = BLOWING SNOW
                                                   X = TORNADO
MAX 32 OR BELOW:   0    0.01 INCH OR MORE:   8
MAX 90 OR ABOVE:   0    0.10 INCH OR MORE:   6
MIN 32 OR BELOW:   0    0.50 INCH OR MORE:   2
MIN  0 OR BELOW:   0    1.00 INCH OR MORE:   0

[HDD (BASE 65) ]
TOTAL THIS MO.   106    CLEAR  (SCALE 0-3)  11
DPTR FM NORMAL   -91    PTCLDY (SCALE 4-7)  10
TOTAL FM JUL 1  3138    CLOUDY (SCALE 8-10)  4
DPTR FM NORMAL  -662

[CDD (BASE 65) ]
TOTAL THIS MO.    52
DPTR FM NORMAL    17    [PRESSURE DATA]
TOTAL FM JAN 1    55    HIGHEST SLP M ON M
DPTR FM NORMAL    14    LOWEST  SLP 29.40 ON  5

[REMARKS]
