386
CXUS54 KLZK 191130
CF6PBF
PRELIMINARY LOCAL CLIMATOLOGICAL DATA (WS FORM: F-6)

                                          STATION:   Pine Bluff
                                          MONTH:     FEBRUARY
                                          YEAR:      2018
                                          LATITUDE:   34 10 N
                                          LONGITUDE:  91 56 W

  TEMPERATURE IN F:       :PCPN:    SNOW:  WIND      :SUNSHINE: SKY     :PK WND
================================================================================
1   2   3   4   5  6A  6B    7    8   9   10  11  12  13   14  15   16   17  18
                                     12Z  AVG MX 2MIN
DY MAX MIN AVG DEP HDD CDD  WTR  SNW DPTH SPD SPD DIR MIN PSBL S-S WX    SPD DR
================================================================================

 1  58  37  48   5  17   0 0.02  0.0    0 11.5 25  20   M    M   5 1      31  20
 2  38  28  33 -11  32   0 0.00    M    0  9.4 25  20   M    M   0        31  20
 3  49  26  38  -6  27   0 0.15    M    0  5.7 16 180   M    M   6 1      18 190
 4  60  31  46   2  19   0 0.01  0.0    0  7.6 25 360   M    M   5 1      34  10
 5  47  26  37  -7  28   0 0.00    M    0  8.2 20  10   M    M   5        25  10
 6  46  34  40  -4  25   0 1.64  0.0    0 11.1 20 100   M    M  10 13     24  50
 7  39  30  35  -9  30   0 0.18  0.0    0 11.5 21  10   M    M   6 1      26  20
 8  50  26  38  -7  27   0 0.00  0.0    0  3.1 10 110   M    M   0 1      12 120
 9  66  31  49   4  16   0 0.01    M    0  5.5 15 180   M    M   6        19 190
10  54  39  47   2  18   0 1.70  0.0    0  5.8 16  20   M    M  10 1      18  10
11  39  32  36  -9  29   0 0.01  0.0    0 11.2 18  20   M    M  10 1      24  30
12  41  30  36  -9  29   0 0.00  0.0    0 12.3 21  40   M    M   6        26  40
13  46  32  39  -7  26   0 1.16    M    0  4.4 10  30   M    M   8 13     13  30
14  62  46  54   8  11   0 0.96    M    0  4.0 13 210   M    M  10 123    18 200
15  77  62  70  24   0   5 0.00  0.0    0 12.8 25 220   M    M   7 1      32 220
16  67  44  56  10   9   0 0.06    M    0 14.1 28 360   M    M   7 1      38  20
17  49  40  45  -1  20   0 0.12    M    0  5.7 22 310   M    M   8 1      27 310
18  54  39  47   0  18   0    T  0.0    0  7.3 17 110   M    M   6 1      20 150
================================================================================
SM  942  633       381   5  6.02     0.0 151.2          M      115
================================================================================
AV 52.3 35.2                               8.4 FASTST   M    M   6    MAX(MPH)
                                 MISC ---->  # 28 360               # 38   20
================================================================================
NOTES:
# LAST OF SEVERAL OCCURRENCES

COLUMN 17 PEAK WIND IN M.P.H.

PRELIMINARY LOCAL CLIMATOLOGICAL DATA (WS FORM: F-6) , PAGE 2

                                          STATION:  Pine Bluff
                                          MONTH:    FEBRUARY
                                          YEAR:     2018
                                          LATITUDE:   34 10 N
                                          LONGITUDE:  91 56 W

[TEMPERATURE DATA]      [PRECIPITATION DATA]       SYMBOLS USED IN COLUMN 16

AVERAGE MONTHLY: 43.8   TOTAL FOR MONTH:   6.02    1 = FOG OR MIST
DPTR FM NORMAL:  -1.2   DPTR FM NORMAL:    3.58    2 = FOG REDUCING VISIBILITY
HIGHEST:    77 ON 15    GRTST 24HR  1.70 ON 10-10      TO 1/4 MILE OR LESS
LOWEST:     26 ON  8, 5                            3 = THUNDER
                        SNOW, ICE PELLETS, HAIL    4 = ICE PELLETS
                        TOTAL MONTH:   0.0 INCH    5 = HAIL
                        GRTST 24HR     0.0         6 = FREEZING RAIN OR DRIZZLE
                        GRTST DEPTH:   0           7 = DUSTSTORM OR SANDSTORM:
                                                       VSBY 1/2 MILE OR LESS
                                                   8 = SMOKE OR HAZE
[NO. OF DAYS WITH]      [WEATHER - DAYS WITH]      9 = BLOWING SNOW
                                                   X = TORNADO
MAX 32 OR BELOW:   0    0.01 INCH OR MORE:  12
MAX 90 OR ABOVE:   0    0.10 INCH OR MORE:   7
MIN 32 OR BELOW:  10    0.50 INCH OR MORE:   4
MIN  0 OR BELOW:   0    1.00 INCH OR MORE:   3

[HDD (BASE 65) ]
TOTAL THIS MO.   381    CLEAR  (SCALE 0-3)   2
DPTR FM NORMAL    21    PTCLDY (SCALE 4-7)  11
TOTAL FM JUL 1  2333    CLOUDY (SCALE 8-10)  5
DPTR FM NORMAL   115

[CDD (BASE 65) ]
TOTAL THIS MO.     5
DPTR FM NORMAL     5    [PRESSURE DATA]
TOTAL FM JAN 1     5    HIGHEST SLP M ON M
DPTR FM NORMAL     4    LOWEST  SLP 29.79 ON 15

[REMARKS]
ALL SNOWFALL DATA IS FROM THE PINE BLUFF WATER PLANT SITE
