000
CXUS56 KFGZ 180900
CF6PGA
PRELIMINARY LOCAL CLIMATOLOGICAL DATA (WS FORM: F-6)

                                          STATION:   PAGE AZ AIRPORT
                                          MONTH:     NOVEMBER
                                          YEAR:      2017
                                          LATITUDE:   36 55 N
                                          LONGITUDE: 111 27 W

  TEMPERATURE IN F:       :PCPN:    SNOW:  WIND      :SUNSHINE: SKY     :PK WND
================================================================================
1   2   3   4   5  6A  6B    7    8   9   10  11  12  13   14  15   16   17  18
                                     12Z  AVG MX 2MIN
DY MAX MIN AVG DEP HDD CDD  WTR  SNW DPTH SPD SPD DIR MIN PSBL S-S WX    SPD DR
================================================================================

 1  74  49  62  10   3   0 0.00    M    M  4.5 14 280   M    M   1 8      20 280
 2  71  48  60   8   5   0 0.00    M    M  4.5 10 210   M    M   0        15 210
 3  70  50  60   9   5   0 0.00    M    M  5.8 12 180   M    M   0        16 200
 4  74  56  65  14   0   0 0.00  0.0    0  6.4 16 220   M    M   0        24 210
 5  70  51  61  11   4   0 0.00  0.0    0  5.9 15 280   M    M   0        28 290
 6  66  47  57   7   8   0 0.00  0.0    0  3.6 13 260   M    M   2        20 270
 7  68  48  58   9   7   0 0.00  0.0    0  5.7 13 250   M    M   3        23 240
 8  56  37  47  -2  18   0 0.00    M    M  2.8 10  40   M    M   0 8      14  40
 9  61  38  50   2  15   0 0.00    M    M  2.6  7  40   M    M   0 8      10 360
10  65  41  53   5  12   0 0.00    M    M  2.4  8 360   M    M   0 8      10 330
11  67  42  55   7  10   0 0.00    M    M  3.5 10  40   M    M   0        13  30
12  59  41  50   3  15   0 0.00    M    M  2.1  9 330   M    M   1 8      14 330
13  63  42  53   6  12   0 0.00  0.0    0  2.3  8 150   M    M   0         9 150
14  67  40  54   8  11   0 0.00    M    M  2.7  9 150   M    M   0 8      11 350
15  62  41  52   6  13   0 0.00    M    M  2.5  8  30   M    M   0 8      11 360
16  66  41  54   9  11   0 0.00    M    M  2.1 15 240   M    M   1 8      21 230
17  70  44  57  12   8   0    T    M    M 12.1 26 320   M    M   2        39 310
================================================================================
SM 1129  756       157   0    T      0.0  71.5          M       10
================================================================================
AV 66.4 44.5                               4.2 FASTST   M    M   1    MAX(MPH)
                                 MISC ---->  # 26 320               # 39  310
================================================================================
NOTES:
# LAST OF SEVERAL OCCURRENCES

COLUMN 17 PEAK WIND IN M.P.H.

PRELIMINARY LOCAL CLIMATOLOGICAL DATA (WS FORM: F-6) , PAGE 2

                                          STATION:  PAGE AZ AIRPORT
                                          MONTH:    NOVEMBER
                                          YEAR:     2017
                                          LATITUDE:   36 55 N
                                          LONGITUDE: 111 27 W

[TEMPERATURE DATA]      [PRECIPITATION DATA]       SYMBOLS USED IN COLUMN 16

AVERAGE MONTHLY: 55.4   TOTAL FOR MONTH:      T    1 = FOG OR MIST
DPTR FM NORMAL:   7.0   DPTR FM NORMAL:   -0.34    2 = FOG REDUCING VISIBILITY
HIGHEST:    74 ON  4, 1 GRTST 24HR    T  ON 17-17      TO 1/4 MILE OR LESS
LOWEST:     37 ON  8                               3 = THUNDER
                        SNOW, ICE PELLETS, HAIL    4 = ICE PELLETS
                        TOTAL MONTH:   0.0 INCH    5 = HAIL
                        GRTST 24HR     0.0         6 = FREEZING RAIN OR DRIZZLE
                        GRTST DEPTH:   0           7 = DUSTSTORM OR SANDSTORM:
                                                       VSBY 1/2 MILE OR LESS
                                                   8 = SMOKE OR HAZE
[NO. OF DAYS WITH]      [WEATHER - DAYS WITH]      9 = BLOWING SNOW
                                                   X = TORNADO
MAX 32 OR BELOW:   0    0.01 INCH OR MORE:   0
MAX 90 OR ABOVE:   0    0.10 INCH OR MORE:   0
MIN 32 OR BELOW:   0    0.50 INCH OR MORE:   0
MIN  0 OR BELOW:   0    1.00 INCH OR MORE:   0

[HDD (BASE 65) ]
TOTAL THIS MO.   157    CLEAR  (SCALE 0-3)  17
DPTR FM NORMAL  -125    PTCLDY (SCALE 4-7)   0
TOTAL FM JUL 1   315    CLOUDY (SCALE 8-10)  0
DPTR FM NORMAL  -194

[CDD (BASE 65) ]
TOTAL THIS MO.     0
DPTR FM NORMAL     0    [PRESSURE DATA]
TOTAL FM JAN 1  2329    HIGHEST SLP M ON M
DPTR FM NORMAL   482    LOWEST  SLP 29.84 ON  4

[REMARKS]
