000
CXUS55 KTBW 241000
CF6PGD
PRELIMINARY LOCAL CLIMATOLOGICAL DATA (WS FORM: F-6)

                                          STATION:   Punta Gorda
                                          MONTH:     OCTOBER
                                          YEAR:      2014
                                          LATITUDE:   26 55 N
                                          LONGITUDE:  82  0 W

  TEMPERATURE IN F:       :PCPN:    SNOW:  WIND      :SUNSHINE: SKY     :PK WND
================================================================================
1   2   3   4   5  6A  6B    7    8   9   10  11  12  13   14  15   16   17  18
                                     12Z  AVG MX 2MIN
DY MAX MIN AVG DEP HDD CDD  WTR  SNW DPTH SPD SPD DIR MIN PSBL S-S WX    SPD DR
================================================================================

 1  91  77  84   4   0  19 0.06  0.0    0  6.3 16 270   M    M   2 1      21 250
 2  91  75  83   3   0  18 0.00  0.0    0  4.2 12 270   M    M   1 1      14 270
 3  91  75  83   3   0  18 0.00  0.0    0  6.0 17 260   M    M   1        33  90
 4  86  69  78  -2   0  13 0.61  0.0    0  7.6 20 310   M    M   2 13     27  30
 5  81  62  72  -7   0   7 0.00  0.0    0  7.1 14  30   M    M   0        19 340
 6  86  62  74  -5   0   9 0.00  0.0    0  7.4 15 110   M    M   1        19 110
 7  87  71  79   0   0  14 0.30  0.0    0  6.1 17 150   M    M   2 138    26 340
 8  90  72  81   2   0  16 0.00  0.0    0  5.5 15  80   M    M   1        19  80
 9  91  71  81   3   0  16 0.00  0.0    0  8.3 16  80   M    M   0 1      22  80
10  91  69  80   2   0  15    T  0.0    0  7.7 15  90   M    M   0        21 100
11  92  69  81   3   0  16 0.01  0.0    0  5.7 14 100   M    M   2 1      17 100
12  92  70  81   3   0  16    T  0.0    0  6.3 14 110   M    M   1 1      32  20
13  92  72  82   4   0  17 0.34  0.0    0  8.1 30 190   M    M   3 13     36 180
14  88  75  82   5   0  17 0.29  0.0    0  8.4 17 200   M    M   2 13     41 210
15  87  68  78   1   0  13 0.06  0.0    0  6.5 15 290   M    M   3 13     18 300
16  84  63  74  -3   0   9 0.00  0.0    0  5.9 17 310   M    M   1        22 310
17  84  60  72  -4   0   7 0.00  0.0    0  5.5 12  10   M    M   0        15 360
18  85  60  73  -3   0   8 0.00  0.0    0  4.2  9 300   M    M   0        12 290
19  86  62  74  -2   0   9 0.00  0.0    0  4.9 13  40   M    M   0 1      32 220
20  89  64  77   1   0  12 0.00  0.0    0  4.4 12 100   M    M   1 1      16  90
21  84  72  78   3   0  13 0.00  0.0    0  4.9 15 220   M    M   2        18 210
22  85  70  78   3   0  13 0.00  0.0    0  4.7 16  70   M    M   2 1      21  70
23  86  66  76   1   0  11 0.00  0.0    0 10.4 21  70   M    M   2        27  50
================================================================================
SM 2019 1574         0 306  1.67     0.0 146.1          M       29
================================================================================
AV 87.8 68.4                               6.4 FASTST   M    M   1    MAX(MPH)
                                 MISC ---->  # 30 190               # 41  210
================================================================================
NOTES:
# LAST OF SEVERAL OCCURRENCES

COLUMN 17 PEAK WIND IN M.P.H.

PRELIMINARY LOCAL CLIMATOLOGICAL DATA (WS FORM: F-6) , PAGE 2

                                          STATION:  Punta Gorda
                                          MONTH:    OCTOBER
                                          YEAR:     2014
                                          LATITUDE:   26 55 N
                                          LONGITUDE:  82  0 W

[TEMPERATURE DATA]      [PRECIPITATION DATA]       SYMBOLS USED IN COLUMN 16

AVERAGE MONTHLY: 78.1   TOTAL FOR MONTH:   1.67    1 = FOG OR MIST
DPTR FM NORMAL:   0.5   DPTR FM NORMAL:   -0.84    2 = FOG REDUCING VISIBILITY
HIGHEST:    92 ON 13,12 GRTST 24HR  0.61 ON  4- 4      TO 1/4 MILE OR LESS
LOWEST:     60 ON 18,17                            3 = THUNDER
                        SNOW, ICE PELLETS, HAIL    4 = ICE PELLETS
                        TOTAL MONTH:   0.0 INCH    5 = HAIL
                        GRTST 24HR     0.0         6 = FREEZING RAIN OR DRIZZLE
                        GRTST DEPTH:   0           7 = DUSTSTORM OR SANDSTORM:
                                                       VSBY 1/2 MILE OR LESS
                                                   8 = SMOKE OR HAZE
[NO. OF DAYS WITH]      [WEATHER - DAYS WITH]      9 = BLOWING SNOW
                                                   X = TORNADO
MAX 32 OR BELOW:   0    0.01 INCH OR MORE:   7
MAX 90 OR ABOVE:   9    0.10 INCH OR MORE:   4
MIN 32 OR BELOW:   0    0.50 INCH OR MORE:   1
MIN  0 OR BELOW:   0    1.00 INCH OR MORE:   0

[HDD (BASE 65) ]
TOTAL THIS MO.     0    CLEAR  (SCALE 0-3)  22
DPTR FM NORMAL     0    PTCLDY (SCALE 4-7)   1
TOTAL FM JUL 1     0    CLOUDY (SCALE 8-10)  0
DPTR FM NORMAL     0

[CDD (BASE 65) ]
TOTAL THIS MO.   306
DPTR FM NORMAL    12    [PRESSURE DATA]
TOTAL FM JAN 1  3591    HIGHEST SLP M ON M
DPTR FM NORMAL   301    LOWEST  SLP 29.85 ON  4

[REMARKS]
