000
CXUS55 KTBW 251000
CF6PGD
PRELIMINARY LOCAL CLIMATOLOGICAL DATA (WS FORM: F-6)

                                          STATION:   Punta Gorda
                                          MONTH:     MAY
                                          YEAR:      2016
                                          LATITUDE:   26 55 N
                                          LONGITUDE:  82  0 W

  TEMPERATURE IN F:       :PCPN:    SNOW:  WIND      :SUNSHINE: SKY     :PK WND
================================================================================
1   2   3   4   5  6A  6B    7    8   9   10  11  12  13   14  15   16   17  18
                                     12Z  AVG MX 2MIN
DY MAX MIN AVG DEP HDD CDD  WTR  SNW DPTH SPD SPD DIR MIN PSBL S-S WX    SPD DR
================================================================================

 1  91  63  77   3   0  12 0.00  0.0    0  7.2 16 130   M    M   1        21 130
 2  90  66  78   4   0  13 0.00  0.0    0  7.2 18 260   M    M   4 128    24 250
 3  89  71  80   5   0  15    T  0.0    0  8.8 18 280   M    M   2 1      23 290
 4  78  68  73  -2   0   8 1.98  0.0    0  8.3 21  50   M    M   6 13     25 210
 5  84  65  75   0   0  10    T  0.0    0 11.3 23 300   M    M   1        29 300
 6  80  59  70  -5   0   5 0.00  0.0    0  8.7 21 310   M    M   0        24 310
 7  82  53  68  -8   0   3 0.00  0.0    0  6.9 16 360   M    M   0        23 360
 8  86  55  71  -5   0   6 0.00  0.0    0  4.9 14 230   M    M   0        18  90
 9  86  55  71  -5   0   6 0.00  0.0    0  4.8 14 250   M    M   0        19 210
10  89  63  76   0   0  11 0.00  0.0    0  6.6 16 160   M    M   1        19 150
11  90  68  79   3   0  14 0.00  0.0    0  5.4 14 110   M    M   2        18 120
12  89  64  77   0   0  12 0.00  0.0    0  4.0 10 300   M    M   2        14  30
13  89  65  77   0   0  12 0.00  0.0    0  7.1 18 280   M    M   1        21 270
14  89  68  79   2   0  14 0.00  0.0    0  7.5 17 280   M    M   1 1      22 260
15  91  63  77   0   0  12 0.00  0.0    0  5.4 14 240   M    M   0 1      18 240
16  92  65  79   1   0  14 0.00  0.0    0  6.6 13 130   M    M   1 1      17 270
17  92  70  81   3   0  16 0.16  0.0    0 10.6 23 210   M    M   5 138    29 200
18  90  70  80   2   0  15 0.27  0.0    0  6.4 23 330   M    M   5 13     30 320
19  88  69  79   1   0  14 0.73  0.0    0  8.9 18 240   M    M   4 138    22 190
20  91  72  82   4   0  17 0.16  0.0    0  6.1 16 250   M    M   3 13      M  M
21  90  73  82   3   0  17 0.03  0.0    0  8.2 18 300   M    M   2        23 290
22  90  72  81   2   0  16 0.00  0.0    0  9.2 21 280   M    M   1        25 290
23  89  72  81   2   0  16    T  0.0    0  5.7 16 270   M    M   2        20 270
24  93  64  79   0   0  14 0.00  0.0    0  4.9 12 100   M    M   0        15 110
================================================================================
SM 2118 1573         0 292  3.33     0.0 170.7          M       44
================================================================================
AV 88.2 65.5                               7.1 FASTST   M    M   2    MAX(MPH)
                                 MISC ---->  # 23 300               # 30  320
================================================================================
NOTES:
# LAST OF SEVERAL OCCURRENCES

COLUMN 17 PEAK WIND IN M.P.H.

PRELIMINARY LOCAL CLIMATOLOGICAL DATA (WS FORM: F-6) , PAGE 2

                                          STATION:  Punta Gorda
                                          MONTH:    MAY
                                          YEAR:     2016
                                          LATITUDE:   26 55 N
                                          LONGITUDE:  82  0 W

[TEMPERATURE DATA]      [PRECIPITATION DATA]       SYMBOLS USED IN COLUMN 16

AVERAGE MONTHLY: 76.9   TOTAL FOR MONTH:   3.33    1 = FOG OR MIST
DPTR FM NORMAL:   0.1   DPTR FM NORMAL:    1.63    2 = FOG REDUCING VISIBILITY
HIGHEST:    93 ON 24    GRTST 24HR  1.98 ON  4- 4      TO 1/4 MILE OR LESS
LOWEST:     53 ON  7                               3 = THUNDER
                        SNOW, ICE PELLETS, HAIL    4 = ICE PELLETS
                        TOTAL MONTH:   0.0 INCH    5 = HAIL
                        GRTST 24HR     0.0         6 = FREEZING RAIN OR DRIZZLE
                        GRTST DEPTH:   0           7 = DUSTSTORM OR SANDSTORM:
                                                       VSBY 1/2 MILE OR LESS
                                                   8 = SMOKE OR HAZE
[NO. OF DAYS WITH]      [WEATHER - DAYS WITH]      9 = BLOWING SNOW
                                                   X = TORNADO
MAX 32 OR BELOW:   0    0.01 INCH OR MORE:   6
MAX 90 OR ABOVE:  11    0.10 INCH OR MORE:   5
MIN 32 OR BELOW:   0    0.50 INCH OR MORE:   2
MIN  0 OR BELOW:   0    1.00 INCH OR MORE:   1

[HDD (BASE 65) ]
TOTAL THIS MO.     0    CLEAR  (SCALE 0-3)  19
DPTR FM NORMAL     0    PTCLDY (SCALE 4-7)   5
TOTAL FM JUL 1   283    CLOUDY (SCALE 8-10)  0
DPTR FM NORMAL  -113

[CDD (BASE 65) ]
TOTAL THIS MO.   292
DPTR FM NORMAL     9    [PRESSURE DATA]
TOTAL FM JAN 1   825    HIGHEST SLP M ON M
DPTR FM NORMAL    52    LOWEST  SLP 29.69 ON  4

[REMARKS]
