000
CXUS52 KMFL 281000
CF6PMP
PRELIMINARY LOCAL CLIMATOLOGICAL DATA (WS FORM: F-6)

                                          STATION:   POMPANO BEACH ARPK
                                          MONTH:     FEBRUARY
                                          YEAR:      2015
                                          LATITUDE:   26 14 N
                                          LONGITUDE:  80  7 W

  TEMPERATURE IN F:       :PCPN:    SNOW:  WIND      :SUNSHINE: SKY     :PK WND
================================================================================
1   2   3   4   5  6A  6B    7    8   9   10  11  12  13   14  15   16   17  18
                                     12Z  AVG MX 2MIN
DY MAX MIN AVG DEP HDD CDD  WTR  SNW DPTH SPD SPD DIR MIN PSBL S-S WX    SPD DR
================================================================================

 1  78  68  73   5   0   8 0.00  0.0    0 13.0 22 130   M    M   5        28 110
 2  86  68  77   9   0  12 0.01  0.0    0 10.6 22 250   M    M   3        30 220
 3  78  57  68   0   0   3 0.00  0.0    0 10.5 18  80   M    M   2        22  80
 4  79  70  75   7   0  10 0.00  0.0    0 11.5 16 140   M    M   5        23 130
 5  77  63  70   2   0   5 0.71  0.0    0 13.0 22 290   M    M   3 13     29 260
 6  76  59  68   0   0   3 0.11  0.0    0 13.7 24  50   M    M   5        31  50
 7  74  66  70   2   0   5    T  0.0    0 13.2 22  70   M    M   3        26  70
 8  79  67  73   5   0   8 0.00  0.0    0  8.9 16  80   M    M   3        21  80
 9  82  63  73   4   0   8 0.10  0.0    0  6.6 30 220   M    M   4 3      43 230
10  76  60  68  -1   0   3 0.00  0.0    0 14.3 28 300   M    M   3 1      34 300
11  75  55  65  -4   0   0 0.00  0.0    0  9.0 15 320   M    M   0        18 330
12  78  55  67  -2   0   2 0.00  0.0    0  8.0 15 260   M    M   1        19 270
13  74  53  64  -5   1   0 0.00  0.0    0  9.1 20 310   M    M   0 18     24 300
14  67  47  57 -12   8   0 0.00  0.0    0  9.0 20 330   M    M   1        24 330
15  73  47  60  -9   5   0    T    M    0  6.8 15  40   M    M   0        20 290
16  75  58  67  -2   0   2 0.00  0.0    0  9.8 22 140   M    M   3        29 120
17  83  64  74   5   0   9 0.00  0.0    0 10.8 22 230   M    M   1        27 220
18  71  50  61  -8   4   0 0.04  0.0    0 10.6 22 310   M    M   5 1      27 330
19  59  44  52 -17  13   0 0.00  0.0    0 14.2 31 300   M    M   0        41 340
20  65  40  53 -17  12   0 0.00  0.0    0 13.4 23  70   M    M   3        30  30
21  76  62  69  -1   0   4 0.00  0.0    0 16.5 24 110   M    M   7        33  90
22  80  71  76   6   0  11 0.00  0.0    0 11.4 21 130   M    M   3        25 140
23  81  67  74   4   0   9 0.00  0.0    0  6.7 14 140   M    M   3 1      17 140
24  87  64  76   6   0  11 0.00  0.0    0  8.3 18 250   M    M   1 1      23 240
25  80  63  72   2   0   7 0.00  0.0    0 10.3 21 160   M    M   2 1      28 170
26  87  73  80  10   0  15    T  0.0    0 13.9 26 250   M    M   4 8      37 240
27  77  65  71   1   0   6 0.01  0.0    0  9.4 18  40   M    M   9 1      23  30
================================================================================
SM 2073 1619        43 141  0.98     0.0 292.5          M       79
================================================================================
AV 76.8 60.0                              10.8 FASTST   M    M   3    MAX(MPH)
                                 MISC ---->  # 31 300               # 43  230
================================================================================
NOTES:
# LAST OF SEVERAL OCCURRENCES

COLUMN 17 PEAK WIND IN M.P.H.

PRELIMINARY LOCAL CLIMATOLOGICAL DATA (WS FORM: F-6) , PAGE 2

                                          STATION:  POMPANO BEACH ARPK
                                          MONTH:    FEBRUARY
                                          YEAR:     2015
                                          LATITUDE:   26 14 N
                                          LONGITUDE:  80  7 W

[TEMPERATURE DATA]      [PRECIPITATION DATA]       SYMBOLS USED IN COLUMN 16

AVERAGE MONTHLY: 68.4   TOTAL FOR MONTH:   0.98    1 = FOG OR MIST
DPTR FM NORMAL:  -0.6   DPTR FM NORMAL:   -1.50    2 = FOG REDUCING VISIBILITY
HIGHEST:    87 ON 26,24 GRTST 24HR  0.71 ON  5- 5      TO 1/4 MILE OR LESS
LOWEST:     40 ON 20                               3 = THUNDER
                        SNOW, ICE PELLETS, HAIL    4 = ICE PELLETS
                        TOTAL MONTH:   0.0 INCH    5 = HAIL
                        GRTST 24HR     0.0         6 = FREEZING RAIN OR DRIZZLE
                        GRTST DEPTH:   0           7 = DUSTSTORM OR SANDSTORM:
                                                       VSBY 1/2 MILE OR LESS
                                                   8 = SMOKE OR HAZE
[NO. OF DAYS WITH]      [WEATHER - DAYS WITH]      9 = BLOWING SNOW
                                                   X = TORNADO
MAX 32 OR BELOW:   0    0.01 INCH OR MORE:   6
MAX 90 OR ABOVE:   0    0.10 INCH OR MORE:   3
MIN 32 OR BELOW:   0    0.50 INCH OR MORE:   1
MIN  0 OR BELOW:   0    1.00 INCH OR MORE:   0

[HDD (BASE 65) ]
TOTAL THIS MO.    43    CLEAR  (SCALE 0-3)  15
DPTR FM NORMAL    16    PTCLDY (SCALE 4-7)  11
TOTAL FM JUL 1    84    CLOUDY (SCALE 8-10)  1
DPTR FM NORMAL   -65

[CDD (BASE 65) ]
TOTAL THIS MO.   141
DPTR FM NORMAL     1    [PRESSURE DATA]
TOTAL FM JAN 1   357    HIGHEST SLP M ON M
DPTR FM NORMAL    89    LOWEST  SLP 29.71 ON 10

[REMARKS]
