000
CXUS52 KMFL 281000
CF6PMP
PRELIMINARY LOCAL CLIMATOLOGICAL DATA (WS FORM: F-6)

                                          STATION:   POMPANO BEACH ARPK
                                          MONTH:     AUGUST
                                          YEAR:      2015
                                          LATITUDE:   26 14 N
                                          LONGITUDE:  80  7 W

  TEMPERATURE IN F:       :PCPN:    SNOW:  WIND      :SUNSHINE: SKY     :PK WND
================================================================================
1   2   3   4   5  6A  6B    7    8   9   10  11  12  13   14  15   16   17  18
                                     12Z  AVG MX 2MIN
DY MAX MIN AVG DEP HDD CDD  WTR  SNW DPTH SPD SPD DIR MIN PSBL S-S WX    SPD DR
================================================================================

 1  91  77  84   0   0  19 0.02  0.0    0  7.4 18 150   M    M   2 3      24 150
 2  92  75  84   0   0  19 0.22  0.0    0  8.3 22 290   M    M   4 13     30 280
 3  90  75  83  -1   0  18 0.00  0.0    0  5.7 21 160   M    M   2 3      26 160
 4  90  75  83  -1   0  18 0.00  0.0    0  5.6 14 110   M    M   1 3      17 110
 5  90  79  85   1   0  20 0.00  0.0    0  6.3 17 140   M    M   1 3      20 150
 6  91  78  85   1   0  20 0.00  0.0    0  8.8 18 130   M    M   1        22 140
 7  92  78  85   1   0  20 0.00  0.0    0  7.5 17 130   M    M   0 3      22 150
 8  92  79  86   2   0  21    T  0.0    0  6.7 21 290   M    M   2 3      25 280
 9  90  76  83   0   0  18 0.02  0.0    0  5.8 16 150   M    M   1        20 130
10  93  77  85   2   0  20 0.28  0.0    0  5.3 20 150   M    M   1 38     25 140
11  91  78  85   2   0  20    T  0.0    0  5.7 28 270   M    M   2 3      35 270
12  91  78  85   2   0  20 0.00  0.0    0  6.4 17 150   M    M   3 3      22 140
13  91  73  82  -1   0  17 0.74  0.0    0  8.0 28 300   M    M   3 13     34 310
14  88  76  82  -1   0  17 0.00  0.0    0  6.4 14 130   M    M   1        19 110
15  89  76  83   0   0  18 0.61  0.0    0  5.8 20  90   M    M   3 13     23  90
16  90  79  85   2   0  20    T  0.0    0  9.3 18 170   M    M   2 3      23 160
17  91  82  87   4   0  22 0.00  0.0    0  9.9 14 120   M    M   3         M  M
18  91  83  87   4   0  22    T  0.0    0  9.8 18 130   M    M   2 3      23 130
19  92  83  88   5   0  23 0.00  0.0    0  9.1 17 140   M    M   2        23 140
20  92  83  88   5   0  23    T  0.0    0  8.1 16 130   M    M   1        22 140
21  91  81  86   3   0  21 0.00  0.0    0  5.5 14 120   M    M   1 3      20 140
22  91  80  86   3   0  21    T  0.0    0  4.8 14 260   M    M   2 3      19  90
23  93  79  86   3   0  21 0.00  0.0    0  8.7 18  40   M    M   2 3      23  40
24  92  80  86   3   0  21 0.04  0.0    0  5.8 14 110   M    M   2 1      17 110
25  92  80  86   3   0  21    T  0.0    0  5.4 14 110   M    M   2 3      18 130
26  91  75  83   0   0  18 0.70  0.0    0  3.7 21 250   M    M   4 13     26 260
27  87  78  83   0   0  18    T  0.0    0  5.7 22 340   M    M   2 1      26 330
================================================================================
SM 2454 2113         0 536  2.63     0.0 185.5          M       52
================================================================================
AV 90.9 78.3                               6.9 FASTST   M    M   2    MAX(MPH)
                                 MISC ---->  # 28 270               # 35  270
================================================================================
NOTES:
# LAST OF SEVERAL OCCURRENCES

COLUMN 17 PEAK WIND IN M.P.H.

PRELIMINARY LOCAL CLIMATOLOGICAL DATA (WS FORM: F-6) , PAGE 2

                                          STATION:  POMPANO BEACH ARPK
                                          MONTH:    AUGUST
                                          YEAR:     2015
                                          LATITUDE:   26 14 N
                                          LONGITUDE:  80  7 W

[TEMPERATURE DATA]      [PRECIPITATION DATA]       SYMBOLS USED IN COLUMN 16

AVERAGE MONTHLY: 84.6   TOTAL FOR MONTH:   2.63    1 = FOG OR MIST
DPTR FM NORMAL:   1.3   DPTR FM NORMAL:   -2.85    2 = FOG REDUCING VISIBILITY
HIGHEST:    93 ON 23,10 GRTST 24HR  0.74 ON 13-13      TO 1/4 MILE OR LESS
LOWEST:     73 ON 13                               3 = THUNDER
                        SNOW, ICE PELLETS, HAIL    4 = ICE PELLETS
                        TOTAL MONTH:   0.0 INCH    5 = HAIL
                        GRTST 24HR     0.0         6 = FREEZING RAIN OR DRIZZLE
                        GRTST DEPTH:   0           7 = DUSTSTORM OR SANDSTORM:
                                                       VSBY 1/2 MILE OR LESS
                                                   8 = SMOKE OR HAZE
[NO. OF DAYS WITH]      [WEATHER - DAYS WITH]      9 = BLOWING SNOW
                                                   X = TORNADO
MAX 32 OR BELOW:   0    0.01 INCH OR MORE:   8
MAX 90 OR ABOVE:  24    0.10 INCH OR MORE:   5
MIN 32 OR BELOW:   0    0.50 INCH OR MORE:   3
MIN  0 OR BELOW:   0    1.00 INCH OR MORE:   0

[HDD (BASE 65) ]
TOTAL THIS MO.     0    CLEAR  (SCALE 0-3)  24
DPTR FM NORMAL     0    PTCLDY (SCALE 4-7)   3
TOTAL FM JUL 1     0    CLOUDY (SCALE 8-10)  0
DPTR FM NORMAL     0

[CDD (BASE 65) ]
TOTAL THIS MO.   536
DPTR FM NORMAL    50    [PRESSURE DATA]
TOTAL FM JAN 1  3340    HIGHEST SLP M ON M
DPTR FM NORMAL   615    LOWEST  SLP 29.87 ON M

[REMARKS]
