000
CXUS54 KOUN 290700
CF6PNC
PRELIMINARY LOCAL CLIMATOLOGICAL DATA (WS FORM: F-6)

                                          STATION:   PONCA CITY
                                          MONTH:     AUGUST
                                          YEAR:      2016
                                          LATITUDE:   36 44 N
                                          LONGITUDE:  97  6 W

  TEMPERATURE IN F:       :PCPN:    SNOW:  WIND      :SUNSHINE: SKY     :PK WND
================================================================================
1   2   3   4   5  6A  6B    7    8   9   10  11  12  13   14  15   16   17  18
                                     12Z  AVG MX 2MIN
DY MAX MIN AVG DEP HDD CDD  WTR  SNW DPTH SPD SPD DIR MIN PSBL S-S WX    SPD DR
================================================================================

 1  97  79  88   6   0  23 0.00  0.0    0  9.9 17 160   M    M   0        23 170
 2  97  77  87   5   0  22 0.00  0.0    0  6.5 14 270   M    M   0        25 270
 3 100  79  90   8   0  25 0.00  0.0    0  7.2 16 140   M    M   0        20 150
 4  97  79  88   6   0  23 0.00  0.0    0  7.2 15 210   M    M   0        21 210
 5  91  78  85   3   0  20    T  0.0    0  5.0 14 340   M    M   2        19 290
 6  82  70  76  -6   0  11 1.15  0.0    0  8.1 29  20   M    M   4 1      36  10
 7  92  73  83   1   0  18    T  0.0    0 10.0 18  60   M    M   1        25  80
 8  89  73  81  -1   0  16 0.43  0.0    0  6.7 14 110   M    M   1 1      18  30
 9  95  75  85   3   0  20    T  0.0    0  7.6 15 140   M    M   2        20 160
10  97  76  87   5   0  22 0.00  0.0    0 11.9 18 150   M    M   1        23 140
11 100  77  89   7   0  24 0.19  0.0    0 11.5 22 150   M    M   1        26 140
12  89  71  80  -2   0  15 0.07  0.0    0  6.4 16 360   M    M   5        25 210
13  89  67  78  -4   0  13 0.00  0.0    0  9.1 22  40   M    M   0 1      28  30
14  87  63  75  -7   0  10 0.00  0.0    0  5.7 17  40   M    M   1        23  30
15  89  70  80  -2   0  15 0.00  0.0    0  4.0 12 150   M    M   0        15 160
16  92  69  81  -1   0  16 0.00  0.0    0  7.8 17 160   M    M   0        23 160
17  90  71  81   0   0  16 0.00  0.0    0  7.3 15 130   M    M   0        21 180
18  88  71  80  -1   0  15 0.00  0.0    0  8.0 15 150   M    M   3        19 150
19  92  71  82   1   0  17 0.13  0.0    0 10.0 20 190   M    M   2        29 170
20  81  59  70 -11   0   5 0.00  0.0    0  8.9 20 360   M    M   4        24 360
21  85  54  70 -11   0   5 0.00  0.0    0  2.3 12 100   M    M   0        15 150
22  88  57  73  -8   0   8 0.00  0.0    0 10.7 21 160   M    M   0        29 160
23  90  74  82   2   0  17 0.01  0.0    0 13.1 21 170   M    M   4        34 180
24  97  71  84   4   0  19 0.62  0.0    0  8.8 28 240   M    M   3 13     45 230
25  90  71  81   1   0  16 0.02  0.0    0  5.7 14 190   M    M   2 3      19 270
26  89  67  78  -2   0  13 0.11  0.0    0  5.8 20 140   M    M   1        22 150
27  91  69  80   0   0  15 0.00  0.0    0  7.6 15 160   M    M   1        22 190
28  88  72  80   1   0  15    T  0.0    0  6.1 18  80   M    M   1 3      22  80
================================================================================
SM 2552 1983         0 454  2.73     0.0 218.9          M       39
================================================================================
AV 91.1 70.8                               7.8 FASTST   M    M   1    MAX(MPH)
                                 MISC ---->  # 29  20               # 45  230
================================================================================
NOTES:
# LAST OF SEVERAL OCCURRENCES

COLUMN 17 PEAK WIND IN M.P.H.

PRELIMINARY LOCAL CLIMATOLOGICAL DATA (WS FORM: F-6) , PAGE 2

                                          STATION:  PONCA CITY
                                          MONTH:    AUGUST
                                          YEAR:     2016
                                          LATITUDE:   36 44 N
                                          LONGITUDE:  97  6 W

[TEMPERATURE DATA]      [PRECIPITATION DATA]       SYMBOLS USED IN COLUMN 16

AVERAGE MONTHLY: 81.0   TOTAL FOR MONTH:   2.73    1 = FOG OR MIST
DPTR FM NORMAL:  -0.3   DPTR FM NORMAL:   -0.20    2 = FOG REDUCING VISIBILITY
HIGHEST:   100 ON 11, 3 GRTST 24HR  1.15 ON  6- 6      TO 1/4 MILE OR LESS
LOWEST:     54 ON 21                               3 = THUNDER
                        SNOW, ICE PELLETS, HAIL    4 = ICE PELLETS
                        TOTAL MONTH:   0.0 INCH    5 = HAIL
                        GRTST 24HR     0.0         6 = FREEZING RAIN OR DRIZZLE
                        GRTST DEPTH:   0           7 = DUSTSTORM OR SANDSTORM:
                                                       VSBY 1/2 MILE OR LESS
                                                   8 = SMOKE OR HAZE
[NO. OF DAYS WITH]      [WEATHER - DAYS WITH]      9 = BLOWING SNOW
                                                   X = TORNADO
MAX 32 OR BELOW:   0    0.01 INCH OR MORE:   9
MAX 90 OR ABOVE:  16    0.10 INCH OR MORE:   6
MIN 32 OR BELOW:   0    0.50 INCH OR MORE:   2
MIN  0 OR BELOW:   0    1.00 INCH OR MORE:   1

[HDD (BASE 65) ]
TOTAL THIS MO.     0    CLEAR  (SCALE 0-3)  24
DPTR FM NORMAL     0    PTCLDY (SCALE 4-7)   4
TOTAL FM JUL 1     0    CLOUDY (SCALE 8-10)  0
DPTR FM NORMAL     0

[CDD (BASE 65) ]
TOTAL THIS MO.   454
DPTR FM NORMAL    -2    [PRESSURE DATA]
TOTAL FM JAN 1  1713    HIGHEST SLP M ON M
DPTR FM NORMAL   203    LOWEST  SLP 29.70 ON 19

[REMARKS]
