000
CXUS55 KALY 210800
CF6POU
PRELIMINARY LOCAL CLIMATOLOGICAL DATA (WS FORM: F-6)

                                          STATION:   POUGHKEEPSIE NY
                                          MONTH:     NOVEMBER
                                          YEAR:      2014
                                          LATITUDE:   41 37 N
                                          LONGITUDE:  73 53 W

  TEMPERATURE IN F:       :PCPN:    SNOW:  WIND      :SUNSHINE: SKY     :PK WND
================================================================================
1   2   3   4   5  6A  6B    7    8   9   10  11  12  13   14  15   16   17  18
                                     12Z  AVG MX 2MIN
DY MAX MIN AVG DEP HDD CDD  WTR  SNW DPTH SPD SPD DIR MIN PSBL S-S WX    SPD DR
================================================================================

 1  49  40  45  -1  20   0 0.10    M    M 12.0 25 360   M    M  10 1      37  10
 2  48  38  43  -3  22   0    T    M    M 15.9 31 360   M    M   6        46 360
 3  62  28  45   0  20   0    T    M    0  5.8 20 270   M    M   2        25 290
 4  72  42  57  12   8   0 0.00    M    M  3.1 13 230   M    M   4        22 230
 5  63  42  53   8  12   0 0.00    M    M  3.1 17 280   M    M   1        22 270
 6  47  42  45   1  20   0 0.08    M    M  2.4  8 350   M    M   8 18     11 340
 7  51  37  44   0  21   0 0.01    M    M  6.9 22 330   M    M   8 1      29 340
 8  48  26  37  -7  28   0 0.00    M    M  3.6 14 300   M    M   2        18 240
 9  57  31  44   0  21   0 0.00    M    M  2.7 15 270   M    M   5        17 270
10  62  29  46   3  19   0 0.00    M    M  2.3  9 250   M    M   1        14 230
11  64  33  49   6  16   0 0.00    M    M  2.2 10 190   M    M   6 1      16 210
12  63  34  49   6  16   0 0.00    M    M  3.4 17  20   M    M   7 1      23  20
13  48  26  37  -5  28   0 0.18    M    M  1.6 12 250   M    M   5 1      14 250
14  44  28  36  -6  29   0 0.05    M    M  4.7 15 280   M    M   7 1      21 260
15  42  22  32 -10  33   0 0.00    M    M  2.9 14 330   M    M   2        20 280
16  42  21  32 -10  33   0    T    M    M  2.2 13 180   M    M   7        17 180
17  45  36  41   0  24   0 0.65    M    0  2.3 14 260   M    M  10 1      17 250
18  44  22  33  -8  32   0 0.00  0.0    0 14.0 25 270   M    M   2        34 270
19  33  21  27 -14  38   0 0.00  0.0    0  8.6 17 240   M    M   2        23 230
20  45  29  37  -3  28   0 0.00    M    M  9.2 23 250   M    M   3        32 240
================================================================================
SM 1029  627       468   0  1.07     0.0 108.9          M       98
================================================================================
AV 51.5 31.4                               5.4 FASTST   M    M   5    MAX(MPH)
                                 MISC ---->  # 31 360               # 46  360
================================================================================
NOTES:
# LAST OF SEVERAL OCCURRENCES

COLUMN 17 PEAK WIND IN M.P.H.

PRELIMINARY LOCAL CLIMATOLOGICAL DATA (WS FORM: F-6) , PAGE 2

                                          STATION:  POUGHKEEPSIE NY
                                          MONTH:    NOVEMBER
                                          YEAR:     2014
                                          LATITUDE:   41 37 N
                                          LONGITUDE:  73 53 W

[TEMPERATURE DATA]      [PRECIPITATION DATA]       SYMBOLS USED IN COLUMN 16

AVERAGE MONTHLY: 41.4   TOTAL FOR MONTH:   1.07    1 = FOG OR MIST
DPTR FM NORMAL:  -1.8   DPTR FM NORMAL:   -1.21    2 = FOG REDUCING VISIBILITY
HIGHEST:    72 ON  4    GRTST 24HR  0.65 ON 17-17      TO 1/4 MILE OR LESS
LOWEST:     21 ON 19,16                            3 = THUNDER
                        SNOW, ICE PELLETS, HAIL    4 = ICE PELLETS
                        TOTAL MONTH:   0.0 INCH    5 = HAIL
                        GRTST 24HR     0.0         6 = FREEZING RAIN OR DRIZZLE
                        GRTST DEPTH:   0           7 = DUSTSTORM OR SANDSTORM:
                                                       VSBY 1/2 MILE OR LESS
                                                   8 = SMOKE OR HAZE
[NO. OF DAYS WITH]      [WEATHER - DAYS WITH]      9 = BLOWING SNOW
                                                   X = TORNADO
MAX 32 OR BELOW:   0    0.01 INCH OR MORE:   6
MAX 90 OR ABOVE:   0    0.10 INCH OR MORE:   3
MIN 32 OR BELOW:  11    0.50 INCH OR MORE:   1
MIN  0 OR BELOW:   0    1.00 INCH OR MORE:   0

[HDD (BASE 65) ]
TOTAL THIS MO.   468    CLEAR  (SCALE 0-3)   8
DPTR FM NORMAL    33    PTCLDY (SCALE 4-7)  10
TOTAL FM JUL 1   877    CLOUDY (SCALE 8-10)  2
DPTR FM NORMAL  -134

[CDD (BASE 65) ]
TOTAL THIS MO.     0
DPTR FM NORMAL     0    [PRESSURE DATA]
TOTAL FM JAN 1   696    HIGHEST SLP M ON M
DPTR FM NORMAL    24    LOWEST  SLP 29.49 ON 17

[REMARKS]
