000
CXUS55 KLOX 301155
CF6PRB
PRELIMINARY LOCAL CLIMATOLOGICAL DATA (WS FORM: F-6)

                                          STATION:   PASO ROBLES AIRPORT CA
                                          MONTH:     JULY
                                          YEAR:      2014
                                          LATITUDE:   35 40 N
                                          LONGITUDE: 120 38 W

  TEMPERATURE IN F:       :PCPN:    SNOW:  WIND      :SUNSHINE: SKY     :PK WND
================================================================================
1   2   3   4   5  6A  6B    7    8   9   10  11  12  13   14  15   16   17  18
                                     12Z  AVG MX 2MIN
DY MAX MIN AVG DEP HDD CDD  WTR  SNW DPTH SPD SPD DIR MIN PSBL S-S WX    SPD DR
================================================================================

 1  90  56  73   1   0   8 0.00  0.0    0  9.5  M 200   M    M   0         M  M
 2  87  54  71  -1   0   6 0.00  0.0    0 11.4 25 210   M    M   0        31 210
 3  98  55  77   5   0  12 0.00  0.0    0  6.6 20 310   M    M   2        23 320
 4  96  55  76   4   0  11 0.00  0.0    0  7.4 22 200   M    M   0        27 240
 5 101  56  79   7   0  14 0.00  0.0    0  5.1 21 200   M    M   0        28 210
 6 106  59  83  10   0  18 0.00  0.0    0  6.7 22 310   M    M   0        26 310
 7 103  61  82   9   0  17 0.00  0.0    0  5.5 18 210   M    M   0        22 280
 8  95  56  76   3   0  11 0.00  0.0    0  7.5 24 200   M    M   0        29 210
 9  87  57  72  -1   0   7 0.00  0.0    0 12.3 25 210   M    M   0        30 190
10  81  57  69  -4   0   4 0.00  0.0    0 12.4 23 210   M    M   2        28 210
11  84  56  70  -3   0   5 0.00  0.0    0 10.0 24 200   M    M   3        30 200
12 101  56  79   6   0  14 0.00  0.0    0  9.2 24 300   M    M   0        28 310
13 106  56  81   7   0  16 0.00  0.0    0  7.4 20 300   M    M   0        23 310
14  93  64  79   5   0  14    T  0.0    0  7.1 17 220   M    M   0        22 210
15  87  63  75   1   0  10    T  0.0    0 11.2 24 200   M    M   0        28 200
16  79  62  71  -3   0   6 0.00  0.0    0 12.9 25 200   M    M   2        32 200
17  82  58  70  -4   0   5 0.00  0.0    0 11.0 24 210   M    M   0        34 200
18  84  58  71  -3   0   6 0.00  0.0    0 10.0 26 210   M    M   2        32 200
19  88  58  73  -1   0   8    T  0.0    0  7.2 21 200   M    M   0        25 200
20  84  62  73  -1   0   8    T  0.0    0 10.9 23 200   M    M   0        30 210
21  82  61  72  -2   0   7 0.00  0.0    0  7.7 17 230   M    M   2        26 220
22  86  60  73  -1   0   8 0.00  0.0    0  9.0 22 200   M    M   0        27 210
23  97  54  76   2   0  11 0.00  0.0    0  6.8 22 310   M    M   0        26 310
24 101  60  81   7   0  16 0.00  0.0    0  6.9 18 310   M    M   0        23 320
25  98  60  79   5   0  14 0.00  0.0    0  7.2 23 210   M    M   0        28 210
26 100  60  80   6   0  15 0.00  0.0    M  5.8 24 210   M    M   0        28 210
27 103  61  82   8   0  17 0.00  0.0    0  7.6 29 200   M    M   0         M  M
28  97  66  82   8   0  17    T  0.0    0  7.5 20 210   M    M   1        24 210
29 103  63  83   9   0  18 0.00  0.0    0  6.1 20 320   M    M   0        23 320
================================================================================
SM 2699 1704         0 323    T      0.0 245.9          M       14
================================================================================
AV 93.1 58.8                               8.5 FASTST   M    M   0    MAX(MPH)
                                 MISC ---->  # 29 200               # 34  200
================================================================================
NOTES:
# LAST OF SEVERAL OCCURRENCES

COLUMN 17 PEAK WIND IN M.P.H.

PRELIMINARY LOCAL CLIMATOLOGICAL DATA (WS FORM: F-6) , PAGE 2

                                          STATION:  PASO ROBLES AIRPORT CA
                                          MONTH:    JULY
                                          YEAR:     2014
                                          LATITUDE:   35 40 N
                                          LONGITUDE: 120 38 W

[TEMPERATURE DATA]      [PRECIPITATION DATA]       SYMBOLS USED IN COLUMN 16

AVERAGE MONTHLY: 75.9   TOTAL FOR MONTH:      T    1 = FOG OR MIST
DPTR FM NORMAL:   2.5   DPTR FM NORMAL:   -0.00    2 = FOG REDUCING VISIBILITY
HIGHEST:   106 ON 13, 6 GRTST 24HR    T  ON 28-28      TO 1/4 MILE OR LESS
LOWEST:     54 ON 23, 2                            3 = THUNDER
                        SNOW, ICE PELLETS, HAIL    4 = ICE PELLETS
                        TOTAL MONTH:   0.0 INCH    5 = HAIL
                        GRTST 24HR     0.0         6 = FREEZING RAIN OR DRIZZLE
                        GRTST DEPTH:   0           7 = DUSTSTORM OR SANDSTORM:
                                                       VSBY 1/2 MILE OR LESS
                                                   8 = SMOKE OR HAZE
[NO. OF DAYS WITH]      [WEATHER - DAYS WITH]      9 = BLOWING SNOW
                                                   X = TORNADO
MAX 32 OR BELOW:   0    0.01 INCH OR MORE:   0
MAX 90 OR ABOVE:  17    0.10 INCH OR MORE:   0
MIN 32 OR BELOW:   0    0.50 INCH OR MORE:   0
MIN  0 OR BELOW:   0    1.00 INCH OR MORE:   0

[HDD (BASE 65) ]
TOTAL THIS MO.     0    CLEAR  (SCALE 0-3)  29
DPTR FM NORMAL     0    PTCLDY (SCALE 4-7)   0
TOTAL FM JUL 1     0    CLOUDY (SCALE 8-10)  0
DPTR FM NORMAL     0

[CDD (BASE 65) ]
TOTAL THIS MO.   323
DPTR FM NORMAL    76    [PRESSURE DATA]
TOTAL FM JAN 1   689    HIGHEST SLP M ON M
DPTR FM NORMAL   231    LOWEST  SLP 29.69 ON 24

[REMARKS]
