000
CXUS55 KLOX 251155
CF6PRB
PRELIMINARY LOCAL CLIMATOLOGICAL DATA (WS FORM: F-6)

                                          STATION:   PASO ROBLES AIRPORT CA
                                          MONTH:     MAY
                                          YEAR:      2015
                                          LATITUDE:   35 40 N
                                          LONGITUDE: 120 38 W

  TEMPERATURE IN F:       :PCPN:    SNOW:  WIND      :SUNSHINE: SKY     :PK WND
================================================================================
1   2   3   4   5  6A  6B    7    8   9   10  11  12  13   14  15   16   17  18
                                     12Z  AVG MX 2MIN
DY MAX MIN AVG DEP HDD CDD  WTR  SNW DPTH SPD SPD DIR MIN PSBL S-S WX    SPD DR
================================================================================

 1  90  48  69   9   0   4 0.00    M    0  7.1 23 230   M    M   0        29 250
 2  84  40  62   2   3   0 0.00  0.0    0  6.6 20 230   M    M   0        29 220
 3  69  46  58  -3   7   0 0.00  0.0    0  7.9 18 200   M    M   3 1      29 220
 4  73  44  59  -2   6   0 0.00  0.0    0  9.2 22 210   M    M   3        27 200
 5  71  46  59  -2   6   0 0.00  0.0    0  9.6 23 210   M    M   4        28 210
 6  67  47  57  -4   8   0 0.00  0.0    0 11.0 23 190   M    M   4        28 180
 7  60  47  54  -8  11   0 0.15    M    0  7.6 23 320   M    M   9        30 320
 8  68  46  57  -5   8   0    T    M    0  9.1 21 230   M    M   4        25 200
 9  77  49  63   1   2   0 0.00  0.0    0  6.6 17 210   M    M   4        22 190
10  87  49  68   6   0   3 0.00  0.0    0  7.8 20 300   M    M   4 1      23 320
11  81  48  65   3   0   0 0.00  0.0    0 11.4 21 200   M    M   2        35 260
12  76  42  59  -4   6   0 0.00  0.0    0 11.7 21 310   M    M   0        26 270
13  69  42  56  -7   9   0 0.00  0.0    0  9.0 21 200   M    M   0        26 170
14  67  43  55  -8  10   0    T    M    0  7.7 23 240   M    M   5        30 240
15  71  50  61  -2   4   0 0.00  0.0    0  9.5 22 190   M    M   7        32 280
16  75  40  58  -6   7   0 0.00  0.0    0  8.6 22 260   M    M   1         M  M
17  74  48  61  -3   4   0 0.00  0.0    0  6.6 22 210   M    M   4         M  M
18  74  47  61  -3   4   0 0.00  0.0    0 10.5 23 210   M    M   2        29 200
19  76  45  61  -3   4   0 0.00  0.0    0  7.8 21 220   M    M   2        25 180
20  73  51  62  -2   3   0 0.00  0.0    0  8.6 22 220   M    M   4        28 200
21  69  51  60  -4   5   0 0.00  0.0    0  8.1 21 200   M    M   8        27 210
22  74  53  64   0   1   0 0.00  0.0    0  8.8 22 210   M    M   5        26 210
23  74  50  62  -3   3   0 0.00  0.0    0  9.7 20 310   M    M   3        27 210
24  81  50  66   1   0   1 0.00  0.0    M  8.6 20 200   M    M   2        24 190
================================================================================
SM 1780 1122       111   8  0.15     0.0 209.0          M       80
================================================================================
AV 74.2 46.8                               8.7 FASTST   M    M   3    MAX(MPH)
                                 MISC ---->    23   M               # 35  260
================================================================================
NOTES:
# LAST OF SEVERAL OCCURRENCES

COLUMN 17 PEAK WIND IN M.P.H.

PRELIMINARY LOCAL CLIMATOLOGICAL DATA (WS FORM: F-6) , PAGE 2

                                          STATION:  PASO ROBLES AIRPORT CA
                                          MONTH:    MAY
                                          YEAR:     2015
                                          LATITUDE:   35 40 N
                                          LONGITUDE: 120 38 W

[TEMPERATURE DATA]      [PRECIPITATION DATA]       SYMBOLS USED IN COLUMN 16

AVERAGE MONTHLY: 60.5   TOTAL FOR MONTH:   0.15    1 = FOG OR MIST
DPTR FM NORMAL:  -2.2   DPTR FM NORMAL:   -0.08    2 = FOG REDUCING VISIBILITY
HIGHEST:    90 ON  1    GRTST 24HR  0.15 ON  7- 7      TO 1/4 MILE OR LESS
LOWEST:     40 ON 16, 2                            3 = THUNDER
                        SNOW, ICE PELLETS, HAIL    4 = ICE PELLETS
                        TOTAL MONTH:   0.0 INCH    5 = HAIL
                        GRTST 24HR     0.0         6 = FREEZING RAIN OR DRIZZLE
                        GRTST DEPTH:   0           7 = DUSTSTORM OR SANDSTORM:
                                                       VSBY 1/2 MILE OR LESS
                                                   8 = SMOKE OR HAZE
[NO. OF DAYS WITH]      [WEATHER - DAYS WITH]      9 = BLOWING SNOW
                                                   X = TORNADO
MAX 32 OR BELOW:   0    0.01 INCH OR MORE:   1
MAX 90 OR ABOVE:   1    0.10 INCH OR MORE:   1
MIN 32 OR BELOW:   0    0.50 INCH OR MORE:   0
MIN  0 OR BELOW:   0    1.00 INCH OR MORE:   0

[HDD (BASE 65) ]
TOTAL THIS MO.   111    CLEAR  (SCALE 0-3)  11
DPTR FM NORMAL    17    PTCLDY (SCALE 4-7)  12
TOTAL FM JUL 1  1799    CLOUDY (SCALE 8-10)  1
DPTR FM NORMAL -1007

[CDD (BASE 65) ]
TOTAL THIS MO.     8
DPTR FM NORMAL   -30    [PRESSURE DATA]
TOTAL FM JAN 1    48    HIGHEST SLP M ON M
DPTR FM NORMAL     1    LOWEST  SLP 29.75 ON M

[REMARKS]
