000
CXUS56 KFGZ 290900
CF6PRC
PRELIMINARY LOCAL CLIMATOLOGICAL DATA (WS FORM: F-6)

                                          STATION:   PRESCOTT AZ AIRPORT
                                          MONTH:     JULY
                                          YEAR:      2015
                                          LATITUDE:   34 39 N
                                          LONGITUDE: 112 26 W

  TEMPERATURE IN F:       :PCPN:    SNOW:  WIND      :SUNSHINE: SKY     :PK WND
================================================================================
1   2   3   4   5  6A  6B    7    8   9   10  11  12  13   14  15   16   17  18
                                     12Z  AVG MX 2MIN
DY MAX MIN AVG DEP HDD CDD  WTR  SNW DPTH SPD SPD DIR MIN PSBL S-S WX    SPD DR
================================================================================

 1  88  68  78   3   0  13 0.02    M    M  8.3 20 240   M    M   3 3      24 240
 2  91  67  79   4   0  14 0.00    M    M  7.2 17 240   M    M   3        22 240
 3  90  69  80   5   0  15    T    M    M  8.5 23 320   M    M   4 3      30 340
 4  86  67  77   2   0  12    T    M    M  6.4 21 270   M    M   4        26 270
 5  84  62  73  -2   0   8 0.28    M    M  6.0 26 140   M    M   6 138    34 140
 6  85  62  74  -1   0   9    T    M    M  7.2 24 350   M    M   3 3      30 360
 7  85  60  73  -3   0   8 0.02    M    M  6.2 18 190   M    M   3 3      24 130
 8  85  58  72  -4   0   7    T    M    M  9.0 24 210   M    M   2        33 200
 9  81  56  69  -7   0   4 0.00    M    M 10.4 28 160   M    M   1        38 150
10  81  49  65 -11   0   0 0.00    M    M 10.2 23 220   M    M   0        31 140
11  82  58  70  -6   0   5 0.02    M    M  8.8 21 150   M    M   3        28 140
12  88  56  72  -4   0   7 0.00    M    M  6.8 18 220   M    M   1        26 230
13  90  61  76   0   0  11 0.00    M    M  9.0 22 220   M    M   2        27 240
14  89  63  76   0   0  11 0.00    M    M  8.2 23 250   M    M   2        31 230
15  87  67  77   1   0  12 0.00    M    M  8.2 18 220   M    M   2        25 240
16  91  63  77   1   0  12 0.00    M    M  8.5 18 230   M    M   1        24 260
17  88  66  77   1   0  12 0.00    M    M  9.5 23 250   M    M   2        31 180
18  82  59  71  -5   0   6 2.83    M    M  6.9 21  10   M    M   5 13     27 230
19  78  59  69  -7   0   4    T    M    M  5.1 13 220   M    M   7 12     16 210
20  82  63  73  -3   0   8    T    M    M  5.6 15 240   M    M   5 8      21 270
21  85  59  72  -4   0   7 0.00    M    M  7.4 17 240   M    M   2        22 230
22  86  61  74  -2   0   9 0.00    M    M  8.2 18 160   M    M   0        26 160
23  85  58  72  -4   0   7 0.00    M    M  8.1 16 220   M    M   0        22 220
24  87  62  75  -1   0  10 0.00    M    M  6.3 14 290   M    M   1        21 240
25  90  57  74  -2   0   9 0.00    M    M  6.0 15 250   M    M   0 8      20 280
26  91  62  77   1   0  12 0.00    M    M  7.4 16 240   M    M   1        21 230
27  87  62  75   0   0  10 0.00    M    M  9.7 21 240   M    M   0        29 250
28  91  60  76   1   0  11 0.00    M    M  5.5 16 300   M    M   1        22 300
================================================================================
SM 2415 1714         0 253  3.17    M    214.6          M       64
================================================================================
AV 86.2 61.2                               7.7 FASTST   M    M   2    MAX(MPH)
                                 MISC ---->  # 28 160               # 38  150
================================================================================
NOTES:
# LAST OF SEVERAL OCCURRENCES

COLUMN 17 PEAK WIND IN M.P.H.

PRELIMINARY LOCAL CLIMATOLOGICAL DATA (WS FORM: F-6) , PAGE 2

                                          STATION:  PRESCOTT AZ AIRPORT
                                          MONTH:    JULY
                                          YEAR:     2015
                                          LATITUDE:   34 39 N
                                          LONGITUDE: 112 26 W

[TEMPERATURE DATA]      [PRECIPITATION DATA]       SYMBOLS USED IN COLUMN 16

AVERAGE MONTHLY: 73.7   TOTAL FOR MONTH:   3.17    1 = FOG OR MIST
DPTR FM NORMAL:  -2.0   DPTR FM NORMAL:    1.34    2 = FOG REDUCING VISIBILITY
HIGHEST:    91 ON 28,26 GRTST 24HR  2.83 ON 18-18      TO 1/4 MILE OR LESS
LOWEST:     49 ON 10                               3 = THUNDER
                        SNOW, ICE PELLETS, HAIL    4 = ICE PELLETS
                        TOTAL MONTH:    M          5 = HAIL
                        GRTST 24HR    M  ON   M    6 = FREEZING RAIN OR DRIZZLE
                        GRTST DEPTH:  M  ON   M    7 = DUSTSTORM OR SANDSTORM:
                                                       VSBY 1/2 MILE OR LESS
                                                   8 = SMOKE OR HAZE
[NO. OF DAYS WITH]      [WEATHER - DAYS WITH]      9 = BLOWING SNOW
                                                   X = TORNADO
MAX 32 OR BELOW:   0    0.01 INCH OR MORE:   5
MAX 90 OR ABOVE:   7    0.10 INCH OR MORE:   2
MIN 32 OR BELOW:   0    0.50 INCH OR MORE:   1
MIN  0 OR BELOW:   0    1.00 INCH OR MORE:   1

[HDD (BASE 65) ]
TOTAL THIS MO.     0    CLEAR  (SCALE 0-3)  20
DPTR FM NORMAL     0    PTCLDY (SCALE 4-7)   8
TOTAL FM JUL 1     0    CLOUDY (SCALE 8-10)  0
DPTR FM NORMAL     0

[CDD (BASE 65) ]
TOTAL THIS MO.   253
DPTR FM NORMAL   -46    [PRESSURE DATA]
TOTAL FM JAN 1   567    HIGHEST SLP M ON M
DPTR FM NORMAL    40    LOWEST  SLP 29.80 ON M

[REMARKS]
