000
CXUS55 KALY 240710
CF6PSF
PRELIMINARY LOCAL CLIMATOLOGICAL DATA (WS FORM: F-6)

                                          STATION:   PITTSFIELD MA
                                          MONTH:     JUNE
                                          YEAR:      2017
                                          LATITUDE:   42 25 N
                                          LONGITUDE:  73 18 W

  TEMPERATURE IN F:       :PCPN:    SNOW:  WIND      :SUNSHINE: SKY     :PK WND
================================================================================
1   2   3   4   5  6A  6B    7    8   9   10  11  12  13   14  15   16   17  18
                                     12Z  AVG MX 2MIN
DY MAX MIN AVG DEP HDD CDD  WTR  SNW DPTH SPD SPD DIR MIN PSBL S-S WX    SPD DR
================================================================================

 1  70  48  59  -1   6   0 0.00    M    M  7.5 18 270   M    M   6 12     27 310
 2  65  40  53  -7  12   0    T    M    M 10.0 21 290   M    M   5        31 290
 3  67  42  55  -5  10   0 0.00    M    M  8.5 23 290   M    M   6        34 290
 4  65  42  54  -6  11   0 0.04    M    M  2.9 15 200   M    M   5 1      18 200
 5  58  51  55  -6  10   0 0.84    M    M  6.6 17  50   M    M  10 13     23  50
 6  51  46  49 -12  16   0 0.37    M    M  6.8 17  70   M    M  10 1      23  60
 7  73  45  59  -2   6   0    T    M    M  3.3 15  40   M    M   6 1      23 280
 8  76  45  61  -1   4   0 0.00    M    M  2.9 15 140   M    M   1 12     19 160
 9  75  46  61  -1   4   0 0.00    M    M  7.8 23 280   M    M   1 1      32 270
10  79  47  63   1   2   0 0.00    M    M  4.7 14 230   M    M   2 1      18 230
11  87  58  73  11   0   8 0.00    M    M  7.1 18 250   M    M   1 1      25 260
12  89  59  74  11   0   9 0.00    M    M  5.9 16 270   M    M   0        22 280
13  86  63  75  12   0  10 0.01    M    M  7.8 20 270   M    M   3        25 300
14  76  52  64   1   1   0 0.00    M    M  3.5 14 340   M    M   1        18 290
15  74  48  61  -3   4   0    T    M    M  5.8 14 150   M    M   5        19 130
16  63  57  60  -4   5   0 0.24    M    M  6.9 18 140   M    M   9 1      26 140
17  77  59  68   4   0   3    T    M    M  4.6 14 190   M    M   9 1      17 170
18  82  68  75  11   0  10 0.00    M    M  9.0 20 180   M    M   7 1      30 190
19  82  67  75  10   0  10 1.36    M    M  7.4 30 180   M    M   7 138    39 190
20  78  61  70   5   0   5    T    M    M  9.0 22 280   M    M   3        28 280
21  75  54  65   0   0   0 0.00    M    M  7.3 20 260   M    M   2        27 280
22  78  50  64  -1   1   0 0.00    M    M  4.7 15 240   M    M   2        19 240
23  84  61  73   8   0   8    T  0.0    0  6.4 20 230   M    M   6 1      28 240
================================================================================
SM 1710 1209        92  63  2.86     0.0 146.4          M      107
================================================================================
AV 74.4 52.6                               6.4 FASTST   M    M   5    MAX(MPH)
                                 MISC ---->  # 30 180               # 39  190
================================================================================
NOTES:
# LAST OF SEVERAL OCCURRENCES

COLUMN 17 PEAK WIND IN M.P.H.

PRELIMINARY LOCAL CLIMATOLOGICAL DATA (WS FORM: F-6) , PAGE 2

                                          STATION:  PITTSFIELD MA
                                          MONTH:    JUNE
                                          YEAR:     2017
                                          LATITUDE:   42 25 N
                                          LONGITUDE:  73 18 W

[TEMPERATURE DATA]      [PRECIPITATION DATA]       SYMBOLS USED IN COLUMN 16

AVERAGE MONTHLY: 63.5   TOTAL FOR MONTH:   2.86    1 = FOG OR MIST
DPTR FM NORMAL:   0.8   DPTR FM NORMAL:   -0.73    2 = FOG REDUCING VISIBILITY
HIGHEST:    89 ON 12    GRTST 24HR  1.36 ON 19-19      TO 1/4 MILE OR LESS
LOWEST:     40 ON  2                               3 = THUNDER
                        SNOW, ICE PELLETS, HAIL    4 = ICE PELLETS
                        TOTAL MONTH:   0.0 INCH    5 = HAIL
                        GRTST 24HR     0.0         6 = FREEZING RAIN OR DRIZZLE
                        GRTST DEPTH:   0           7 = DUSTSTORM OR SANDSTORM:
                                                       VSBY 1/2 MILE OR LESS
                                                   8 = SMOKE OR HAZE
[NO. OF DAYS WITH]      [WEATHER - DAYS WITH]      9 = BLOWING SNOW
                                                   X = TORNADO
MAX 32 OR BELOW:   0    0.01 INCH OR MORE:   6
MAX 90 OR ABOVE:   0    0.10 INCH OR MORE:   4
MIN 32 OR BELOW:   0    0.50 INCH OR MORE:   2
MIN  0 OR BELOW:   0    1.00 INCH OR MORE:   1

[HDD (BASE 65) ]
TOTAL THIS MO.    92    CLEAR  (SCALE 0-3)   9
DPTR FM NORMAL     1    PTCLDY (SCALE 4-7)  10
TOTAL FM JUL 1  6766    CLOUDY (SCALE 8-10)  4
DPTR FM NORMAL  -685

[CDD (BASE 65) ]
TOTAL THIS MO.    63
DPTR FM NORMAL    24    [PRESSURE DATA]
TOTAL FM JAN 1    77    HIGHEST SLP M ON M
DPTR FM NORMAL    25    LOWEST  SLP 29.53 ON 23

[REMARKS]
