000
CXUS55 KPUB 011735
CF6PUB

PRELIMINARY LOCAL CLIMATOLOGICAL DATA (WS FORM: F-6)

                                          STATION:   PUEBLO CO
                                          MONTH:     FEBRUARY
                                          YEAR:      2015
                                          LATITUDE:   38 16 N
                                          LONGITUDE: 104 31 W

  TEMPERATURE IN F:       :PCPN:    SNOW:  WIND      :SUNSHINE: SKY     :PK WND
================================================================================
1   2   3   4   5  6A  6B    7    8   9   10  11  12  13   14  15   16   17  18
                                     12Z  AVG MX 2MIN
DY MAX MIN AVG DEP HDD CDD  WTR  SNW DPTH SPD SPD DIR MIN PSBL S-S WX    SPD DR
================================================================================

 1  37  22  30  -1  35   0 0.00  0.0    0  7.0 21  30   M    M   7 1      25  30
 2  58  16  37   6  28   0 0.00  0.0    0  6.5 20 120   M    M   0        23 110
 3  66  21  44  12  21   0 0.00  0.0    0  5.6 20 280   M    M   0        27 280
 4  46  25  36   4  29   0    T    T    0 10.1 37  30   M    M   6        44  30
 5  70  20  45  13  20   0 0.00  0.0    0  5.5 21 290   M    M   3        25 270
 6  78  27  53  21  12   0 0.00  0.0    0 11.7 32 280   M    M   0        45 270
 7  78  38  58  26   7   0 0.00  0.0    0 18.2 33 280   M    M   0        42 270
 8  74  36  55  23  10   0 0.00  0.0    0 11.6 25 280   M    M   0        31 290
 9  71  25  48  16  17   0 0.00  0.0    0  7.6 16 290   M    M   0        23 280
10  67  27  47  14  18   0 0.10  0.0    0  9.3 29  10   M    M   3        35  10
11  50  29  40   7  25   0 0.10  0.0    0  5.2 14  30   M    M   5 1      18  20
12  57  24  41   8  24   0 0.00  0.0    0  4.6 10 360   M    M   0        12  90
13  63  25  44  11  21   0 0.00  0.0    0  4.4 10  50   M    M   0        14 120
14  71  26  49  15  16   0 0.00  0.0    0  7.3 24  80   M    M   0        29  80
15  42  23  33  -1  32   0 0.12  2.5    0  7.3 28  50   M    M   6 1      34  30
16  32  26  29  -5  36   0 0.04  0.8    2  3.5 10 300   M    M   9 1      13 130
17  36  17  27  -7  38   0 0.00  0.0    T  4.7 13 170   M    M   2        15  80
18  49  16  33  -1  32   0 0.00  0.0    0  3.4 13 170   M    M   0        16 170
19  71  20  46  11  19   0 0.00  0.0    0  8.0 26 280   M    M   0        31 270
20  68  28  48  13  17   0    T  0.0    0 11.0 49  20   M    M   3 8      59  20
21  39  20  30  -5  35   0 0.04  0.6    0 11.6 41  10   M    M  10 1      50  10
22  20   8  14 -22  51   0 0.34  5.7    2  9.8 15 130   M    M  10 1      17 100
23  18   2  10 -26  55   0    T  0.2    4  5.2 10  70   M    M   4 1      14 110
24  42   2  22 -14  43   0 0.00  0.0    3  4.7 13 320   M    M   0        13 320
25  46  18  32  -5  33   0 0.11  1.5    1 10.9 31  30   M    M   6 1      36  10
26  28  13  21 -16  44   0 0.17  7.4    3 11.3 28  20   M    M  10 18     31  20
27  19   8  14 -23  51   0 0.11  4.7    9  6.8 16  80   M    M   9 18     17  80
28  20   0  10 -28  55   0    T  0.1    3  3.7  9 170   M    M   5 1      11 170
================================================================================
SM 1416 562        824   0 1.13 23.5     216.5          M       98
================================================================================
AV 50.6 20.1                               7.7 FASTST   M    M   4      MAX(MPH)
                                 MISC ---->    49  20                     59  20
================================================================================
NOTES:
COLUMNS 7 & 8 - 02/04 - TRACE OF PRECIP FROM SNOW THAT WAS TO LIGHT FOR ASOS TO
DETECT.
COLUMN 17 PEAK WIND IN M.P.H.

PRELIMINARY LOCAL CLIMATOLOGICAL DATA (WS FORM: F-6) , PAGE 2

                                          STATION:  PUEBLO CO
                                          MONTH:    FEBRUARY
                                          YEAR:     2015
                                          LATITUDE:   38 16 N
                                          LONGITUDE: 104 31 W

[TEMPERATURE DATA]      [PRECIPITATION DATA]       SYMBOLS USED IN COLUMN 16

AVERAGE MONTHLY: 35.3   TOTAL FOR MONTH:    1.13   1 = FOG OR MIST
DPTR  FM NORMAL:  1.4   DPTR  FM NORMAL:    0.83   2 = FOG REDUCING VISIBILITY
HIGHEST:  78 ON  7, 6   GRTST 24HR 0.34 ON 22-22       TO 1/4 MILE OR LESS
 LOWEST:      0 ON 28                              3 = THUNDER
                        SNOW,  ICE PELLETS,  HAIL  4 = ICE PELLETS
                        TOTAL MONTH: 23.5  INCHES  5 = HAIL
                        GRTST 24HR  10.3 ON 26-27  6 = FREEZING RAIN OR DRIZZLE
                        GRTST DEPTH:  10 ON 27     7 = DUSTSTORM OR SANDSTORM:
                                                       VSBY 1/2 MILE OR LESS
                                                   8 = SMOKE OR HAZE
[NO. OF DAYS WITH]      [WEATHER - DAYS WITH]      9 = BLOWING SNOW
                                                   X = TORNADO
MAX 32 OR BELOW:   6    0.01 INCH OR MORE:   9
MAX 90 OR ABOVE:   0    0.10 INCH OR MORE:   7
MIN 32 OR BELOW:  26    0.50 INCH OR MORE:   0
MIN  0 OR BELOW:   1    1.00 INCH OR MORE:   0

[HDD (BASE 65) ]
TOTAL THIS MO.   824    CLEAR  (SCALE 0-3)  16
DPTR FM NORMAL   -47    PTCLDY (SCALE 4-7)   7
TOTAL FM JUL 1  4022    CLOUDY (SCALE 8-10)  5
DPTR FM NORMAL  -281

[CDD (BASE 65) ]
TOTAL THIS MO.     0
DPTR FM NORMAL     0    [PRESSURE DATA]
TOTAL FM JAN 1     0    HIGHEST SLP 30.67 ON 23
DPTR FM NORMAL     0    LOWEST  SLP 29.51 ON 20

[REMARKS]
#FINAL-02-15#
