000
CXUS56 KOTX 171500
CF6PUW
PRELIMINARY LOCAL CLIMATOLOGICAL DATA (WS FORM: F-6)

                                          STATION:   PULLMAN-MOSCOW  AIRPORT
                                          MONTH:     APRIL
                                          YEAR:      2014
                                          LATITUDE:   46 44 N
                                          LONGITUDE: 117  7 W

  TEMPERATURE IN F:       :PCPN:    SNOW:  WIND      :SUNSHINE: SKY     :PK WND
================================================================================
1   2   3   4   5  6A  6B    7    8   9   10  11  12  13   14  15   16   17  18
                                     12Z  AVG MX 2MIN
DY MAX MIN AVG DEP HDD CDD  WTR  SNW DPTH SPD SPD DIR MIN PSBL S-S WX    SPD DR
================================================================================

 1  56  35  46   3  19   0 0.00    M    M  7.8 14 320   M    M   1        17 320
 2  53  35  44   0  21   0 0.00    M    M  9.0 23 250   M    M   2        29 260
 3  54  32  43  -1  22   0 0.04    M    M  5.3 20 250   M    M   3        26 220
 4  51  37  44   0  21   0 0.12    M    M  8.5 23 240   M    M   7 1      28 240
 5  53  35  44   0  21   0 0.10    M    M 11.5 20 240   M    M   7 1      24 240
 6  59  42  51   7  14   0    T    M    M 13.4 24 250   M    M   5        30 250
 7  65  36  51   7  14   0 0.00    M    M  3.8 12 190   M    M   1        15 190
 8  68  45  57  13   8   0 0.00    M    M  8.4 20 250   M    M   0        27 250
 9  55  34  45   0  20   0 0.06    M    M  9.2 20 240   M    M   4 1      25 240
10  57  32  45   0  20   0 0.00    M    M  4.3 15 270   M    M   1        20 270
11  61  32  47   2  18   0 0.00    M    M  9.0 28 270   M    M   0        35 260
12  57  34  46   1  19   0    T    M    M  8.8 21 280   M    M   3        25 280
13  56  25  41  -4  24   0 0.00    M    M  3.4 15 100   M    M   0        18 150
14  64  33  49   3  16   0 0.00    M    M  6.8 20 100   M    M   1 8      24 100
15  55  39  47   1  18   0 0.02    M    M 17.3 30 240   M    M   4 1      38 260
16  52  34  43  -3  22   0    T    M    M  5.3 18 250   M    M   7        23 250
================================================================================
SM  916  560       297   0  0.34    M    131.8          M       46
================================================================================
AV 57.2 35.0                               8.2 FASTST   M    M   3    MAX(MPH)
                                 MISC ---->  # 30 240               # 38  260
================================================================================
NOTES:
# LAST OF SEVERAL OCCURRENCES

COLUMN 17 PEAK WIND IN M.P.H.

PRELIMINARY LOCAL CLIMATOLOGICAL DATA (WS FORM: F-6) , PAGE 2

                                          STATION:  PULLMAN-MOSCOW  AIRPORT
                                          MONTH:    APRIL
                                          YEAR:     2014
                                          LATITUDE:   46 44 N
                                          LONGITUDE: 117  7 W

[TEMPERATURE DATA]      [PRECIPITATION DATA]       SYMBOLS USED IN COLUMN 16

AVERAGE MONTHLY: 46.1   TOTAL FOR MONTH:   0.34    1 = FOG OR MIST
DPTR FM NORMAL:   1.5   DPTR FM NORMAL:   -0.56    2 = FOG REDUCING VISIBILITY
HIGHEST:    68 ON  8    GRTST 24HR  0.16 ON  3- 4      TO 1/4 MILE OR LESS
LOWEST:     25 ON 13                               3 = THUNDER
                        SNOW, ICE PELLETS, HAIL    4 = ICE PELLETS
                        TOTAL MONTH:    M          5 = HAIL
                        GRTST 24HR    M  ON   M    6 = FREEZING RAIN OR DRIZZLE
                        GRTST DEPTH:  M  ON   M    7 = DUSTSTORM OR SANDSTORM:
                                                       VSBY 1/2 MILE OR LESS
                                                   8 = SMOKE OR HAZE
[NO. OF DAYS WITH]      [WEATHER - DAYS WITH]      9 = BLOWING SNOW
                                                   X = TORNADO
MAX 32 OR BELOW:   0    0.01 INCH OR MORE:   5
MAX 90 OR ABOVE:   0    0.10 INCH OR MORE:   2
MIN 32 OR BELOW:   4    0.50 INCH OR MORE:   0
MIN  0 OR BELOW:   0    1.00 INCH OR MORE:   0

[HDD (BASE 65) ]
TOTAL THIS MO.   297    CLEAR  (SCALE 0-3)  10
DPTR FM NORMAL   -30    PTCLDY (SCALE 4-7)   6
TOTAL FM JUL 1  5862    CLOUDY (SCALE 8-10)  0
DPTR FM NORMAL    76

[CDD (BASE 65) ]
TOTAL THIS MO.     0
DPTR FM NORMAL     0    [PRESSURE DATA]
TOTAL FM JAN 1     0    HIGHEST SLP M ON M
DPTR FM NORMAL     0    LOWEST  SLP  0.00 ON M

[REMARKS]
