078
CXUS51 KBOX 271200
CF6PVD
PRELIMINARY LOCAL CLIMATOLOGICAL DATA (WS FORM: F-6)

                                          STATION:   PROVIDENCE RI
                                          MONTH:     JULY
                                          YEAR:      2016
                                          LATITUDE:   41 43 N
                                          LONGITUDE:  71 26 W

  TEMPERATURE IN F:       :PCPN:    SNOW:  WIND      :SUNSHINE: SKY     :PK WND
================================================================================
1   2   3   4   5  6A  6B    7    8   9   10  11  12  13   14  15   16   17  18
                                     12Z  AVG MX 2MIN
DY MAX MIN AVG DEP HDD CDD  WTR  SNW DPTH SPD SPD DIR MIN PSBL S-S WX    SPD DR
================================================================================

 1  82  65  74   2   0   9 0.32  0.0    0  9.2 21 190   M    M   7 13     24 210
 2  79  63  71  -1   0   6 0.00  0.0    0 10.7 21 300   M    M   4        27 290
 3  84  59  72   0   0   7 0.00  0.0    0 10.5 18 220   M    M   4        25 210
 4  88  63  76   3   0  11 0.00  0.0    0  9.7 22 200   M    M   3        26 220
 5  86  67  77   4   0  12 0.41  0.0    0  5.9 15 350   M    M   7 1      18 350
 6  94  70  82   9   0  17 0.00  0.0    0  8.0 17 230   M    M   2        22 220
 7  85  71  78   5   0  13 0.09  0.0    0  6.7 16 150   M    M   5 123    20 160
 8  73  61  67  -6   0   2 0.01  0.0    0 11.5 18  30   M    M  10 12     24  30
 9  70  60  65  -8   0   0    T  0.0    0  7.4 17  40   M    M  10 1      20  30
10  73  61  67  -6   0   2 0.03  0.0    0  5.9 15  40   M    M   8 1      17  50
11  78  58  68  -5   0   3 0.00  0.0    0  5.9 14 350   M    M   7        18 350
12  87  62  75   1   0  10 0.00  0.0    0  8.3 18 200   M    M   5        23 200
13  87  67  77   3   0  12 0.00  0.0    0 10.4 22 190   M    M   4        25 210
14  84  68  76   2   0  11 0.53  0.0    0 10.1 20 200   M    M   6 1      25 200
15  93  70  82   8   0  17 0.29  0.0    0  3.9 23 190   M    M   5 123    29 190
16  89  68  79   5   0  14 0.00  0.0    0  5.5 18 160   M    M   4 1      22 160
17  86  73  80   6   0  15 0.39  0.0    0  5.8 20 310   M    M   6 13     24 160
18  92  69  81   7   0  16    T  0.0    0  9.2 24 220   M    M   5 1      33 220
19  85  67  76   2   0  11 0.00  0.0    0 10.0 22 300   M    M   4        30 330
20  83  59  71  -3   0   6 0.00  0.0    0  7.4 16 300   M    M   3 8      22 290
21  90  61  76   2   0  11 0.00  0.0    0  9.3 20 230   M    M   3        26 210
22  92  70  81   7   0  16 0.91  0.0    0 12.6 37 230   M    M   4 138    46 230
23  93  68  81   7   0  16 0.80  0.0    0  9.3 30 260   M    M   2 123    50 250
24  88  70  79   5   0  14 0.00  0.0    0  9.3 16 170   M    M   3        20 170
25  92  68  80   6   0  15    T  0.0    0  7.9 18 180   M    M   5        25 230
26  92  72  82   8   0  17 0.00  0.0    0 10.3 20 280   M    M   2        24 290
================================================================================
SM 2225 1710         0 283  3.78     0.0 220.7          M      128
================================================================================
AV 85.6 65.8                               8.5 FASTST   M    M   5    MAX(MPH)
                                 MISC ---->  # 37 230               # 50  250
================================================================================
NOTES:
# LAST OF SEVERAL OCCURRENCES

COLUMN 17 PEAK WIND IN M.P.H.

PRELIMINARY LOCAL CLIMATOLOGICAL DATA (WS FORM: F-6) , PAGE 2

                                          STATION:  PROVIDENCE RI
                                          MONTH:    JULY
                                          YEAR:     2016
                                          LATITUDE:   41 43 N
                                          LONGITUDE:  71 26 W

[TEMPERATURE DATA]      [PRECIPITATION DATA]       SYMBOLS USED IN COLUMN 16

AVERAGE MONTHLY: 75.7   TOTAL FOR MONTH:   3.78    1 = FOG OR MIST
DPTR FM NORMAL:   2.2   DPTR FM NORMAL:    1.11    2 = FOG REDUCING VISIBILITY
HIGHEST:    94 ON  6    GRTST 24HR  1.71 ON 22-23      TO 1/4 MILE OR LESS
LOWEST:     58 ON 11                               3 = THUNDER
                        SNOW, ICE PELLETS, HAIL    4 = ICE PELLETS
                        TOTAL MONTH:   0.0 INCH    5 = HAIL
                        GRTST 24HR     0.0         6 = FREEZING RAIN OR DRIZZLE
                        GRTST DEPTH:   0           7 = DUSTSTORM OR SANDSTORM:
                                                       VSBY 1/2 MILE OR LESS
                                                   8 = SMOKE OR HAZE
[NO. OF DAYS WITH]      [WEATHER - DAYS WITH]      9 = BLOWING SNOW
                                                   X = TORNADO
MAX 32 OR BELOW:   0    0.01 INCH OR MORE:  10
MAX 90 OR ABOVE:   8    0.10 INCH OR MORE:   7
MIN 32 OR BELOW:   0    0.50 INCH OR MORE:   3
MIN  0 OR BELOW:   0    1.00 INCH OR MORE:   0

[HDD (BASE 65) ]
TOTAL THIS MO.     0    CLEAR  (SCALE 0-3)   6
DPTR FM NORMAL     0    PTCLDY (SCALE 4-7)  17
TOTAL FM JUL 1     0    CLOUDY (SCALE 8-10)  3
DPTR FM NORMAL     0

[CDD (BASE 65) ]
TOTAL THIS MO.   283
DPTR FM NORMAL    61    [PRESSURE DATA]
TOTAL FM JAN 1   469    HIGHEST SLP M ON M
DPTR FM NORMAL    89    LOWEST  SLP 29.70 ON 23

[REMARKS]
