758
CXUS54 KOUN 220700
CF6PWA
PRELIMINARY LOCAL CLIMATOLOGICAL DATA (WS FORM: F-6)

                                          STATION:   BETHANY/WILEY POST
                                          MONTH:     APRIL
                                          YEAR:      2017
                                          LATITUDE:   35 31 N
                                          LONGITUDE:  97 38 W

  TEMPERATURE IN F:       :PCPN:    SNOW:  WIND      :SUNSHINE: SKY     :PK WND
================================================================================
1   2   3   4   5  6A  6B    7    8   9   10  11  12  13   14  15   16   17  18
                                     12Z  AVG MX 2MIN
DY MAX MIN AVG DEP HDD CDD  WTR  SNW DPTH SPD SPD DIR MIN PSBL S-S WX    SPD DR
================================================================================

 1  75  46  61   6   4   0 0.11  0.0    0 11.0 22  60   M    M   7 138    26  60
 2  57  52  55  -1  10   0 1.18  0.0    0  8.0 15 360   M    M   9 123    20 360
 3  75  51  63   7   2   0 0.02  0.0    0  8.1 17 260   M    M   2 18     22 260
 4  66  46  56   0   9   0    T    M    0 16.1 29 280   M    M   6 13     38 280
 5  66  42  54  -2  11   0 0.01    M    0 16.6 30 330   M    M   4 1      43 320
 6  70  36  53  -4  12   0 0.00  0.0    0  6.2 14  70   M    M   0        19  10
 7  76  49  63   6   2   0 0.00  0.0    0 15.1 25 180   M    M   0        31 150
 8  82  60  71  14   0   6 0.00  0.0    0 22.9 32 190   M    M   0        40 200
 9  84  65  75  17   0  10 0.00  0.0    0 22.7 31 190   M    M   0        40 180
10  73  54  64   6   1   0    T  0.0    0 14.3 26 360   M    M   1        33  20
11  74  42  58   0   7   0 0.00  0.0    0  7.6 16  50   M    M   0        20  50
12  76  55  66   8   0   1 0.00  0.0    0 12.6 23 170   M    M   3 1      27 180
13  75  57  66   7   0   1 1.07  0.0    0 10.0 24 240   M    M   6 13     31 230
14  80  61  71  12   0   6 0.00  0.0    0 18.3 28 180   M    M   2        35 180
15  81  65  73  14   0   8    T  0.0    0 20.1 26 180   M    M   4        34 180
16  74  64  69   9   0   4    T  0.0    0 12.4 25 190   M    M   6        33 190
17  72  59  66   6   0   1 0.00  0.0    0  9.6 23 120   M    M   4 1      30 110
18  80  55  68   8   0   3 0.00  0.0    0 12.6 22 160   M    M   2 12     27 160
19  80  63  72  12   0   7 0.00  0.0    0 20.1 30 160   M    M   4        39 190
20  72  61  67   6   0   2 0.02  0.0    0 12.2 25 180   M    M   8 13     32 180
21  64  48  56  -5   9   0 2.45  0.0    0 17.8 43 320   M    M  10 13     55 310
================================================================================
SM 1552 1131        67  49  4.86     0.0 294.3          M       78
================================================================================
AV 73.9 53.9                              14.0 FASTST   M    M   4    MAX(MPH)
                                 MISC ---->  # 43 320               # 55  310
================================================================================
NOTES:
# LAST OF SEVERAL OCCURRENCES

COLUMN 17 PEAK WIND IN M.P.H.

PRELIMINARY LOCAL CLIMATOLOGICAL DATA (WS FORM: F-6) , PAGE 2

                                          STATION:  BETHANY/WILEY POST
                                          MONTH:    APRIL
                                          YEAR:     2017
                                          LATITUDE:   35 31 N
                                          LONGITUDE:  97 38 W

[TEMPERATURE DATA]      [PRECIPITATION DATA]       SYMBOLS USED IN COLUMN 16

AVERAGE MONTHLY: 63.9   TOTAL FOR MONTH:   4.86    1 = FOG OR MIST
DPTR FM NORMAL:   5.7   DPTR FM NORMAL:    2.59    2 = FOG REDUCING VISIBILITY
HIGHEST:    84 ON  9    GRTST 24HR  2.45 ON 21-21      TO 1/4 MILE OR LESS
LOWEST:     36 ON  6                               3 = THUNDER
                        SNOW, ICE PELLETS, HAIL    4 = ICE PELLETS
                        TOTAL MONTH:   0.0 INCH    5 = HAIL
                        GRTST 24HR     0.0         6 = FREEZING RAIN OR DRIZZLE
                        GRTST DEPTH:   0           7 = DUSTSTORM OR SANDSTORM:
                                                       VSBY 1/2 MILE OR LESS
                                                   8 = SMOKE OR HAZE
[NO. OF DAYS WITH]      [WEATHER - DAYS WITH]      9 = BLOWING SNOW
                                                   X = TORNADO
MAX 32 OR BELOW:   0    0.01 INCH OR MORE:   7
MAX 90 OR ABOVE:   0    0.10 INCH OR MORE:   4
MIN 32 OR BELOW:   0    0.50 INCH OR MORE:   3
MIN  0 OR BELOW:   0    1.00 INCH OR MORE:   3

[HDD (BASE 65) ]
TOTAL THIS MO.    67    CLEAR  (SCALE 0-3)   9
DPTR FM NORMAL  -101    PTCLDY (SCALE 4-7)  10
TOTAL FM JUL 1  2560    CLOUDY (SCALE 8-10)  2
DPTR FM NORMAL  -996

[CDD (BASE 65) ]
TOTAL THIS MO.    49
DPTR FM NORMAL    23    [PRESSURE DATA]
TOTAL FM JAN 1   113    HIGHEST SLP M ON M
DPTR FM NORMAL    78    LOWEST  SLP 29.49 ON  4

[REMARKS]
