000
CXUS51 KGYX 270900
CF6PWM
PRELIMINARY LOCAL CLIMATOLOGICAL DATA (WS FORM: F-6)

                                          STATION:   PORTLAND ME
                                          MONTH:     AUGUST
                                          YEAR:      2016
                                          LATITUDE:   43 39 N
                                          LONGITUDE:  70 19 W

  TEMPERATURE IN F:       :PCPN:    SNOW:  WIND      :SUNSHINE: SKY     :PK WND
================================================================================
1   2   3   4   5  6A  6B    7    8   9   10  11  12  13   14  15   16   17  18
                                     12Z  AVG MX 2MIN
DY MAX MIN AVG DEP HDD CDD  WTR  SNW DPTH SPD SPD DIR MIN PSBL S-S WX    SPD DR
================================================================================

 1  71  65  68  -2   0   3 0.06  0.0    0  3.1  9  80   M    M   9 18     11  90
 2  77  59  68  -1   0   3 0.00  0.0    0  4.2 14  80   M    M   5 1      17  90
 3  84  55  70   1   0   5 0.00  0.0    0  5.6 16 180   M    M   2        21 190
 4  83  59  71   2   0   6 0.00  0.0    0  7.5 20 180   M    M   1        28 180
 5  82  62  72   3   0   7 0.00  0.0    0  9.0 23 190   M    M   4        32 170
 6  94  68  81  12   0  16 0.00  0.0    0  9.4 22 250   M    M   6 3      32 260
 7  87  62  75   6   0  10 0.00  0.0    0  9.4 22 320   M    M   3        30 290
 8  87  56  72   3   0   7 0.00  0.0    0  7.0 23 290   M    M   3        30 270
 9  79  55  67  -2   0   2 0.00  0.0    0  5.0 15 150   M    M   3        19 150
10  70  57  64  -5   1   0 0.10  0.0    0  3.6 12 190   M    M   7 12     16 180
11  90  66  78   9   0  13 0.00  0.0    0  4.5 15 160   M    M   5 12     21 170
12  99  66  83  14   0  18 0.34  0.0    0  7.9 29 350   M    M   5 1      35 360
13  68  62  65  -4   0   0 0.20  0.0    0  6.6 14  90   M    M  10 1      17 100
14  94  63  79  11   0  14    T  0.0    0  7.4 20 260   M    M   6 12     29 270
15  86  65  76   8   0  11 0.00  0.0    0  6.4 17 350   M    M   5        23 320
16  79  60  70   2   0   5 0.45  0.0    0  5.2 13  90   M    M   7 1      15  90
17  84  63  74   6   0   9 0.00  0.0    0 10.9 29 310   M    M   6 1      43 330
18  88  59  74   6   0   9    T  0.0    0  4.8 16 290   M    M   5        22 290
19  86  64  75   7   0  10 0.00  0.0    0  6.4 15 330   M    M   2        25 360
20  78  59  69   1   0   4 0.00  0.0    0  6.6 17 150   M    M   4        21 140
21  77  62  70   2   0   5 0.01  0.0    0  7.4 16 130   M    M   6 1      22 120
22  78  57  68   1   0   3 0.69  0.0    0  9.6 21 350   M    M   5 1      27 350
23  80  53  67   0   0   2 0.00  0.0    0  6.8 13 260   M    M   0        19 280
24  86  58  72   5   0   7 0.00  0.0    0  5.9 15 190   M    M   3        20 160
25  81  66  74   7   0   9 0.00  0.0    0  7.1 17 190   M    M   5        24 190
26  88  65  77  10   0  12 0.05  0.0    0  6.4 13 310   M    M   5 1      17 320
================================================================================
SM 2156 1586         1 190  1.90     0.0 173.7          M      122
================================================================================
AV 82.9 61.0                               6.7 FASTST   M    M   5    MAX(MPH)
                                 MISC ---->  # 29 350               # 43  330
================================================================================
NOTES:
# LAST OF SEVERAL OCCURRENCES

COLUMN 17 PEAK WIND IN M.P.H.

PRELIMINARY LOCAL CLIMATOLOGICAL DATA (WS FORM: F-6) , PAGE 2

                                          STATION:  PORTLAND ME
                                          MONTH:    AUGUST
                                          YEAR:     2016
                                          LATITUDE:   43 39 N
                                          LONGITUDE:  70 19 W

[TEMPERATURE DATA]      [PRECIPITATION DATA]       SYMBOLS USED IN COLUMN 16

AVERAGE MONTHLY: 72.0   TOTAL FOR MONTH:   1.90    1 = FOG OR MIST
DPTR FM NORMAL:   3.6   DPTR FM NORMAL:   -0.75    2 = FOG REDUCING VISIBILITY
HIGHEST:    99 ON 12    GRTST 24HR  0.70 ON 21-22      TO 1/4 MILE OR LESS
LOWEST:     53 ON 23                               3 = THUNDER
                        SNOW, ICE PELLETS, HAIL    4 = ICE PELLETS
                        TOTAL MONTH:   0.0 INCH    5 = HAIL
                        GRTST 24HR     0.0         6 = FREEZING RAIN OR DRIZZLE
                        GRTST DEPTH:   0           7 = DUSTSTORM OR SANDSTORM:
                                                       VSBY 1/2 MILE OR LESS
                                                   8 = SMOKE OR HAZE
[NO. OF DAYS WITH]      [WEATHER - DAYS WITH]      9 = BLOWING SNOW
                                                   X = TORNADO
MAX 32 OR BELOW:   0    0.01 INCH OR MORE:   8
MAX 90 OR ABOVE:   4    0.10 INCH OR MORE:   5
MIN 32 OR BELOW:   0    0.50 INCH OR MORE:   1
MIN  0 OR BELOW:   0    1.00 INCH OR MORE:   0

[HDD (BASE 65) ]
TOTAL THIS MO.     1    CLEAR  (SCALE 0-3)   8
DPTR FM NORMAL   -16    PTCLDY (SCALE 4-7)  16
TOTAL FM JUL 1    14    CLOUDY (SCALE 8-10)  2
DPTR FM NORMAL   -20

[CDD (BASE 65) ]
TOTAL THIS MO.   190
DPTR FM NORMAL    83    [PRESSURE DATA]
TOTAL FM JAN 1   454    HIGHEST SLP M ON M
DPTR FM NORMAL   139    LOWEST  SLP 29.61 ON  6

[REMARKS]
