000
CXUS56 KSGX 271445
CF6RAL
PRELIMINARY LOCAL CLIMATOLOGICAL DATA (WS FORM: F-6)

                                          STATION:   RIVERSIDE MUNI AIRPORT CA
                                          MONTH:     AUGUST
                                          YEAR:      2015
                                          LATITUDE:   33 57 N
                                          LONGITUDE: 117 27 W

  TEMPERATURE IN F:       :PCPN:    SNOW:  WIND      :SUNSHINE: SKY     :PK WND
================================================================================
1   2   3   4   5  6A  6B    7    8   9   10  11  12  13   14  15   16   17  18
                                     12Z  AVG MX 2MIN
DY MAX MIN AVG DEP HDD CDD  WTR  SNW DPTH SPD SPD DIR MIN PSBL S-S WX    SPD DR
================================================================================

 1  94  67  81   1   0  16 0.00  0.0    0  5.6 16 280   M    M   2 18     21 280
 2  93  66  80   0   0  15 0.00  0.0    0  5.4 15 280   M    M   0 1      21 270
 3  95  66  81   1   0  16 0.00  0.0    0  4.5 16 270   M    M   1 18     22 270
 4  98  67  83   3   0  18 0.00  0.0    0  3.7 18 250   M    M   M        23 250
 5  99  69  84   4   0  19 0.00  0.0    0  4.7 16 260   M    M   2        23 280
 6  93  69  81   1   0  16 0.01  0.0    0  5.6 15 280   M    M   4 3      20 280
 7  87  65  76  -4   0  11 0.00  0.0    0  5.3 15 280   M    M   2 18     21 280
 8  89  65  77  -3   0  12 0.00  0.0    0  5.7 16 250   M    M   3        21 250
 9  86  61  74  -6   0   9 0.00  0.0    0  5.4 16 270   M    M   0        25 250
10  87  61  74  -6   0   9 0.00  0.0    0  5.5 15 260   M    M   1 18     19 280
11  90  61  76  -4   0  11 0.00  0.0    0  4.4 14 280   M    M   0 8      20 280
12 100  64  82   2   0  17 0.00  0.0    0  3.7 16 250   M    M   0        22 280
13 103  70  87   7   0  22 0.00  0.0    0  4.7 20 250   M    M   2        27 270
14 105  70  88   8   0  23 0.00  0.0    0  4.0 18 250   M    M   0        23 260
15 108  73  91  11   0  26 0.00  0.0    0  4.2 20 260   M    M   0        24 250
16 107  71  89   9   0  24 0.00  0.0    0  4.4 17 260   M    M   1        23 280
17  93  69  81   1   0  16 0.00  0.0    0  5.3 17 270   M    M   0        23 280
18  92  67  80   1   0  15 0.00  0.0    0  4.6 16 270   M    M   0        21 250
19  90  64  77  -2   0  12 0.00  0.0    0  4.4 14 270   M    M   1 18     19 270
20  90  66  78  -1   0  13 0.00  0.0    0  5.0 14 280   M    M   4 8      20 270
21  89  66  78  -1   0  13 0.00  0.0    0  5.0 15 260   M    M   4 8      21 280
22  92  65  79   0   0  14 0.00  0.0    0  4.9 14 270   M    M   3 8      20 280
23  95  65  80   1   0  15 0.00  0.0    0  3.9 13 270   M    M   0 18     19 250
24  99  66  83   4   0  18 0.00  0.0    0  4.0 17 260   M    M   0        22 280
25  90  72  81   2   0  16    T  0.0    0  1.8  8 250   M    M   5 8      11 250
26 101  73  87   8   0  22 0.00  0.0    0  4.4 18 250   M    M   1        23 250
================================================================================
SM 2465 1738         0 418  0.01     0.0 120.1          M       36
================================================================================
AV 94.8 66.8                               4.6 FASTST   M    M   1    MAX(MPH)
                                 MISC ---->  # 20 250               # 27  270
================================================================================
NOTES:
# LAST OF SEVERAL OCCURRENCES

COLUMN 17 PEAK WIND IN M.P.H.

PRELIMINARY LOCAL CLIMATOLOGICAL DATA (WS FORM: F-6) , PAGE 2

                                          STATION:  RIVERSIDE MUNI AIRPORT CA
                                          MONTH:    AUGUST
                                          YEAR:     2015
                                          LATITUDE:   33 57 N
                                          LONGITUDE: 117 27 W

[TEMPERATURE DATA]      [PRECIPITATION DATA]       SYMBOLS USED IN COLUMN 16

AVERAGE MONTHLY: 80.8   TOTAL FOR MONTH:   0.01    1 = FOG OR MIST
DPTR FM NORMAL:   1.2   DPTR FM NORMAL:   -0.07    2 = FOG REDUCING VISIBILITY
HIGHEST:   108 ON 15    GRTST 24HR  0.01 ON  6- 6      TO 1/4 MILE OR LESS
LOWEST:     61 ON 11,10                            3 = THUNDER
                        SNOW, ICE PELLETS, HAIL    4 = ICE PELLETS
                        TOTAL MONTH:   0.0 INCH    5 = HAIL
                        GRTST 24HR     0.0         6 = FREEZING RAIN OR DRIZZLE
                        GRTST DEPTH:   0           7 = DUSTSTORM OR SANDSTORM:
                                                       VSBY 1/2 MILE OR LESS
                                                   8 = SMOKE OR HAZE
[NO. OF DAYS WITH]      [WEATHER - DAYS WITH]      9 = BLOWING SNOW
                                                   X = TORNADO
MAX 32 OR BELOW:   0    0.01 INCH OR MORE:   1
MAX 90 OR ABOVE:  21    0.10 INCH OR MORE:   0
MIN 32 OR BELOW:   0    0.50 INCH OR MORE:   0
MIN  0 OR BELOW:   0    1.00 INCH OR MORE:   0

[HDD (BASE 65) ]
TOTAL THIS MO.     0    CLEAR  (SCALE 0-3)  20
DPTR FM NORMAL     0    PTCLDY (SCALE 4-7)   5
TOTAL FM JUL 1     0    CLOUDY (SCALE 8-10)  0
DPTR FM NORMAL     0

[CDD (BASE 65) ]
TOTAL THIS MO.   418
DPTR FM NORMAL    39    [PRESSURE DATA]
TOTAL FM JAN 1  1503    HIGHEST SLP M ON M
DPTR FM NORMAL   312    LOWEST  SLP 29.77 ON 16

[REMARKS]
