000
CXUS56 KSGX 221445
CF6RAL
PRELIMINARY LOCAL CLIMATOLOGICAL DATA (WS FORM: F-6)

                                          STATION:   RIVERSIDE MUNI AIRPORT CA
                                          MONTH:     JULY
                                          YEAR:      2017
                                          LATITUDE:   33 57 N
                                          LONGITUDE: 117 27 W

  TEMPERATURE IN F:       :PCPN:    SNOW:  WIND      :SUNSHINE: SKY     :PK WND
================================================================================
1   2   3   4   5  6A  6B    7    8   9   10  11  12  13   14  15   16   17  18
                                     12Z  AVG MX 2MIN
DY MAX MIN AVG DEP HDD CDD  WTR  SNW DPTH SPD SPD DIR MIN PSBL S-S WX    SPD DR
================================================================================

 1  87  60  74  -2   0   9 0.00  0.0    0  7.2 18 270   M    M   2 18     24 270
 2  92  59  76   0   0  11 0.00  0.0    0  5.4 18 270   M    M   0 18     24 270
 3  98  60  79   3   0  14 0.00  0.0    0  4.8 15 270   M    M   0        18 270
 4 100  64  82   6   0  17 0.00  0.0    0  4.2 17 280   M    M   0 8      21 280
 5 100  66  83   6   0  18 0.00  0.0    0  4.8 18 270   M    M   0 8      22 280
 6 103  66  85   8   0  20 0.00  0.0    0  4.5 18 270   M    M   1        23 260
 7 109  72  91  14   0  26 0.00  0.0    0  4.9 20 270   M    M   0        24 270
 8 108  74  91  14   0  26 0.00  0.0    0  5.5 20 280   M    M   2        25 280
 9 104  72  88  10   0  23 0.00  0.0    0  6.6 23 270   M    M   1        28 270
10 100  74  87   9   0  22 0.00  0.0    0  6.2 22 270   M    M   0        28 270
11  96  70  83   5   0  18 0.00  0.0    0  6.3 22 270   M    M   0        27 270
12  95  66  81   3   0  16 0.00  0.0    0  5.5 18 270   M    M   0        23 270
13  96  66  81   3   0  16 0.00  0.0    0  6.0 20 270   M    M   1        24 270
14  96  67  82   4   0  17 0.00  0.0    0  5.4 17 260   M    M   0        24 270
15 101  67  84   5   0  19 0.00  0.0    0  4.9 18 270   M    M   1        23 270
16  96  69  83   4   0  18 0.00  0.0    0  6.3 20 270   M    M   1        28 290
17  95  69  82   3   0  17 0.00  0.0    0  6.6 21 270   M    M   0        27 270
18  94  67  81   2   0  16 0.00  0.0    0  5.2 18 270   M    M   0        23 260
19  93  69  81   2   0  16 0.00  0.0    0  5.1 17 270   M    M   1        20 270
20  96  68  82   3   0  17 0.00  0.0    0  5.9 20 270   M    M   0        25 270
21  95  62  79   0   0  14 0.00  0.0    0  5.7 18 270   M    M   0        24 270
================================================================================
SM 2054 1407         0 370  0.00     0.0 117.0          M       10
================================================================================
AV 97.8 67.0                               5.6 FASTST   M    M   0    MAX(MPH)
                                 MISC ---->  # 23 270               # 28  270
================================================================================
NOTES:
# LAST OF SEVERAL OCCURRENCES

COLUMN 17 PEAK WIND IN M.P.H.

PRELIMINARY LOCAL CLIMATOLOGICAL DATA (WS FORM: F-6) , PAGE 2

                                          STATION:  RIVERSIDE MUNI AIRPORT CA
                                          MONTH:    JULY
                                          YEAR:     2017
                                          LATITUDE:   33 57 N
                                          LONGITUDE: 117 27 W

[TEMPERATURE DATA]      [PRECIPITATION DATA]       SYMBOLS USED IN COLUMN 16

AVERAGE MONTHLY: 82.4   TOTAL FOR MONTH:   0.00    1 = FOG OR MIST
DPTR FM NORMAL:   4.6   DPTR FM NORMAL:   -0.03    2 = FOG REDUCING VISIBILITY
HIGHEST:   109 ON  7    GRTST 24HR  0.00 ON 21-21      TO 1/4 MILE OR LESS
LOWEST:     59 ON  2                               3 = THUNDER
                        SNOW, ICE PELLETS, HAIL    4 = ICE PELLETS
                        TOTAL MONTH:   0.0 INCH    5 = HAIL
                        GRTST 24HR     0.0         6 = FREEZING RAIN OR DRIZZLE
                        GRTST DEPTH:   0           7 = DUSTSTORM OR SANDSTORM:
                                                       VSBY 1/2 MILE OR LESS
                                                   8 = SMOKE OR HAZE
[NO. OF DAYS WITH]      [WEATHER - DAYS WITH]      9 = BLOWING SNOW
                                                   X = TORNADO
MAX 32 OR BELOW:   0    0.01 INCH OR MORE:   0
MAX 90 OR ABOVE:  20    0.10 INCH OR MORE:   0
MIN 32 OR BELOW:   0    0.50 INCH OR MORE:   0
MIN  0 OR BELOW:   0    1.00 INCH OR MORE:   0

[HDD (BASE 65) ]
TOTAL THIS MO.     0    CLEAR  (SCALE 0-3)  21
DPTR FM NORMAL     0    PTCLDY (SCALE 4-7)   0
TOTAL FM JUL 1     0    CLOUDY (SCALE 8-10)  0
DPTR FM NORMAL     0

[CDD (BASE 65) ]
TOTAL THIS MO.   370
DPTR FM NORMAL   101    [PRESSURE DATA]
TOTAL FM JAN 1   989    HIGHEST SLP M ON M
DPTR FM NORMAL   323    LOWEST  SLP 29.77 ON  8

[REMARKS]
