000
CXUS56 KSGX 281545
CF6RAL
PRELIMINARY LOCAL CLIMATOLOGICAL DATA (WS FORM: F-6)

                                          STATION:   RIVERSIDE MUNI AIRPORT CA
                                          MONTH:     JULY
                                          YEAR:      2016
                                          LATITUDE:   33 57 N
                                          LONGITUDE: 117 27 W

  TEMPERATURE IN F:       :PCPN:    SNOW:  WIND      :SUNSHINE: SKY     :PK WND
================================================================================
1   2   3   4   5  6A  6B    7    8   9   10  11  12  13   14  15   16   17  18
                                     12Z  AVG MX 2MIN
DY MAX MIN AVG DEP HDD CDD  WTR  SNW DPTH SPD SPD DIR MIN PSBL S-S WX    SPD DR
================================================================================

 1  89  64  77   1   0  12 0.00  0.0    0  6.8 16 260   M    M   3 8      25 270
 2  90  62  76   0   0  11 0.00  0.0    0  5.8 16 260   M    M   1        23 280
 3  87  60  74  -2   0   9 0.00  0.0    0  5.5 16 270   M    M   0        24 250
 4  90  60  75  -1   0  10 0.00  0.0    0  6.0 17 260   M    M   1 8      23 250
 5  89  62  76  -1   0  11 0.00  0.0    0  5.8 17 270   M    M   3 8      25 280
 6  88  62  75  -2   0  10 0.00  0.0    0  5.4 15 270   M    M   3 8      21 270
 7  93  61  77   0   0  12 0.00  0.0    0  5.2 18 280   M    M   2 8      24 280
 8  94  62  78   1   0  13 0.00  0.0    0  4.9 16 280   M    M   0 18     22 270
 9  95  64  80   2   0  15 0.00  0.0    0  4.8 16 260   M    M   0 8      23 260
10  94  65  80   2   0  15 0.00  0.0    0  4.6 17 280   M    M   0        26 280
11  91  63  77  -1   0  12 0.00  0.0    0  5.0 17 260   M    M   0        23 280
12  90  64  77  -1   0  12 0.00  0.0    0  5.2 16 260   M    M   3 8      22 270
13  97  64  81   3   0  16 0.00  0.0    0  4.8 17 260   M    M   0 8      24 250
14  97  64  81   3   0  16 0.00  0.0    0  4.8 16 270   M    M   0 18     22 250
15  95  65  80   1   0  15 0.00  0.0    0  5.5 15 260   M    M   0        22 280
16  95  63  79   0   0  14 0.00  0.0    0  6.1 16 260   M    M   1 18     23 270
17  94  64  79   0   0  14 0.00  0.0    0  6.1 17 280   M    M   0 8      28 270
18  94  63  79   0   0  14 0.00  0.0    0  5.6 16 260   M    M   0        22 250
19  99  66  83   4   0  18 0.00  0.0    0  4.7 17 270   M    M   0 8      24 260
20 105  67  86   7   0  21 0.00  0.0    0  5.5 21 250   M    M   0        25 270
21 105  71  88   9   0  23 0.00  0.0    0  4.4 16 260   M    M   0        22 250
22 109  70  90  11   0  25 0.00  0.0    0  4.3 17 260   M    M   0        24 270
23 110  73  92  13   0  27 0.00  0.0    0  3.9 18 280   M    M   0        26 270
24  98  71  85   5   0  20 0.00  0.0    0  5.5 18 270   M    M   0        26 280
25 103  71  87   7   0  22 0.00  0.0    0  5.0 18 250   M    M   1        24 260
26 103  73  88   8   0  23 0.00  0.0    0  5.0 17 260   M    M   0        23 270
27 101  74  88   8   0  23 0.00  0.0    0  5.0 16 260   M    M   1        25 250
================================================================================
SM 2595 1768         0 433  0.00     0.0 141.2          M       19
================================================================================
AV 96.1 65.5                               5.2 FASTST   M    M   1    MAX(MPH)
                                 MISC ---->  # 21 250               # 28  270
================================================================================
NOTES:
# LAST OF SEVERAL OCCURRENCES

COLUMN 17 PEAK WIND IN M.P.H.

PRELIMINARY LOCAL CLIMATOLOGICAL DATA (WS FORM: F-6) , PAGE 2

                                          STATION:  RIVERSIDE MUNI AIRPORT CA
                                          MONTH:    JULY
                                          YEAR:     2016
                                          LATITUDE:   33 57 N
                                          LONGITUDE: 117 27 W

[TEMPERATURE DATA]      [PRECIPITATION DATA]       SYMBOLS USED IN COLUMN 16

AVERAGE MONTHLY: 80.8   TOTAL FOR MONTH:   0.00    1 = FOG OR MIST
DPTR FM NORMAL:   2.6   DPTR FM NORMAL:   -0.06    2 = FOG REDUCING VISIBILITY
HIGHEST:   110 ON 23    GRTST 24HR  0.00 ON 27-27      TO 1/4 MILE OR LESS
LOWEST:     60 ON  4, 3                            3 = THUNDER
                        SNOW, ICE PELLETS, HAIL    4 = ICE PELLETS
                        TOTAL MONTH:   0.0 INCH    5 = HAIL
                        GRTST 24HR     0.0         6 = FREEZING RAIN OR DRIZZLE
                        GRTST DEPTH:   0           7 = DUSTSTORM OR SANDSTORM:
                                                       VSBY 1/2 MILE OR LESS
                                                   8 = SMOKE OR HAZE
[NO. OF DAYS WITH]      [WEATHER - DAYS WITH]      9 = BLOWING SNOW
                                                   X = TORNADO
MAX 32 OR BELOW:   0    0.01 INCH OR MORE:   0
MAX 90 OR ABOVE:  23    0.10 INCH OR MORE:   0
MIN 32 OR BELOW:   0    0.50 INCH OR MORE:   0
MIN  0 OR BELOW:   0    1.00 INCH OR MORE:   0

[HDD (BASE 65) ]
TOTAL THIS MO.     0    CLEAR  (SCALE 0-3)  25
DPTR FM NORMAL     0    PTCLDY (SCALE 4-7)   2
TOTAL FM JUL 1     0    CLOUDY (SCALE 8-10)  0
DPTR FM NORMAL     0

[CDD (BASE 65) ]
TOTAL THIS MO.   433
DPTR FM NORMAL    77    [PRESSURE DATA]
TOTAL FM JAN 1  1099    HIGHEST SLP M ON M
DPTR FM NORMAL   346    LOWEST  SLP 29.78 ON 23

[REMARKS]
