000
CXUS54 KFWD 170730
CF6RBD
PRELIMINARY LOCAL CLIMATOLOGICAL DATA (WS FORM: F-6)

                                          STATION:   DALLAS EXECUTIVE
                                          MONTH:     APRIL
                                          YEAR:      2014
                                          LATITUDE:   32 40 N
                                          LONGITUDE:  96 52 W

  TEMPERATURE IN F:       :PCPN:    SNOW:  WIND      :SUNSHINE: SKY     :PK WND
================================================================================
1   2   3   4   5  6A  6B    7    8   9   10  11  12  13   14  15   16   17  18
                                     12Z  AVG MX 2MIN
DY MAX MIN AVG DEP HDD CDD  WTR  SNW DPTH SPD SPD DIR MIN PSBL S-S WX    SPD DR
================================================================================

 1  84  66  75  14   0  10 0.00  0.0    0 11.0 22 150   M    M   6 8      26 160
 2  85  71  78  16   0  13    T  0.0    0 11.1 21 170   M    M   9 8      32 210
 3  85  61  73  11   0   8    T  0.0    0 12.0 31 350   M    M   7 38     39 350
 4  68  47  58  -4   7   0 0.00  0.0    0 11.7 24 330   M    M   0        31 320
 5  56  50  53  -9  12   0 0.02  0.0    0  8.2 14 120   M    M   5        20 110
 6  53  48  51 -11  14   0 0.07  0.0    0  9.2 17  30   M    M  10 13     23  60
 7  68  47  58  -5   7   0 0.04  0.0    0  6.2 26 330   M    M   5 13     35 330
 8  72  50  61  -2   4   0 0.00  0.0    0 14.7 31 310   M    M   0        41 330
 9  81  46  64   1   1   0 0.00  0.0    0  7.6 18 160   M    M   0        26 180
10  85  59  72   9   0   7 0.00  0.0    0 12.0 22 170   M    M   0        36 180
11  83  63  73   9   0   8 0.00  0.0    0 11.7 21 160   M    M   4        28 160
12  84  66  75  11   0  10 0.00  0.0    0 14.4 25 160   M    M   4        38 160
13  77  66  72   8   0   7    T  0.0    0 10.3 24 170   M    M   7 1      35 180
14  72  41  57  -7   8   0 0.02  0.0    0 18.6 31 340   M    M   7        40 330
15  65  33  49 -16  16   0 0.00  0.0    0  5.6 14 330   M    M   0        18 290
16  69  43  56  -9   9   0 0.00  0.0    0 11.6 25 150   M    M   0        32 150
================================================================================
SM 1187  857        78  63  0.15     0.0 175.9          M       64
================================================================================
AV 74.2 53.6                              11.0 FASTST   M    M   4    MAX(MPH)
                                 MISC ---->  # 31 350               # 41  330
================================================================================
NOTES:
# LAST OF SEVERAL OCCURRENCES

COLUMN 17 PEAK WIND IN M.P.H.

PRELIMINARY LOCAL CLIMATOLOGICAL DATA (WS FORM: F-6) , PAGE 2

                                          STATION:  DALLAS EXECUTIVE
                                          MONTH:    APRIL
                                          YEAR:     2014
                                          LATITUDE:   32 40 N
                                          LONGITUDE:  96 52 W

[TEMPERATURE DATA]      [PRECIPITATION DATA]       SYMBOLS USED IN COLUMN 16

AVERAGE MONTHLY: 63.9   TOTAL FOR MONTH:   0.15    1 = FOG OR MIST
DPTR FM NORMAL:   0.8   DPTR FM NORMAL:   -1.36    2 = FOG REDUCING VISIBILITY
HIGHEST:    85 ON 10, 3 GRTST 24HR  0.08 ON  6- 7      TO 1/4 MILE OR LESS
LOWEST:     33 ON 15                               3 = THUNDER
                        SNOW, ICE PELLETS, HAIL    4 = ICE PELLETS
                        TOTAL MONTH:   0.0 INCH    5 = HAIL
                        GRTST 24HR     0.0         6 = FREEZING RAIN OR DRIZZLE
                        GRTST DEPTH:   0           7 = DUSTSTORM OR SANDSTORM:
                                                       VSBY 1/2 MILE OR LESS
                                                   8 = SMOKE OR HAZE
[NO. OF DAYS WITH]      [WEATHER - DAYS WITH]      9 = BLOWING SNOW
                                                   X = TORNADO
MAX 32 OR BELOW:   0    0.01 INCH OR MORE:   4
MAX 90 OR ABOVE:   0    0.10 INCH OR MORE:   0
MIN 32 OR BELOW:   0    0.50 INCH OR MORE:   0
MIN  0 OR BELOW:   0    1.00 INCH OR MORE:   0

[HDD (BASE 65) ]
TOTAL THIS MO.    78    CLEAR  (SCALE 0-3)   6
DPTR FM NORMAL    13    PTCLDY (SCALE 4-7)   8
TOTAL FM JUL 1  2388    CLOUDY (SCALE 8-10)  2
DPTR FM NORMAL   173

[CDD (BASE 65) ]
TOTAL THIS MO.    63
DPTR FM NORMAL    26    [PRESSURE DATA]
TOTAL FM JAN 1    85    HIGHEST SLP M ON M
DPTR FM NORMAL    12    LOWEST  SLP 29.51 ON 13

[REMARKS]
