000
CXUS54 KFWD 250730
CF6RBD
PRELIMINARY LOCAL CLIMATOLOGICAL DATA (WS FORM: F-6)

                                          STATION:   DALLAS EXECUTIVE
                                          MONTH:     MAY
                                          YEAR:      2017
                                          LATITUDE:   32 40 N
                                          LONGITUDE:  96 52 W

  TEMPERATURE IN F:       :PCPN:    SNOW:  WIND      :SUNSHINE: SKY     :PK WND
================================================================================
1   2   3   4   5  6A  6B    7    8   9   10  11  12  13   14  15   16   17  18
                                     12Z  AVG MX 2MIN
DY MAX MIN AVG DEP HDD CDD  WTR  SNW DPTH SPD SPD DIR MIN PSBL S-S WX    SPD DR
================================================================================

 1  83  44  64  -5   1   0 0.00  0.0    0  5.1 13 250   M    M   0        21 210
 2  85  59  72   3   0   7 0.00  0.0    0  9.4 20 150   M    M   0        28 140
 3  77  57  67  -3   0   2 0.05  0.0    0 12.5 32 340   M    M   5 13     41 330
 4  75  53  64  -6   1   0 0.00  0.0    0 14.4 26 310   M    M   1        35 300
 5  79  53  66  -4   0   1 0.00  0.0    0  7.6 21 320   M    M   0        30 300
 6  87  53  70  -1   0   5 0.00  0.0    0  4.7 10 140   M    M   0        15 210
 7  86  59  73   2   0   8 0.00  0.0    0  7.5 16 140   M    M   0        22 120
 8  83  61  72   1   0   7 0.00  0.0    0  9.2 17 140   M    M   2        24 140
 9  80  66  73   2   0   8 0.00  0.0    0  7.2 14 140   M    M   5        19 170
10  82  69  76   4   0  11    T  0.0    0 11.1 20 140   M    M   8 13     27 140
11  85  68  77   5   0  12    T  0.0    0  8.7 22 340   M    M   3 3      31 320
12  80  61  71  -1   0   6 0.00  0.0    0 13.7 25 320   M    M   3        31 320
13  83  57  70  -3   0   5 0.00  0.0    0  6.3 13  90   M    M   1        15 100
14  89  58  74   1   0   9 0.00  0.0    0  8.4 16 140   M    M   0        23 160
15  88  67  78   5   0  13 0.00  0.0    0  9.6 20 140   M    M   0        25 140
16  83  68  76   3   0  11 0.00  0.0    0 12.4 23 150   M    M   7        33 150
17  89  68  79   5   0  14 0.32  0.0    0 10.2 24 150   M    M   5 13     36 140
18  90  76  83   9   0  18 0.00  0.0    0 13.1 28 140   M    M   6 8      34 130
19  88  67  78   4   0  13 0.26  0.0    0 11.4 29 250   M    M   4 13     42 250
20  81  65  73  -1   0   8 0.31  0.0    0  7.2 17 320   M    M   4 13     21 330
21  79  61  70  -5   0   5 0.18  0.0    0  8.0 21  80   M    M   7 13     28 280
22  80  61  71  -4   0   6 0.11  0.0    0  7.8 14 100   M    M   5        18  80
23  75  58  67  -8   0   2 0.17  0.0    0  8.1 22 300   M    M   6 13     29 320
24  81  55  68  -8   0   3 0.00  0.0    0  9.3 21 310   M    M   0        27 290
================================================================================
SM 1988 1464         2 174  1.40     0.0 222.9          M       72
================================================================================
AV 82.8 61.0                               9.3 FASTST   M    M   3    MAX(MPH)
                                 MISC ---->  # 32 340               # 42  250
================================================================================
NOTES:
# LAST OF SEVERAL OCCURRENCES

COLUMN 17 PEAK WIND IN M.P.H.

PRELIMINARY LOCAL CLIMATOLOGICAL DATA (WS FORM: F-6) , PAGE 2

                                          STATION:  DALLAS EXECUTIVE
                                          MONTH:    MAY
                                          YEAR:     2017
                                          LATITUDE:   32 40 N
                                          LONGITUDE:  96 52 W

[TEMPERATURE DATA]      [PRECIPITATION DATA]       SYMBOLS USED IN COLUMN 16

AVERAGE MONTHLY: 71.9   TOTAL FOR MONTH:   1.40    1 = FOG OR MIST
DPTR FM NORMAL:  -0.5   DPTR FM NORMAL:   -2.28    2 = FOG REDUCING VISIBILITY
HIGHEST:    90 ON 18    GRTST 24HR  0.32 ON 17-17      TO 1/4 MILE OR LESS
LOWEST:     44 ON  1                               3 = THUNDER
                        SNOW, ICE PELLETS, HAIL    4 = ICE PELLETS
                        TOTAL MONTH:   0.0 INCH    5 = HAIL
                        GRTST 24HR     0.0         6 = FREEZING RAIN OR DRIZZLE
                        GRTST DEPTH:   0           7 = DUSTSTORM OR SANDSTORM:
                                                       VSBY 1/2 MILE OR LESS
                                                   8 = SMOKE OR HAZE
[NO. OF DAYS WITH]      [WEATHER - DAYS WITH]      9 = BLOWING SNOW
                                                   X = TORNADO
MAX 32 OR BELOW:   0    0.01 INCH OR MORE:   7
MAX 90 OR ABOVE:   1    0.10 INCH OR MORE:   6
MIN 32 OR BELOW:   0    0.50 INCH OR MORE:   0
MIN  0 OR BELOW:   0    1.00 INCH OR MORE:   0

[HDD (BASE 65) ]
TOTAL THIS MO.     2    CLEAR  (SCALE 0-3)  13
DPTR FM NORMAL    -4    PTCLDY (SCALE 4-7)  11
TOTAL FM JUL 1  1365    CLOUDY (SCALE 8-10)  0
DPTR FM NORMAL  -880

[CDD (BASE 65) ]
TOTAL THIS MO.   174
DPTR FM NORMAL   -12    [PRESSURE DATA]
TOTAL FM JAN 1   455    HIGHEST SLP M ON M
DPTR FM NORMAL   147    LOWEST  SLP 29.56 ON 17

[REMARKS]
