000
CXUS56 KMFR 281000
CF6RBG
PRELIMINARY LOCAL CLIMATOLOGICAL DATA (WS FORM: F-6)

                                          STATION:   ROSEBURG OR
                                          MONTH:     MAY
                                          YEAR:      2016
                                          LATITUDE:   43 13 N
                                          LONGITUDE: 123 22 W

  TEMPERATURE IN F:       :PCPN:    SNOW:  WIND      :SUNSHINE: SKY     :PK WND
================================================================================
1   2   3   4   5  6A  6B    7    8   9   10  11  12  13   14  15   16   17  18
                                     12Z  AVG MX 2MIN
DY MAX MIN AVG DEP HDD CDD  WTR  SNW DPTH SPD SPD DIR MIN PSBL S-S WX    SPD DR
================================================================================

 1  83  43  63   8   2   0 0.00    M    M  2.0 12  10   M    M   0        14  10
 2  86  52  69  13   0   4 0.05    M    M  2.3 14 360   M    M   1 3      20 320
 3  71  51  61   5   4   0 0.31    M    M  3.2 12 220   M    M   4 13     19 230
 4  62  56  59   3   6   0 0.06    M    M  5.6 16  20   M    M  10 1      19  20
 5  64  56  60   4   5   0 0.00    M    M  7.4 16  10   M    M  10        20  10
 6  80  50  65   8   0   0 0.00    M    M  5.6 18  20   M    M   3        25  20
 7  84  54  69  12   0   4 0.00    M    M  5.3 16 350   M    M   0        23 330
 8  67  51  59   2   6   0    T    M    M  5.3 14 330   M    M   7 18     21 340
 9  71  49  60   3   5   0 0.00    M    M  6.1 18 360   M    M   3        22  10
10  81  43  62   4   3   0 0.00    M    M  3.6 18 360   M    M   0        23  10
11  90  49  70  12   0   5 0.00    M    M  1.3 10 320   M    M   0        15 260
12  87  51  69  11   0   4 0.00    M    M  2.7 14 330   M    M   0        18 320
13  80  52  66   8   0   1    T    M    M  4.7 16  20   M    M   1 3      20  10
14  58  52  55  -3  10   0 0.21    M    M  3.2 10 360   M    M  10 1      12 360
15  68  54  61   3   4   0 0.01    M    M  3.4 17  20   M    M   9 1      21  10
16  66  54  60   1   5   0 0.00    M    M  6.5 17 360   M    M   9        21 360
17  79  49  64   5   1   0 0.00    M    M  4.7 18  10   M    M   3        22  20
18  82  50  66   7   0   1    T    M    M  5.4 17 320   M    M   2        24 310
19  61  49  55  -4  10   0 0.10    M    M  4.7 15 350   M    M   9 1      25 330
20  63  47  55  -4  10   0    T    M    M  2.9 12  10   M    M  10        16 360
21  68  46  57  -3   8   0 0.01    M    M  3.2 12 300   M    M   8        15 310
22  62  48  55  -5  10   0 0.09    M    M  3.5 12 230   M    M   9 1      18 260
23  65  50  58  -2   7   0 0.01    M    M  4.0 13 300   M    M   8        17 300
24  74  49  62   2   3   0 0.00    M    M  4.6 15  10   M    M   6 1      20  10
25  68  55  62   2   3   0 0.00    M    M  5.8 16  20   M    M   9        22  20
26  67  53  60   0   5   0 0.00    M    M  6.6 15  10   M    M   9        21  10
27  69  49  59  -1   6   0 0.00    M    M  5.4 14 360   M    M   5 8      20  10
================================================================================
SM 1956 1362       113  19  0.85    M    119.0          M      145
================================================================================
AV 72.4 50.4                               4.4 FASTST   M    M   5    MAX(MPH)
                                 MISC ---->  # 18  20               # 25   20
================================================================================
NOTES:
# LAST OF SEVERAL OCCURRENCES

COLUMN 17 PEAK WIND IN M.P.H.

PRELIMINARY LOCAL CLIMATOLOGICAL DATA (WS FORM: F-6) , PAGE 2

                                          STATION:  ROSEBURG OR
                                          MONTH:    MAY
                                          YEAR:     2016
                                          LATITUDE:   43 13 N
                                          LONGITUDE: 123 22 W

[TEMPERATURE DATA]      [PRECIPITATION DATA]       SYMBOLS USED IN COLUMN 16

AVERAGE MONTHLY: 61.4   TOTAL FOR MONTH:   0.85    1 = FOG OR MIST
DPTR FM NORMAL:   3.3   DPTR FM NORMAL:   -1.17    2 = FOG REDUCING VISIBILITY
HIGHEST:    90 ON 11    GRTST 24HR  0.36 ON  3- 4      TO 1/4 MILE OR LESS
LOWEST:     43 ON 10, 1                            3 = THUNDER
                        SNOW, ICE PELLETS, HAIL    4 = ICE PELLETS
                        TOTAL MONTH:    M          5 = HAIL
                        GRTST 24HR    M  ON   M    6 = FREEZING RAIN OR DRIZZLE
                        GRTST DEPTH:  M  ON   M    7 = DUSTSTORM OR SANDSTORM:
                                                       VSBY 1/2 MILE OR LESS
                                                   8 = SMOKE OR HAZE
[NO. OF DAYS WITH]      [WEATHER - DAYS WITH]      9 = BLOWING SNOW
                                                   X = TORNADO
MAX 32 OR BELOW:   0    0.01 INCH OR MORE:   9
MAX 90 OR ABOVE:   1    0.10 INCH OR MORE:   3
MIN 32 OR BELOW:   0    0.50 INCH OR MORE:   0
MIN  0 OR BELOW:   0    1.00 INCH OR MORE:   0

[HDD (BASE 65) ]
TOTAL THIS MO.   113    CLEAR  (SCALE 0-3)  10
DPTR FM NORMAL   -85    PTCLDY (SCALE 4-7)   5
TOTAL FM JUL 1  3084    CLOUDY (SCALE 8-10) 12
DPTR FM NORMAL  -878

[CDD (BASE 65) ]
TOTAL THIS MO.    19
DPTR FM NORMAL     4    [PRESSURE DATA]
TOTAL FM JAN 1    37    HIGHEST SLP M ON M
DPTR FM NORMAL    21    LOWEST  SLP  0.00 ON 20

[REMARKS]
