000
CXUS56 KSTO 161425
CF6RBL
PRELIMINARY LOCAL CLIMATOLOGICAL DATA (WS FORM: F-6)

                                          STATION:   RED BLUFF AIRPORT CA
                                          MONTH:     JANUARY
                                          YEAR:      2018
                                          LATITUDE:   40  9 N
                                          LONGITUDE: 122 15 W

  TEMPERATURE IN F:       :PCPN:    SNOW:  WIND      :SUNSHINE: SKY     :PK WND
================================================================================
1   2   3   4   5  6A  6B    7    8   9   10  11  12  13   14  15   16   17  18
                                     12Z  AVG MX 2MIN
DY MAX MIN AVG DEP HDD CDD  WTR  SNW DPTH SPD SPD DIR MIN PSBL S-S WX    SPD DR
================================================================================

 1  71  37  54   9  11   0 0.00  0.0    0  4.8  9 320   M    M   0        12 350
 2  63  37  50   5  15   0 0.00  0.0    0  4.3 10 120   M    M   0        10 120
 3  61  41  51   6  14   0    T  0.0    0  5.7 14 180   M    M   3        16 180
 4  55  51  53   8  12   0 0.37  0.0    0  2.3 10 290   M    M  10 12     23 320
 5  60  50  55  10  10   0 0.03  0.0    0  8.7 20 150   M    M   9 12     25 150
 6  62  40  51   5  14   0 0.00  0.0    0  2.7 14 320   M    M   4 12     14 320
 7  56  37  47   1  18   0 0.00  0.0    0  4.8 10 360   M    M   4        13 360
 8  52  49  51   5  14   0 1.22    M    0  4.6 12 340   M    M  10 1      14 340
 9  63  50  57  11   8   0 0.34  0.0    0  5.4 18 300   M    M   7 1      26 290
10  55  48  52   6  13   0 0.15  0.0    0  3.4 10 350   M    M  10 1      12 340
11  56  51  54   8  11   0 0.00  0.0    0  4.4 14 170   M    M  10 1      17 170
12  64  45  55   9  10   0 0.00  0.0    0  7.0 16 360   M    M   4 1      24 330
13  58  42  50   4  15   0 0.00  0.0    0  5.6 12 340   M    M   0 1      13 340
14  60  38  49   3  16   0 0.00  0.0    0  3.0 10  70   M    M   4 12     14 160
15  57  38  48   2  17   0 0.01    M    0  2.9  9 100   M    M   7 128    11 100
================================================================================
SM  893  654       198   0  2.12     0.0  69.6          M       82
================================================================================
AV 59.5 43.6                               4.6 FASTST   M    M   5    MAX(MPH)
                                 MISC ---->  # 20 150               # 26  290
================================================================================
NOTES:
# LAST OF SEVERAL OCCURRENCES

COLUMN 17 PEAK WIND IN M.P.H.

PRELIMINARY LOCAL CLIMATOLOGICAL DATA (WS FORM: F-6) , PAGE 2

                                          STATION:  RED BLUFF AIRPORT CA
                                          MONTH:    JANUARY
                                          YEAR:     2018
                                          LATITUDE:   40  9 N
                                          LONGITUDE: 122 15 W

[TEMPERATURE DATA]      [PRECIPITATION DATA]       SYMBOLS USED IN COLUMN 16

AVERAGE MONTHLY: 51.6   TOTAL FOR MONTH:   2.12    1 = FOG OR MIST
DPTR FM NORMAL:   5.9   DPTR FM NORMAL:   -0.38    2 = FOG REDUCING VISIBILITY
HIGHEST:    71 ON  1    GRTST 24HR  1.22 ON  8- 8      TO 1/4 MILE OR LESS
LOWEST:     37 ON  7, 2                            3 = THUNDER
                        SNOW, ICE PELLETS, HAIL    4 = ICE PELLETS
                        TOTAL MONTH:   0.0 INCH    5 = HAIL
                        GRTST 24HR     0.0         6 = FREEZING RAIN OR DRIZZLE
                        GRTST DEPTH:   0           7 = DUSTSTORM OR SANDSTORM:
                                                       VSBY 1/2 MILE OR LESS
                                                   8 = SMOKE OR HAZE
[NO. OF DAYS WITH]      [WEATHER - DAYS WITH]      9 = BLOWING SNOW
                                                   X = TORNADO
MAX 32 OR BELOW:   0    0.01 INCH OR MORE:   6
MAX 90 OR ABOVE:   0    0.10 INCH OR MORE:   4
MIN 32 OR BELOW:   0    0.50 INCH OR MORE:   1
MIN  0 OR BELOW:   0    1.00 INCH OR MORE:   1

[HDD (BASE 65) ]
TOTAL THIS MO.   198    CLEAR  (SCALE 0-3)   4
DPTR FM NORMAL   -93    PTCLDY (SCALE 4-7)   6
TOTAL FM JUL 1  1053    CLOUDY (SCALE 8-10)  5
DPTR FM NORMAL  -305

[CDD (BASE 65) ]
TOTAL THIS MO.     0
DPTR FM NORMAL     0    [PRESSURE DATA]
TOTAL FM JAN 1     0    HIGHEST SLP M ON M
DPTR FM NORMAL     0    LOWEST  SLP 29.59 ON  9

[REMARKS]
