000
CXUS56 KBOI 291002
CF6REO
PRELIMINARY LOCAL CLIMATOLOGICAL DATA (WS FORM: F-6)

                                          STATION:   ROME OR
                                          MONTH:     JULY
                                          YEAR:      2016
                                          LATITUDE:   42 35 N
                                          LONGITUDE: 117 52 W

  TEMPERATURE IN F:       :PCPN:    SNOW:  WIND      :SUNSHINE: SKY     :PK WND
================================================================================
1   2   3   4   5  6A  6B    7    8   9   10  11  12  13   14  15   16   17  18
                                     12Z  AVG MX 2MIN
DY MAX MIN AVG DEP HDD CDD  WTR  SNW DPTH SPD SPD DIR MIN PSBL S-S WX    SPD DR
================================================================================

 1  97  57  77   8   0  12 0.00    M    M  7.6 21 310   M    M   0        26 310
 2  99  51  75   6   0  10 0.00    M    M  6.4 22 220   M    M   0        30 250
 3  96  60  78   9   0  13 0.00    M    M  9.3 24 240   M    M   0        33 250
 4  92  55  74   4   0   9 0.00    M    M  9.3 25 240   M    M   0        36 240
 5  86  47  67  -3   0   2 0.00    M    M  7.2 23 250   M    M   0        30 260
 6  84  43  64  -6   1   0 0.00    M    M  6.6 18  30   M    M   0        23  20
 7  93  46  70   0   0   5 0.00    M    M  5.6 21 230   M    M   0        26 240
 8  89  55  72   1   0   7 0.00    M    M 10.0 25 250   M    M   0        32 250
 9  84  58  71   0   0   6 0.00    M    M 11.1 26 210   M    M   0        37 190
10  69  47  58 -13   7   0 0.09    M    M 10.1 24 290   M    M   0        31 280
11  78  40  59 -12   6   0 0.00    M    M  5.9 13  10   M    M   0        16  20
12  87  49  68  -4   0   3 0.00    M    M  9.1 25 260   M    M   0        34 210
13  89  44  67  -5   0   2 0.00    M    M  5.1 21 240   M    M   0        29 250
14  96  50  73   1   0   8 0.00    M    M  6.9 17 290   M    M   0        28 290
15  94  50  72   0   0   7 0.00    M    M  7.6 23 240   M    M   0        29 240
16  89  47  68  -4   0   3 0.00    M    M  6.9 17  10   M    M   0        25 280
17  95  50  73   1   0   8 0.00    M    M  9.6 25 220   M    M   0        32 220
18  92  58  75   3   0  10 0.00    M    M 13.8 29 210   M    M   0        37 220
19  92  49  71  -1   0   6 0.00    M    M 11.1 25 240   M    M   0        34 210
20  93  51  72   0   0   7 0.00    M    M  8.0 21 210   M    M   0        27 210
21 101  51  76   4   0  11 0.00    M    M  9.8 26 180   M    M   0        36 180
22  91  63  77   4   0  12 0.00    M    M 13.1 26 250   M    M   0        32 250
23  90  47  69  -4   0   4 0.00    M    M  5.9 15 350   M    M   0        23 360
24  96  45  71  -2   0   6 0.00    M    M  6.0 12 350   M    M   0        15  20
25 102  54  78   5   0  13 0.00    M    M  5.2 15 270   M    M   0        20 240
26 100  58  79   6   0  14 0.00    M    M  6.7 17 300   M    M   0        23 240
27 103  57  80   7   0  15 0.00    M    M  7.4 21 260   M    M   0        27 240
28 103  59  81   9   0  16 0.00    M    M  6.7 16 340   M    M   0        23 210
================================================================================
SM 2580 1441        14 209  0.09    M    228.0          M        0
================================================================================
AV 92.1 51.5                               8.1 FASTST   M    M   0    MAX(MPH)
                                 MISC ---->  # 29 210               # 37  190
================================================================================
NOTES:
# LAST OF SEVERAL OCCURRENCES

COLUMN 17 PEAK WIND IN M.P.H.

PRELIMINARY LOCAL CLIMATOLOGICAL DATA (WS FORM: F-6) , PAGE 2

                                          STATION:  ROME OR
                                          MONTH:    JULY
                                          YEAR:     2016
                                          LATITUDE:   42 35 N
                                          LONGITUDE: 117 52 W

[TEMPERATURE DATA]      [PRECIPITATION DATA]       SYMBOLS USED IN COLUMN 16

AVERAGE MONTHLY: 71.8   TOTAL FOR MONTH:   0.09    1 = FOG OR MIST
DPTR FM NORMAL:   0.3   DPTR FM NORMAL:   -0.24    2 = FOG REDUCING VISIBILITY
HIGHEST:   103 ON 28,27 GRTST 24HR  0.09 ON 10-10      TO 1/4 MILE OR LESS
LOWEST:     40 ON 11                               3 = THUNDER
                        SNOW, ICE PELLETS, HAIL    4 = ICE PELLETS
                        TOTAL MONTH:    M          5 = HAIL
                        GRTST 24HR    M  ON   M    6 = FREEZING RAIN OR DRIZZLE
                        GRTST DEPTH:  M  ON   M    7 = DUSTSTORM OR SANDSTORM:
                                                       VSBY 1/2 MILE OR LESS
                                                   8 = SMOKE OR HAZE
[NO. OF DAYS WITH]      [WEATHER - DAYS WITH]      9 = BLOWING SNOW
                                                   X = TORNADO
MAX 32 OR BELOW:   0    0.01 INCH OR MORE:   1
MAX 90 OR ABOVE:  19    0.10 INCH OR MORE:   0
MIN 32 OR BELOW:   0    0.50 INCH OR MORE:   0
MIN  0 OR BELOW:   0    1.00 INCH OR MORE:   0

[HDD (BASE 65) ]
TOTAL THIS MO.    14    CLEAR  (SCALE 0-3)  28
DPTR FM NORMAL     3    PTCLDY (SCALE 4-7)   0
TOTAL FM JUL 1    14    CLOUDY (SCALE 8-10)  0
DPTR FM NORMAL     3

[CDD (BASE 65) ]
TOTAL THIS MO.   209
DPTR FM NORMAL    14    [PRESSURE DATA]
TOTAL FM JAN 1   380    HIGHEST SLP M ON M
DPTR FM NORMAL   113    LOWEST  SLP 29.66 ON 17

[REMARKS]
