000
CXUS53 KMPX 280837
CF6RGK
PRELIMINARY LOCAL CLIMATOLOGICAL DATA (WS FORM: F-6)

                                          STATION:   RED_WING MN
                                          MONTH:     MAY
                                          YEAR:      2017
                                          LATITUDE:   44 34 N
                                          LONGITUDE:  92 29 W

  TEMPERATURE IN F:       :PCPN:    SNOW:  WIND      :SUNSHINE: SKY     :PK WND
================================================================================
1   2   3   4   5  6A  6B    7    8   9   10  11  12  13   14  15   16   17  18
                                     12Z  AVG MX 2MIN
DY MAX MIN AVG DEP HDD CDD  WTR  SNW DPTH SPD SPD DIR MIN PSBL S-S WX    SPD DR
================================================================================

 1  45  37  41   M  24   0 0.17    M    M  8.0 13 320   M    M  10        21 320
 2  61  37  49   M  16   0 0.00    M    M  7.2 16 360   M    M   4        23 360
 3  66  37  52   M  13   0 0.00    M    M  3.8  9 200   M    M   5         M  M
 4  68  39  54   M  11   0 0.00    M    M  4.5 13  20   M    M   2        18  20
 5  75  37  56   M   9   0 0.00    M    M  4.2 22  40   M    M   1        33  40
 6  66  45  56   M   9   0 0.00    M    M  6.0 13  20   M    M   1        21  50
 7  64  45  55   M  10   0 0.00    M    M  5.7 12 100   M    M   3         M  M
 8  70  45  58   M   7   0 0.39    M    M 10.2 18 120   M    M   3 3      23 120
 9  72  52  62   M   3   0 0.00    M    M  3.2  9  80   M    M   8 3       M  M
10  66  46  56   M   9   0 0.00    M    M  1.5  8  20   M    M   4         M  M
11  66  45  56   M   9   0 0.00    M    M  5.5 12 350   M    M   0        17 350
12  73  39  56   M   9   0 0.00    M    M  3.8  8 210   M    M   2         M  M
13  81  55  68   M   0   3 0.00    M    M  3.2 10 300   M    M   1         9 290
14  84  52  68   M   0   3 0.00    M    M  9.1 17 130   M    M   2        22 130
15  72  59  66   M   0   1 0.35    M    M  9.0 14 130   M    M   2 3      21 130
16  84  63  74   M   0   9 1.67    M    M  8.4 22 130   M    M   6 3      38 260
17  70  61  66   M   0   1 1.03    M    M  4.3  8 110   M    M   8 3       M  M
18  61  43  52   M  13   0 0.14    M    M  8.2 15  20   M    M   8        21 360
19  54  43  49   M  16   0 0.00    M    M  7.6 14  90   M    M   5        20  80
20  52  43  48   M  17   0 1.08    M    M 10.5 15 110   M    M   9 1      23 110
21  54  46  50   M  15   0 0.00    M    M 10.9 18 260   M    M  10        25 260
22  68  45  57   M   8   0 0.00    M    M  6.0 15 290   M    M   3        21 290
23  57  52  55   M  10   0 0.09    M    M  3.8  9  30   M    M  10         M  M
24  63  48  56   M   9   0 0.00    M    M  4.6  8  20   M    M  10        16  30
25  72  45  59   M   6   0 0.01    M    M  4.1  9 120   M    M   2         M  M
26  77  61  69   M   0   4 0.00    M    M  5.1 10 200   M    M   5         M  M
27  72  48  60   M   5   0 0.00    M    M  2.8  8 270   M    M   2         M  M
================================================================================
SM 1813 1268       228  21  4.93    M    161.2          M      126
================================================================================
AV 67.2 47.0                               6.0 FASTST   M    M   5    MAX(MPH)
                                 MISC ---->  # 22  40               # 38  260
================================================================================
NOTES:
# LAST OF SEVERAL OCCURRENCES

COLUMN 17 PEAK WIND IN M.P.H.

PRELIMINARY LOCAL CLIMATOLOGICAL DATA (WS FORM: F-6) , PAGE 2

                                          STATION:  RED_WING MN
                                          MONTH:    MAY
                                          YEAR:     2017
                                          LATITUDE:   44 34 N
                                          LONGITUDE:  92 29 W

[TEMPERATURE DATA]      [PRECIPITATION DATA]       SYMBOLS USED IN COLUMN 16

AVERAGE MONTHLY: 57.1   TOTAL FOR MONTH:   4.93    1 = FOG OR MIST
DPTR FM NORMAL:     M   DPTR FM NORMAL:       M    2 = FOG REDUCING VISIBILITY
HIGHEST:    84 ON 16,14 GRTST 24HR  1.67 ON 16-16      TO 1/4 MILE OR LESS
LOWEST:     37 ON  5, 3                            3 = THUNDER
                        SNOW, ICE PELLETS, HAIL    4 = ICE PELLETS
                        TOTAL MONTH:    M          5 = HAIL
                        GRTST 24HR    M  ON   M    6 = FREEZING RAIN OR DRIZZLE
                        GRTST DEPTH:  M  ON   M    7 = DUSTSTORM OR SANDSTORM:
                                                       VSBY 1/2 MILE OR LESS
                                                   8 = SMOKE OR HAZE
[NO. OF DAYS WITH]      [WEATHER - DAYS WITH]      9 = BLOWING SNOW
                                                   X = TORNADO
MAX 32 OR BELOW:   0    0.01 INCH OR MORE:   9
MAX 90 OR ABOVE:   0    0.10 INCH OR MORE:   7
MIN 32 OR BELOW:   0    0.50 INCH OR MORE:   3
MIN  0 OR BELOW:   0    1.00 INCH OR MORE:   3

[HDD (BASE 65) ]
TOTAL THIS MO.   228    CLEAR  (SCALE 0-3)  12
DPTR FM NORMAL     M    PTCLDY (SCALE 4-7)  10
TOTAL FM JUL 1  6423    CLOUDY (SCALE 8-10)  5
DPTR FM NORMAL     M

[CDD (BASE 65) ]
TOTAL THIS MO.    21
DPTR FM NORMAL     M    [PRESSURE DATA]
TOTAL FM JAN 1    21    HIGHEST SLP M ON M
DPTR FM NORMAL     M    LOWEST  SLP M ON M

[REMARKS]
