000
CXUS53 KMPX 261000
CF6RGK
PRELIMINARY LOCAL CLIMATOLOGICAL DATA (WS FORM: F-6)

                                          STATION:   RED_WING MN
                                          MONTH:     FEBRUARY
                                          YEAR:      2015
                                          LATITUDE:   44 34 N
                                          LONGITUDE:  92 29 W

  TEMPERATURE IN F:       :PCPN:    SNOW:  WIND      :SUNSHINE: SKY     :PK WND
================================================================================
1   2   3   4   5  6A  6B    7    8   9   10  11  12  13   14  15   16   17  18
                                     12Z  AVG MX 2MIN
DY MAX MIN AVG DEP HDD CDD  WTR  SNW DPTH SPD SPD DIR MIN PSBL S-S WX    SPD DR
================================================================================

 1  21   5  13   M  52   0    M    M    M  9.1 14  70   M    M   5        23  40
 2  16  -9   4   M  61   0    M    M    M  4.0  9 180   M    M   2         M  M
 3  16  -2   7   M  58   0    M    M    M  0.9  8 140   M    M   6         M  M
 4  18  -8   5   M  60   0    M    M    M  4.8 14 310   M    M   5        21 310
 5  18 -17   1   M  64   0    M    M    M  6.3 20 220   M    M   1        25 220
 6  30   7  19   M  46   0    M    M    M  4.4  9 150   M    M   2         M  M
 7  37  18  28   M  37   0    M    M    M  4.5 10 120   M    M   0 18      M  M
 8  34  27  31   M  34   0    M    M    M  4.1  9  40   M    M   7 8       M  M
 9  30  14  22   M  43   0    M    M    M  1.9  5 190   M    M   5         M  M
10  30  14  22   M  43   0    M    M    M  7.2 16 120   M    M   7 1      22 120
11  30   3  17   M  48   0    M    M    M 12.7 17 290   M    M   7        27 310
12   9  -6   2   M  63   0    M    M    M  3.6  9 330   M    M   0        18 330
13  30   1  16   M  49   0    M    M    M  7.2 13 280   M    M   7        21 310
14  14  -9   3   M  62   0    M    M    M  9.8 18 350   M    M   1        27 330
15  10  -9   1   M  64   0    M    M    M  5.2  9 130   M    M   8         M  M
16  19  10  15   M  50   0    M    M    M  4.3  8 330   M    M  10         M  M
17  14   1   8   M  57   0    M    M    M  9.2 16 300   M    M   6 8      22 300
18   1  -8  -3   M  68   0    M    M    M  8.4 15 320   M    M   0        22 330
19   9 -18  -4   M  69   0    M    M    M  2.4  7 130   M    M   1         M  M
20  21   3  12   M  53   0    M    M    M  7.2 18 180   M    M  10        23 180
21  23   7  15   M  50   0    M    M    M  6.0 13 300   M    M   6        17 300
22   7 -15  -4   M  69   0    M    M    M  7.6 14 330   M    M   0        20 330
23  19 -20   0   M  65   0    M    M    M  6.0 15 200   M    M   1        22 210
24  34  12  23   M  42   0    M    M    M 12.2 20 330   M    M   5        29 340
25  16   3  10   M  55   0    M    M    M  3.3  8  10   M    M   7 8       M  M
================================================================================
SM  506    4      1362   0    M     M    152.3          M      109
================================================================================
AV 20.2  0.2                               6.1 FASTST   M    M   4    MAX(MPH)
                                 MISC ---->    20   M                 29    M
================================================================================
NOTES:
# LAST OF SEVERAL OCCURRENCES

COLUMN 17 PEAK WIND IN M.P.H.

PRELIMINARY LOCAL CLIMATOLOGICAL DATA (WS FORM: F-6) , PAGE 2

                                          STATION:  RED_WING MN
                                          MONTH:    FEBRUARY
                                          YEAR:     2015
                                          LATITUDE:   44 34 N
                                          LONGITUDE:  92 29 W

[TEMPERATURE DATA]      [PRECIPITATION DATA]       SYMBOLS USED IN COLUMN 16

AVERAGE MONTHLY: 10.2   TOTAL FOR MONTH:      M    1 = FOG OR MIST
DPTR FM NORMAL:     M   DPTR FM NORMAL:       M    2 = FOG REDUCING VISIBILITY
HIGHEST:    37 ON  7    GRTST 24HR    M  ON   M        TO 1/4 MILE OR LESS
LOWEST:    -20 ON 23                               3 = THUNDER
                        SNOW, ICE PELLETS, HAIL    4 = ICE PELLETS
                        TOTAL MONTH:    M          5 = HAIL
                        GRTST 24HR    M  ON   M    6 = FREEZING RAIN OR DRIZZLE
                        GRTST DEPTH:  M  ON   M    7 = DUSTSTORM OR SANDSTORM:
                                                       VSBY 1/2 MILE OR LESS
                                                   8 = SMOKE OR HAZE
[NO. OF DAYS WITH]      [WEATHER - DAYS WITH]      9 = BLOWING SNOW
                                                   X = TORNADO
MAX 32 OR BELOW:  22    0.01 INCH OR MORE:   0
MAX 90 OR ABOVE:   0    0.10 INCH OR MORE:   0
MIN 32 OR BELOW:  25    0.50 INCH OR MORE:   0
MIN  0 OR BELOW:  11    1.00 INCH OR MORE:   0

[HDD (BASE 65) ]
TOTAL THIS MO.  1362    CLEAR  (SCALE 0-3)  10
DPTR FM NORMAL     M    PTCLDY (SCALE 4-7)  13
TOTAL FM JUL 1  5855    CLOUDY (SCALE 8-10)  2
DPTR FM NORMAL     M

[CDD (BASE 65) ]
TOTAL THIS MO.     0
DPTR FM NORMAL     M    [PRESSURE DATA]
TOTAL FM JAN 1     0    HIGHEST SLP M ON M
DPTR FM NORMAL     M    LOWEST  SLP M ON M

[REMARKS]
