000
CXUS53 KMPX 181000
CF6RGK
PRELIMINARY LOCAL CLIMATOLOGICAL DATA (WS FORM: F-6)

                                          STATION:   RED_WING MN
                                          MONTH:     APRIL
                                          YEAR:      2014
                                          LATITUDE:   44 34 N
                                          LONGITUDE:  92 29 W

  TEMPERATURE IN F:       :PCPN:    SNOW:  WIND      :SUNSHINE: SKY     :PK WND
================================================================================
1   2   3   4   5  6A  6B    7    8   9   10  11  12  13   14  15   16   17  18
                                     12Z  AVG MX 2MIN
DY MAX MIN AVG DEP HDD CDD  WTR  SNW DPTH SPD SPD DIR MIN PSBL S-S WX    SPD DR
================================================================================

 1  37  23  30   M  35   0    M    M    M 13.1 20 310   M    M   6 1      29 310
 2  45  19  32   M  33   0 0.00    M    M  5.9 12  90   M    M   2        16  80
 3  41  32  37   M  28   0    M    M    M  8.5 17 110   M    M  10        24 110
 4  39  27  33   M  32   0    M    M    M  7.1 15 330   M    M   7        23 330
 5  48  19  34   M  31   0 0.00    M    0  4.5 12 200   M    M   1 1       M  M
 6  63  39  51   M  14   0 0.00    M    M  6.5 15 240   M    M   4        27 240
 7  63  36  50   M  15   0 0.01    M    M  3.9 15 330   M    M   4 1      18 330
 8  55  28  42   M  23   0 0.00    M    M  6.2 13 310   M    M   1        20 310
 9  70  27  49   M  16   0 0.00    M    M  7.7 24 220   M    M   2        30 220
10  63  34  49   M  16   0 0.00    M    M 10.1 28 290   M    M   2        37 290
11  64  32  48   M  17   0 0.00    M    M  2.1 12 280   M    M   4        17 280
12  54  45  50   M  15   0 0.19    M    M  9.5 15  90   M    M  10 3      22  90
13  46  36  41   M  24   0    M    M    M  8.2 18  10   M    M  10        28  10
14  37  27  32   M  33   0 0.00    M    M 10.8 17 320   M    M   7        28 350
15  37  21  29   M  36   0 0.00    M    M  5.3  9 290   M    M   4        17 320
16  52  34  43   M  22   0 0.40    M    M 12.5 21 120   M    M   8        28 110
17  43  27  35   M  30   0 0.02    M    M  6.0 12 320   M    M   8 1      17 360
================================================================================
SM  857  506       420   0  0.62    M    127.9          M       90
================================================================================
AV 50.4 29.8                               7.5 FASTST   M    M   5    MAX(MPH)
                                 MISC ---->    28   M                 37    M
================================================================================
NOTES:
# LAST OF SEVERAL OCCURRENCES

COLUMN 17 PEAK WIND IN M.P.H.

PRELIMINARY LOCAL CLIMATOLOGICAL DATA (WS FORM: F-6) , PAGE 2

                                          STATION:  RED_WING MN
                                          MONTH:    APRIL
                                          YEAR:     2014
                                          LATITUDE:   44 34 N
                                          LONGITUDE:  92 29 W

[TEMPERATURE DATA]      [PRECIPITATION DATA]       SYMBOLS USED IN COLUMN 16

AVERAGE MONTHLY: 40.1   TOTAL FOR MONTH:   0.62    1 = FOG OR MIST
DPTR FM NORMAL:     M   DPTR FM NORMAL:       M    2 = FOG REDUCING VISIBILITY
HIGHEST:    70 ON  9    GRTST 24HR  0.40 ON 16-16      TO 1/4 MILE OR LESS
LOWEST:     19 ON  5, 2                            3 = THUNDER
                        SNOW, ICE PELLETS, HAIL    4 = ICE PELLETS
                        TOTAL MONTH:    M          5 = HAIL
                        GRTST 24HR    M  ON   M    6 = FREEZING RAIN OR DRIZZLE
                        GRTST DEPTH:   0           7 = DUSTSTORM OR SANDSTORM:
                                                       VSBY 1/2 MILE OR LESS
                                                   8 = SMOKE OR HAZE
[NO. OF DAYS WITH]      [WEATHER - DAYS WITH]      9 = BLOWING SNOW
                                                   X = TORNADO
MAX 32 OR BELOW:   0    0.01 INCH OR MORE:   4
MAX 90 OR ABOVE:   0    0.10 INCH OR MORE:   2
MIN 32 OR BELOW:  11    0.50 INCH OR MORE:   0
MIN  0 OR BELOW:   0    1.00 INCH OR MORE:   0

[HDD (BASE 65) ]
TOTAL THIS MO.   420    CLEAR  (SCALE 0-3)   5
DPTR FM NORMAL     M    PTCLDY (SCALE 4-7)   9
TOTAL FM JUL 1  8293    CLOUDY (SCALE 8-10)  3
DPTR FM NORMAL     M

[CDD (BASE 65) ]
TOTAL THIS MO.     0
DPTR FM NORMAL     M    [PRESSURE DATA]
TOTAL FM JAN 1     0    HIGHEST SLP M ON M
DPTR FM NORMAL     M    LOWEST  SLP M ON M

[REMARKS]
