000
CXUS51 KRNK 230825
CF6RNK

PRELIMINARY LOCAL CLIMATOLOGICAL DATA (WS FORM: F-6)

                                          STATION:   BLACKSBURG VA
                                          MONTH:     FEBRUARY
                                          YEAR:      2018
                                          LATITUDE:   37 13 N
                                          LONGITUDE:  80 25 W

  TEMPERATURE IN F:       :PCPN:    SNOW:  WIND      :SUNSHINE: SKY     :PK WND
================================================================================
1   2   3   4   5  6A  6B    7    8   9   10  11  12  13   14  15   16   17  18
                                     12Z  AVG MX 2MIN
DY MAX MIN AVG DEP HDD CDD  WTR  SNW DPTH SPD SPD DIR MIN PSBL S-S WX    SPD DR
================================================================================

 1  47  23  35   3  30   0 0.13    T    0  3.3 13 290   M    M   6 1      22 290
 2  33  11  22 -10  43   0    T  0.1    0 12.1 20 300   M    M   5 1      35 300
 3  41  10  26  -6  39   0 0.00  0.0    0  2.6  9 110   M    M   3         M  M
 4  36  26  31  -1  34   0 0.86  1.3    T  2.4 14 290   M    M  10 146    23 290
 5  36  21  29  -4  36   0    T    T    0  6.2 20 300   M    M   4        35 300
 6  41  20  31  -2  34   0 0.19  0.0    0  1.5  7 260   M    M   8 1       M  M
 7  42  29  36   3  29   0 0.91  0.0    0  5.9 14 290   M    M  10 16     23 290
 8  41  25  33   0  32   0 0.00  0.0    0  8.1 17 290   M    M   5        23 290
 9  53  21  37   4  28   0 0.00  0.0    0  3.3 13 160   M    M   0        21 160
10  49  29  39   6  26   0 1.07  0.0    0  0.8  6 110   M    M  10 1       M  M
11  61  45  53  19  12   0 0.52  0.0    0  4.0 12 230   M    M   9 1      22 230
12  57  33  45  11  20   0    T  0.0    0  4.3 12 310   M    M   7        17 310
13  39  28  34   0  31   0 0.19  0.0    0  4.8  9  80   M    M   9 16      M  M
14  61  29  45  11  20   0 0.01  0.0    0  1.3 10 230   M    M   6 1       M  M
15  68  48  58  24   7   0    T  0.0    0  7.4 17 240   M    M   7 1      31 240
16  63  36  50  16  15   0 0.16  0.0    0  8.6 20 320   M    M   9 1      30 240
17  37  31  34   0  31   0 0.18  0.0    0  4.8 13 110   M    M   8 1      16 120
18  54  35  45  10  20   0 0.00  0.0    0  7.3 22 290   M    M   3        33 280
19  58  37  48  13  17   0 0.17  0.0    0  4.8 12 120   M    M   7 12      M  M
20  70  40  55  20  10   0 0.00  0.0    0  4.0 14 170   M    M   4 12     22 210
21  73  44  59  24   6   0 0.00  0.0    0  4.8 15 200   M    M   7 1      22 210
22  80  51  66  30   0   1 0.00  0.0    0  5.0 12 240   M    M   5        26 240
================================================================================
SM 1140  672       520   1  4.39     1.4 107.3          M      142
================================================================================
AV 51.8 30.6                               4.9 FASTST   M    M   6    MAX(MPH)
                                 MISC ---->  # 22 290               # 35  300
================================================================================
NOTES:
# LAST OF SEVERAL OCCURRENCES

COLUMN 17 PEAK WIND IN M.P.H.

PRELIMINARY LOCAL CLIMATOLOGICAL DATA (WS FORM: F-6) , PAGE 2

                                          STATION:  BLACKSBURG VA
                                          MONTH:    FEBRUARY
                                          YEAR:     2018
                                          LATITUDE:   37 13 N
                                          LONGITUDE:  80 25 W

[TEMPERATURE DATA]      [PRECIPITATION DATA]       SYMBOLS USED IN COLUMN 16

AVERAGE MONTHLY: 41.2   TOTAL FOR MONTH:   4.39    1 = FOG OR MIST
DPTR FM NORMAL:   7.5   DPTR FM NORMAL:    2.17    2 = FOG REDUCING VISIBILITY
HIGHEST:    80 ON 22    GRTST 24HR  1.07 ON 10-10      TO 1/4 MILE OR LESS
LOWEST:     10 ON  3                               3 = THUNDER
                        SNOW, ICE PELLETS, HAIL    4 = ICE PELLETS
                        TOTAL MONTH:   1.4 INCHES  5 = HAIL
                        GRTST 24HR   1.3 ON  4- 4  6 = FREEZING RAIN OR DRIZZLE
                        GRTST DEPTH:   T           7 = DUSTSTORM OR SANDSTORM:
                                                       VSBY 1/2 MILE OR LESS
                                                   8 = SMOKE OR HAZE
[NO. OF DAYS WITH]      [WEATHER - DAYS WITH]      9 = BLOWING SNOW
                                                   X = TORNADO
MAX 32 OR BELOW:   0    0.01 INCH OR MORE:  11
MAX 90 OR ABOVE:   0    0.10 INCH OR MORE:  10
MIN 32 OR BELOW:  13    0.50 INCH OR MORE:   4
MIN  0 OR BELOW:   0    1.00 INCH OR MORE:   1

[HDD (BASE 65) ]
TOTAL THIS MO.   520    CLEAR  (SCALE 0-3)   2
DPTR FM NORMAL  -169    PTCLDY (SCALE 4-7)  14
TOTAL FM JUL 1  3568    CLOUDY (SCALE 8-10)  6
DPTR FM NORMAL  -308

[CDD (BASE 65) ]
TOTAL THIS MO.     1
DPTR FM NORMAL     1    [PRESSURE DATA]
TOTAL FM JAN 1     1    HIGHEST SLP M ON M
DPTR FM NORMAL     1    LOWEST  SLP M ON M

[REMARKS] DUE TO MISSING TEMPERATURES FROM SEPTEMBER 8-10...THE
HEATING DEGREE DAY AND DEPARTURE FROM NORMAL WILL BE CALCULATED
WITHOUT DATA FROM THESE DATES.
