000
CXUS56 KSGX 291545
CF6RNM
PRELIMINARY LOCAL CLIMATOLOGICAL DATA (WS FORM: F-6)

                                          STATION:   RAMONA AIRPORT CA
                                          MONTH:     AUGUST
                                          YEAR:      2016
                                          LATITUDE:   33  2 N
                                          LONGITUDE: 116 55 W

  TEMPERATURE IN F:       :PCPN:    SNOW:  WIND      :SUNSHINE: SKY     :PK WND
================================================================================
1   2   3   4   5  6A  6B    7    8   9   10  11  12  13   14  15   16   17  18
                                     12Z  AVG MX 2MIN
DY MAX MIN AVG DEP HDD CDD  WTR  SNW DPTH SPD SPD DIR MIN PSBL S-S WX    SPD DR
================================================================================

 1  89  60  75   1   0  10 0.00  0.0    0  5.3 16 330   M    M   0        20 270
 2  91  60  76   2   0  11 0.00  0.0    0  5.9 15 270   M    M   0        19 280
 3  88  60  74   0   0   9 0.00  0.0    0  5.9 15 280   M    M   2        20 280
 4  88  61  75   1   0  10 0.00  0.0    0  5.8 14 260   M    M   4 18     19 280
 5  87  61  74   0   0   9 0.00  0.0    0  5.6 14 280   M    M   4 18     17 280
 6  87  59  73  -1   0   8 0.00  0.0    0  5.3 14 290   M    M   4 18     20 300
 7  87  60  74   0   0   9 0.00  0.0    0  4.8 14 270   M    M   4 18     18 270
 8  85  58  72  -2   0   7 0.00  0.0    0  5.1 15 260   M    M   4 1      19 270
 9  86  55  71  -3   0   6 0.00  0.0    0  4.5 15 270   M    M   3 1      21 300
10  88  50  69  -5   0   4 0.00  0.0    0  5.8 15 290   M    M   2 12     19 290
11  87  61  74   0   0   9 0.00  0.0    0  5.7 15 260   M    M   3 18     20 280
12  89  59  74   0   0   9 0.00  0.0    0  5.6 14 290   M    M   0        20 320
13  94  60  77   3   0  12 0.00  0.0    0  5.0 16 290   M    M   0 1      20 280
14  98  61  80   6   0  15 0.00  0.0    0  4.4 16 300   M    M   0        21 310
15 101  64  83   9   0  18 0.00  0.0    0  4.8 17 270   M    M   0 8      23 270
16 104  57  81   7   0  16 0.00  0.0    0  4.4 20 310   M    M   0        27 300
17 102  58  80   6   0  15 0.00  0.0    0  3.4 15 290   M    M   0        19 310
18  97  57  77   3   0  12 0.00  0.0    0  5.4 15 310   M    M   0        20 300
19  94  56  75   1   0  10 0.00  0.0    0  5.7 14 270   M    M   2        19 270
20  88  55  72  -2   0   7 0.00  0.0    0  5.7 15 300   M    M   2        21 320
21  90  56  73  -1   0   8 0.00  0.0    0  5.1 17 300   M    M   0        21 300
22  90  55  73  -1   0   8 0.00  0.0    0  4.6 17 270   M    M   0        22 280
23  88  53  71  -3   0   6 0.00  0.0    0  5.0 14 280   M    M   0        19 300
24  93  55  74   0   0   9 0.00  0.0    0  4.1 13 270   M    M   0        21 280
25  88  52  70  -4   0   5 0.00  0.0    0  5.0 17 270   M    M   3 1      20 260
26  82  57  70  -4   0   5 0.00  0.0    0  5.3 15 270   M    M   4 18     22 260
27  81  57  69  -5   0   4 0.00  0.0    0  4.6 16 280   M    M   5        21 270
28  89  56  73  -1   0   8 0.00  0.0    0  4.3 14 280   M    M   3 128    19 270
================================================================================
SM 2531 1613         0 259  0.00     0.0 142.1          M       49
================================================================================
AV 90.4 57.6                               5.1 FASTST   M    M   2    MAX(MPH)
                                 MISC ---->  # 20 310               # 27  300
================================================================================
NOTES:
# LAST OF SEVERAL OCCURRENCES

COLUMN 17 PEAK WIND IN M.P.H.

PRELIMINARY LOCAL CLIMATOLOGICAL DATA (WS FORM: F-6) , PAGE 2

                                          STATION:  RAMONA AIRPORT CA
                                          MONTH:    AUGUST
                                          YEAR:     2016
                                          LATITUDE:   33  2 N
                                          LONGITUDE: 116 55 W

[TEMPERATURE DATA]      [PRECIPITATION DATA]       SYMBOLS USED IN COLUMN 16

AVERAGE MONTHLY: 74.0   TOTAL FOR MONTH:   0.00    1 = FOG OR MIST
DPTR FM NORMAL:   0.0   DPTR FM NORMAL:   -0.13    2 = FOG REDUCING VISIBILITY
HIGHEST:   104 ON 16    GRTST 24HR  0.00 ON 28-28      TO 1/4 MILE OR LESS
LOWEST:     50 ON 10                               3 = THUNDER
                        SNOW, ICE PELLETS, HAIL    4 = ICE PELLETS
                        TOTAL MONTH:   0.0 INCH    5 = HAIL
                        GRTST 24HR     0.0         6 = FREEZING RAIN OR DRIZZLE
                        GRTST DEPTH:   0           7 = DUSTSTORM OR SANDSTORM:
                                                       VSBY 1/2 MILE OR LESS
                                                   8 = SMOKE OR HAZE
[NO. OF DAYS WITH]      [WEATHER - DAYS WITH]      9 = BLOWING SNOW
                                                   X = TORNADO
MAX 32 OR BELOW:   0    0.01 INCH OR MORE:   0
MAX 90 OR ABOVE:  11    0.10 INCH OR MORE:   0
MIN 32 OR BELOW:   0    0.50 INCH OR MORE:   0
MIN  0 OR BELOW:   0    1.00 INCH OR MORE:   0

[HDD (BASE 65) ]
TOTAL THIS MO.     0    CLEAR  (SCALE 0-3)  20
DPTR FM NORMAL     0    PTCLDY (SCALE 4-7)   8
TOTAL FM JUL 1     0    CLOUDY (SCALE 8-10)  0
DPTR FM NORMAL    -2

[CDD (BASE 65) ]
TOTAL THIS MO.   259
DPTR FM NORMAL     8    [PRESSURE DATA]
TOTAL FM JAN 1   758    HIGHEST SLP M ON M
DPTR FM NORMAL   172    LOWEST  SLP 29.76 ON  7

[REMARKS]
