000
CXUS55 KREV 190836
CF6RNO
PRELIMINARY LOCAL CLIMATOLOGICAL DATA (WS FORM: F-6)

                                          STATION:   RENO TAHOE AIRPORT NV
                                          MONTH:     DECEMBER
                                          YEAR:      2014
                                          LATITUDE:   39 30 N
                                          LONGITUDE: 119 47 W

  TEMPERATURE IN F:       :PCPN:    SNOW:  WIND      :SUNSHINE: SKY     :PK WND
================================================================================
1   2   3   4   5  6A  6B    7    8   9   10  11  12  13   14  15   16   17  18
                                     12Z  AVG MX 2MIN
DY MAX MIN AVG DEP HDD CDD  WTR  SNW DPTH SPD SPD DIR MIN PSBL S-S WX    SPD DR
================================================================================

 1  57  37  47   9  18   0    T  0.0    0  2.1  8  70   M    M   M 1      10 220
 2  43  32  38   1  27   0 0.62  0.0    0  1.9  9 200   M    M   M 18     12 290
 3  55  35  45   8  20   0 0.07  0.0    0  5.7 31 180   M    M   M 1      36 180
 4  55  36  46   9  19   0    T  0.0    0  3.5 14  20   M    M   M        20 270
 5  54  32  43   6  22   0 0.00  0.0    0  2.3 10 140   M    M   M 1      12 250
 6  58  40  49  13  16   0 0.00  0.0    0  4.5 17 190   M    M   M        20 190
 7  54  32  43   7  22   0 0.00  0.0    0  1.2  7 320   M    M   M        11 280
 8  48  31  40   4  25   0 0.00  0.0    0  1.4  7 140   M    M   M        10 280
 9  49  30  40   4  25   0 0.00  0.0    0  1.6  8 290   M    M   M        16 300
10  59  31  45   9  20   0 0.00  0.0    0  7.9 29 200   M    M   M 1      35 200
11  63  45  54  18  11   0    T  0.0    0 22.1 53 200   M    M   M        71 200
12  48  38  43   8  22   0    T  0.0    0 10.7 20 300   M    M   M        26 270
13  47  27  37   2  28   0 0.00  0.0    0  3.2 13 360   M    M   M        16 340
14  45  26  36   1  29   0 0.07    T    0  2.0 14 210   M    M   M 1      20 140
15  42  33  38   3  27   0 0.08  0.4    0  3.1  9 210   M    M   M 1      14 220
16  51  32  42   7  23   0 0.00  0.0    0  4.1 22 190   M    M   M        24 190
17  49  31  40   5  25   0 0.00  0.0    0  2.3 13 290   M    M   M        17 290
18  50  30  40   5  25   0 0.00  0.0    0  1.5  7  10   M    M   M        10 340
================================================================================
SM  927  598       404   0  0.84     0.4  81.1          M        M
================================================================================
AV 51.5 33.2                               4.5 FASTST   M    M   0    MAX(MPH)
                                 MISC ---->  # 53 200               # 71  200
================================================================================
NOTES:
# LAST OF SEVERAL OCCURRENCES

COLUMN 17 PEAK WIND IN M.P.H.

PRELIMINARY LOCAL CLIMATOLOGICAL DATA (WS FORM: F-6) , PAGE 2

                                          STATION:  RENO TAHOE AIRPORT NV
                                          MONTH:    DECEMBER
                                          YEAR:     2014
                                          LATITUDE:   39 30 N
                                          LONGITUDE: 119 47 W

[TEMPERATURE DATA]      [PRECIPITATION DATA]       SYMBOLS USED IN COLUMN 16

AVERAGE MONTHLY: 42.4   TOTAL FOR MONTH:   0.84    1 = FOG OR MIST
DPTR FM NORMAL:   6.4   DPTR FM NORMAL:    0.29    2 = FOG REDUCING VISIBILITY
HIGHEST:    63 ON 11    GRTST 24HR  0.69 ON  2- 3      TO 1/4 MILE OR LESS
LOWEST:     26 ON 14                               3 = THUNDER
                        SNOW, ICE PELLETS, HAIL    4 = ICE PELLETS
                        TOTAL MONTH:   0.4 INCH    5 = HAIL
                        GRTST 24HR   0.4 ON   M    6 = FREEZING RAIN OR DRIZZLE
                        GRTST DEPTH:   0           7 = DUSTSTORM OR SANDSTORM:
                                                       VSBY 1/2 MILE OR LESS
                                                   8 = SMOKE OR HAZE
[NO. OF DAYS WITH]      [WEATHER - DAYS WITH]      9 = BLOWING SNOW
                                                   X = TORNADO
MAX 32 OR BELOW:   0    0.01 INCH OR MORE:   4
MAX 90 OR ABOVE:   0    0.10 INCH OR MORE:   1
MIN 32 OR BELOW:  11    0.50 INCH OR MORE:   1
MIN  0 OR BELOW:   0    1.00 INCH OR MORE:   0

[HDD (BASE 65) ]
TOTAL THIS MO.   404    CLEAR  (SCALE 0-3)   0
DPTR FM NORMAL  -119    PTCLDY (SCALE 4-7)   0
TOTAL FM JUL 1  1229    CLOUDY (SCALE 8-10)  0
DPTR FM NORMAL  -397

[CDD (BASE 65) ]
TOTAL THIS MO.     0
DPTR FM NORMAL     0    [PRESSURE DATA]
TOTAL FM JAN 1  1211    HIGHEST SLP M ON M
DPTR FM NORMAL   372    LOWEST  SLP 29.42 ON 11

[REMARKS]
