000
CXUS51 KRNK 250849
CF6ROA
PRELIMINARY LOCAL CLIMATOLOGICAL DATA (WS FORM: F-6)

                                          STATION:   ROANOKE VA
                                          MONTH:     MARCH
                                          YEAR:      2017
                                          LATITUDE:   37 19 N
                                          LONGITUDE:  79 58 W

  TEMPERATURE IN F:       :PCPN:    SNOW:  WIND      :SUNSHINE: SKY     :PK WND
================================================================================
1   2   3   4   5  6A  6B    7    8   9   10  11  12  13   14  15   16   17  18
                                     12Z  AVG MX 2MIN
DY MAX MIN AVG DEP HDD CDD  WTR  SNW DPTH SPD SPD DIR MIN PSBL S-S WX    SPD DR
================================================================================

 1  75  49  62  19   3   0 0.18  0.0    0  8.6 47 310   M    M   7 13     59 310
 2  54  38  46   3  19   0 0.00  0.0    0 18.1 35 300   M    M   2        47 310
 3  42  30  36  -7  29   0    T    T    0 15.0 32 300   M    M   3        41 290
 4  50  27  39  -5  26   0 0.00  0.0    0  8.7 22 310   M    M   1        32 310
 5  49  26  38  -6  27   0 0.00  0.0    0  5.7 14 120   M    M   0        18 110
 6  60  30  45   1  20   0    T  0.0    0  3.1 13 150   M    M   6        14 150
 7  65  49  57  13   8   0 0.16  0.0    0  7.6 21 220   M    M   8 1      31 220
 8  65  46  56  11   9   0    T  0.0    0 12.4 30 310   M    M   3        43 310
 9  71  48  60  15   5   0 0.00  0.0    0  9.6 24 260   M    M   0        32 240
10  59  35  47   2  18   0    T  0.0    0 18.1 35 290   M    M   4        50 290
11  46  27  37  -9  28   0 0.00  0.0    0 12.0 23 330   M    M   2        30 330
12  50  30  40  -6  25   0 0.00  0.0    0  6.6 17 280   M    M   3        24 290
13  47  27  37  -9  28   0 0.15    T    0  7.4 16 140   M    M   7 14     20 100
14  41  21  31 -16  34   0 0.13  0.1    0 13.2 30 280   M    M  10 1      37 290
15  33  16  25 -22  40   0    T    T    0 19.7 33 290   M    M   3        51 280
16  42  24  33 -14  32   0 0.00  0.0    0 13.0 22 300   M    M   1        31 280
17  50  25  38 -10  27   0 0.25  0.0    0  4.2 14 160   M    M   6 1      17 160
18  67  38  53   5  12   0 0.10    T    0  9.0 32 320   M    M   7 135    39 320
19  55  37  46  -2  19   0 0.00  0.0    0 11.4 24 340   M    M   5        30 330
20  66  32  49   0  16   0    T  0.0    0  4.8 15 113   M    M   4        21 230
21  70  47  59  10   6   0 0.00  0.0    0  9.5 23 320   M    M   4        31 320
22  58  37  48  -1  17   0 0.00  0.0    0 11.1 28 330   M    M   1        37 330
23  53  30  42  -8  23   0 0.00  0.0    0  6.3 15 120   M    M   1        20 150
24  71  37  54   4  11   0 0.00  0.0    0  5.4 15 160   M    M   5        19 160
================================================================================
SM 1339  806       482   0  0.97     0.1 240.5          M       93
================================================================================
AV 55.8 33.6                              10.0 FASTST   M    M   4    MAX(MPH)
                                 MISC ---->  # 47 310               # 59  310
================================================================================
NOTES:
# LAST OF SEVERAL OCCURRENCES

COLUMN 17 PEAK WIND IN M.P.H.

PRELIMINARY LOCAL CLIMATOLOGICAL DATA (WS FORM: F-6) , PAGE 2

                                          STATION:  ROANOKE VA
                                          MONTH:    MARCH
                                          YEAR:     2017
                                          LATITUDE:   37 19 N
                                          LONGITUDE:  79 58 W

[TEMPERATURE DATA]      [PRECIPITATION DATA]       SYMBOLS USED IN COLUMN 16

AVERAGE MONTHLY: 44.7   TOTAL FOR MONTH:   0.97    1 = FOG OR MIST
DPTR FM NORMAL:  -1.6   DPTR FM NORMAL:   -1.64    2 = FOG REDUCING VISIBILITY
HIGHEST:    75 ON  1    GRTST 24HR  0.25 ON 17-17      TO 1/4 MILE OR LESS
LOWEST:     16 ON 15                               3 = THUNDER
                        SNOW, ICE PELLETS, HAIL    4 = ICE PELLETS
                        TOTAL MONTH:   0.1 INCH    5 = HAIL
                        GRTST 24HR   0.1 ON   M    6 = FREEZING RAIN OR DRIZZLE
                        GRTST DEPTH:   0           7 = DUSTSTORM OR SANDSTORM:
                                                       VSBY 1/2 MILE OR LESS
                                                   8 = SMOKE OR HAZE
[NO. OF DAYS WITH]      [WEATHER - DAYS WITH]      9 = BLOWING SNOW
                                                   X = TORNADO
MAX 32 OR BELOW:   0    0.01 INCH OR MORE:   6
MAX 90 OR ABOVE:   0    0.10 INCH OR MORE:   6
MIN 32 OR BELOW:  13    0.50 INCH OR MORE:   0
MIN  0 OR BELOW:   0    1.00 INCH OR MORE:   0

[HDD (BASE 65) ]
TOTAL THIS MO.   482    CLEAR  (SCALE 0-3)  11
DPTR FM NORMAL    29    PTCLDY (SCALE 4-7)  12
TOTAL FM JUL 1  2946    CLOUDY (SCALE 8-10)  1
DPTR FM NORMAL  -712

[CDD (BASE 65) ]
TOTAL THIS MO.     0
DPTR FM NORMAL     0    [PRESSURE DATA]
TOTAL FM JAN 1     0    HIGHEST SLP M ON M
DPTR FM NORMAL     0    LOWEST  SLP 29.67 ON  1

[REMARKS]
