000
CXUS51 KRNK 190621
CF6ROA
PRELIMINARY LOCAL CLIMATOLOGICAL DATA (WS FORM: F-6)
STATION: ROANOKE VA
MONTH: APRIL
YEAR: 2024
LATITUDE: 37 19 N
LONGITUDE: 79 58 W
TEMPERATURE IN F: :PCPN: SNOW: WIND :SUNSHINE: SKY :PK WND
================================================================================
1 2 3 4 5 6A 6B 7 8 9 10 11 12 13 14 15 16 17 18
12Z AVG MX 2MIN
DY MAX MIN AVG DEP HDD CDD WTR SNW DPTH SPD SPD DIR MIN PSBL S-S WX SPD DR
================================================================================
1 84 52 68 15 0 3 0.20 0.0 0 6.3 24 320 M M 5 13 32 280
2 72 55 64 10 1 0 T 0.0 0 5.2 16 110 M M 9 12 21 120
3 71 45 58 4 7 0 0.79 0.0 0 11.5 33 310 M M 6 123 46 290
4 52 42 47 -7 18 0 0.01 0.0 0 12.6 32 270 M M 7 46 260
5 54 40 47 -8 18 0 0.00 0.0 0 13.4 24 310 M M 6 34 300
6 56 40 48 -7 17 0 0.00 0.0 0 9.9 26 350 M M 6 35 340
7 69 33 51 -4 14 0 0.00 0.0 0 2.9 13 220 M M 2 18 230
8 69 44 57 1 8 0 T 0.0 0 1.1 10 240 M M 6 15 260
9 66 51 59 3 6 0 0.04 0.0 0 4.8 23 260 M M 7 33 270
10 72 57 65 9 0 0 T 0.0 0 4.6 16 160 M M 8 20 150
11 69 61 65 8 0 0 0.76 0.0 0 10.7 21 230 M M 10 13 37 180
12 62 53 58 1 7 0 T 0.0 0 18.4 33 290 M M 7 52 280
13 69 52 61 4 4 0 T 0.0 0 17.7 33 290 M M 3 51 300
14 84 50 67 9 0 2 0.00 0.0 0 10.2 25 260 M M 1 36 250
15 88 67 78 20 0 13 0.00 0.0 0 8.5 18 240 M M 1 27 200
16 79 58 69 11 0 4 0.00 0.0 0 4.2 15 110 M M 2 18 20
17 80 61 71 12 0 6 T 0.0 0 5.0 15 250 M M 6 20 200
18 87 61 74 15 0 9 0.00 0.0 0 9.0 23 310 M M 1 34 300
================================================================================
SM 1283 922 100 37 1.80 0.0 156.0 M 93
================================================================================
AV 71.3 51.2 8.7 FASTST M M 5 MAX(MPH)
MISC ----> # 33 310 52 280
================================================================================
NOTES:
# LAST OF SEVERAL OCCURRENCES
COLUMN 17 PEAK WIND IN M.P.H.
PRELIMINARY LOCAL CLIMATOLOGICAL DATA (WS FORM: F-6) , PAGE 2
STATION: ROANOKE VA
MONTH: APRIL
YEAR: 2024
LATITUDE: 37 19 N
LONGITUDE: 79 58 W
[TEMPERATURE DATA] [PRECIPITATION DATA] SYMBOLS USED IN COLUMN 16
AVERAGE MONTHLY: 61.3 TOTAL FOR MONTH: 1.80 1 = FOG OR MIST
DPTR FM NORMAL: 5.1 DPTR FM NORMAL: -0.22 2 = FOG REDUCING VISIBILITY
HIGHEST: 88 ON 15 GRTST 24HR 0.79 ON 3- 3 TO 1/4 MILE OR LESS
LOWEST: 33 ON 7 3 = THUNDER
SNOW, ICE PELLETS, HAIL 4 = ICE PELLETS
TOTAL MONTH: 0.0 INCH 5 = HAIL
GRTST 24HR 0.0 6 = FREEZING RAIN OR DRIZZLE
GRTST DEPTH: 0 7 = DUSTSTORM OR SANDSTORM:
VSBY 1/2 MILE OR LESS
8 = SMOKE OR HAZE
[NO. OF DAYS WITH] [WEATHER - DAYS WITH] 9 = BLOWING SNOW
X = TORNADO
MAX 32 OR BELOW: 0 0.01 INCH OR MORE: 5
MAX 90 OR ABOVE: 0 0.10 INCH OR MORE: 3
MIN 32 OR BELOW: 0 0.50 INCH OR MORE: 2
MIN 0 OR BELOW: 0 1.00 INCH OR MORE: 0
[HDD (BASE 65) ]
TOTAL THIS MO. 100 CLEAR (SCALE 0-3) 6
DPTR FM NORMAL -72 PTCLDY (SCALE 4-7) 10
TOTAL FM JUL 1 3025 CLOUDY (SCALE 8-10) 2
DPTR FM NORMAL -689
[CDD (BASE 65) ]
TOTAL THIS MO. 37
DPTR FM NORMAL 25 [PRESSURE DATA]
TOTAL FM JAN 1 39 HIGHEST SLP M ON M
DPTR FM NORMAL 22 LOWEST SLP 29.27 ON 3
[REMARKS]