000
CXUS55 KABQ 301000
CF6ROW
PRELIMINARY LOCAL CLIMATOLOGICAL DATA (WS FORM: F-6)

                                          STATION:   ROSWELL NM
                                          MONTH:     APRIL
                                          YEAR:      2016
                                          LATITUDE:   33 17 N
                                          LONGITUDE: 104 32 W

  TEMPERATURE IN F:       :PCPN:    SNOW:  WIND      :SUNSHINE: SKY     :PK WND
================================================================================
1   2   3   4   5  6A  6B    7    8   9   10  11  12  13   14  15   16   17  18
                                     12Z  AVG MX 2MIN
DY MAX MIN AVG DEP HDD CDD  WTR  SNW DPTH SPD SPD DIR MIN PSBL S-S WX    SPD DR
================================================================================

 1  56  33  45 -12  20   0 0.42    T    0 10.7 24  60   M    M   7 1      34  60
 2  64  31  48  -9  17   0 0.00  0.0    0  6.6 14 170   M    M   0        19 180
 3  79  32  56  -1   9   0 0.00  0.0    0  6.8 16 220   M    M   0        23 170
 4  83  39  61   4   4   0 0.00  0.0    0  5.7 16 160   M    M   0        20 120
 5  90  39  65   7   0   0 0.00  0.0    0  9.7 26 200   M    M   0        32 220
 6  77  43  60   2   5   0 0.00  0.0    0  7.6 31  30   M    M   0        40  20
 7  80  39  60   2   5   0 0.00  0.0    0  8.3 22  60   M    M   0        28  30
 8  71  53  62   4   3   0    T  0.0    0  6.0 18 140   M    M   6 3      24 150
 9  83  45  64   5   1   0 0.06  0.0    0  8.1 18 250   M    M   1 13     27 290
10  83  42  63   4   2   0 0.00  0.0    0 10.4 29 240   M    M   0        37 240
11  70  44  57  -2   8   0 0.00  0.0    0 11.9 23  20   M    M   0        30  30
12  51  42  47 -13  18   0 0.29  0.0    0  4.8 10 360   M    M   8 1      13 360
13  75  38  57  -3   8   0 0.00  0.0    0  6.3 15 160   M    M   2 12     20 150
14  86  41  64   4   1   0 0.00  0.0    0 10.3 25 170   M    M   0        32 170
15  86  50  68   8   0   3 0.00  0.0    0 15.4 33 220   M    M   0        43 210
16  73  50  62   1   3   0 0.00  0.0    0 15.7 31 220   M    M   0        38 220
17  69  40  55  -6  10   0 0.00  0.0    0  8.4 20  20   M    M   1        25  20
18  70  47  59  -2   6   0 0.00  0.0    0  8.4 17 160   M    M   5        34 150
19  76  50  63   1   2   0    T  0.0    0  6.2 14  40   M    M   4        21  50
20  83  43  63   1   2   0 0.00  0.0    0  8.4 20 130   M    M   0        27 200
21  80  51  66   4   0   1 0.00  0.0    0  8.2 17 340   M    M   0        20 360
22  83  50  67   4   0   2 0.00  0.0    0  9.3 23 180   M    M   0        29 170
23  88  47  68   5   0   3 0.00  0.0    0 13.7 31 170   M    M   0        39 170
24  88  47  68   5   0   3 0.00  0.0    0 10.0 23 260   M    M   0        32 250
25  89  46  68   4   0   3 0.00  0.0    0 13.0 35 220   M    M   1        46 230
26  77  46  62  -2   3   0    T  0.0    0 12.9 35 260   M    M   1        44 260
27  82  40  61  -3   4   0 0.00  0.0    0  7.6 20 300   M    M   0        25 160
28  87  48  68   4   0   3 0.00  0.0    0 12.4 31 200   M    M   0        44 210
29  79  55  67   2   0   2 0.00  0.0    0 10.0 22 290   M    M   1        27 290
================================================================================
SM 2258 1271       131  20  0.77    T    272.8          M       37
================================================================================
AV 77.9 43.8                               9.4 FASTST   M    M   1    MAX(MPH)
                                 MISC ---->  # 35 220               # 46  230
================================================================================
NOTES:
# LAST OF SEVERAL OCCURRENCES

COLUMN 17 PEAK WIND IN M.P.H.

PRELIMINARY LOCAL CLIMATOLOGICAL DATA (WS FORM: F-6) , PAGE 2

                                          STATION:  ROSWELL NM
                                          MONTH:    APRIL
                                          YEAR:     2016
                                          LATITUDE:   33 17 N
                                          LONGITUDE: 104 32 W

[TEMPERATURE DATA]      [PRECIPITATION DATA]       SYMBOLS USED IN COLUMN 16

AVERAGE MONTHLY: 60.8   TOTAL FOR MONTH:   0.77    1 = FOG OR MIST
DPTR FM NORMAL:   0.3   DPTR FM NORMAL:    0.19    2 = FOG REDUCING VISIBILITY
HIGHEST:    90 ON  5    GRTST 24HR  0.42 ON  1- 1      TO 1/4 MILE OR LESS
LOWEST:     31 ON  2                               3 = THUNDER
                        SNOW, ICE PELLETS, HAIL    4 = ICE PELLETS
                        TOTAL MONTH:    T          5 = HAIL
                        GRTST 24HR    T  ON  1- 1  6 = FREEZING RAIN OR DRIZZLE
                        GRTST DEPTH:   0           7 = DUSTSTORM OR SANDSTORM:
                                                       VSBY 1/2 MILE OR LESS
                                                   8 = SMOKE OR HAZE
[NO. OF DAYS WITH]      [WEATHER - DAYS WITH]      9 = BLOWING SNOW
                                                   X = TORNADO
MAX 32 OR BELOW:   0    0.01 INCH OR MORE:   3
MAX 90 OR ABOVE:   1    0.10 INCH OR MORE:   2
MIN 32 OR BELOW:   2    0.50 INCH OR MORE:   0
MIN  0 OR BELOW:   0    1.00 INCH OR MORE:   0

[HDD (BASE 65) ]
TOTAL THIS MO.   131    CLEAR  (SCALE 0-3)  24
DPTR FM NORMAL   -30    PTCLDY (SCALE 4-7)   4
TOTAL FM JUL 1  2969    CLOUDY (SCALE 8-10)  1
DPTR FM NORMAL  -286

[CDD (BASE 65) ]
TOTAL THIS MO.    20
DPTR FM NORMAL   -14    [PRESSURE DATA]
TOTAL FM JAN 1    20    HIGHEST SLP M ON M
DPTR FM NORMAL   -17    LOWEST  SLP 29.41 ON M

[REMARKS]
