000
CXUS56 KFGZ 200900
CF6RQE
PRELIMINARY LOCAL CLIMATOLOGICAL DATA (WS FORM: F-6)

                                          STATION:   WINDOW ROCK AZ AIRPORT
                                          MONTH:     OCTOBER
                                          YEAR:      2014
                                          LATITUDE:   35 39 N
                                          LONGITUDE: 109  4 W

  TEMPERATURE IN F:       :PCPN:    SNOW:  WIND      :SUNSHINE: SKY     :PK WND
================================================================================
1   2   3   4   5  6A  6B    7    8   9   10  11  12  13   14  15   16   17  18
                                     12Z  AVG MX 2MIN
DY MAX MIN AVG DEP HDD CDD  WTR  SNW DPTH SPD SPD DIR MIN PSBL S-S WX    SPD DR
================================================================================

 1  70  38  54   1  11   0 0.00    M    M  3.8 12 270   M    M   2        17 260
 2  69  31  50  -3  15   0 0.00    M    M  4.0 18 340   M    M   0        24 250
 3  76  30  53   0  12   0 0.00    M    M  3.9 16  10   M    M   0        23 350
 4  75  32  54   2  11   0 0.00    M    M  3.7  9 290   M    M   0        23 270
 5  75  32  54   2  11   0 0.00    M    M  3.9 15 280   M    M   0        21 280
 6  80  30  55   3  10   0 0.00    M    M  2.6 14 340   M    M   0        18 320
 7  78  35  57   6   8   0 0.00    M    M  2.7 13 290   M    M   0        17 290
 8  66  47  57   6   8   0 0.11    M    M  2.7 16 180   M    M   7        22 190
 9  65  44  55   4  10   0 0.07    M    M  5.9 17 220   M    M   8 1      23 220
10  69  41  55   5  10   0 0.00    M    M  3.7 17 320   M    M   3        27 340
11  73  36  55   5  10   0    T    M    M  4.1 22 310   M    M   0        36 320
12  68  33  51   1  14   0 0.00    M    M 12.8 33 300   M    M   0        44 310
13  65  25  45  -4  20   0 0.00    M    M  5.2 15 260   M    M   0        20 280
14  74  28  51   2  14   0 0.00    M    0  1.9 12 110   M    M   0        16 130
15  74  28  51   2  14   0 0.00    M    M  4.6 18 240   M    M   0        24 230
16  75  37  56   8   9   0 0.00    M    M  3.7 18 230   M    M   0 8      24 250
17  69  37  53   5  12   0 0.00    M    M  4.2 14 200   M    M   1        16 210
18  73  35  54   6  11   0 0.00    M    M  2.2 12  60   M    M   4        17 190
19  72  37  55   8  10   0    T    M    M  3.2 24 130   M    M   5        45 110
================================================================================
SM 1366  656       220   0  0.18    M     78.8          M       30
================================================================================
AV 71.9 34.5                               4.1 FASTST   M    M   2    MAX(MPH)
                                 MISC ---->  # 33 300               # 45  110
================================================================================
NOTES:
# LAST OF SEVERAL OCCURRENCES

COLUMN 17 PEAK WIND IN M.P.H.

PRELIMINARY LOCAL CLIMATOLOGICAL DATA (WS FORM: F-6) , PAGE 2

                                          STATION:  WINDOW ROCK AZ AIRPORT
                                          MONTH:    OCTOBER
                                          YEAR:     2014
                                          LATITUDE:   35 39 N
                                          LONGITUDE: 109  4 W

[TEMPERATURE DATA]      [PRECIPITATION DATA]       SYMBOLS USED IN COLUMN 16

AVERAGE MONTHLY: 53.2   TOTAL FOR MONTH:   0.18    1 = FOG OR MIST
DPTR FM NORMAL:   2.9   DPTR FM NORMAL:   -0.48    2 = FOG REDUCING VISIBILITY
HIGHEST:    80 ON  6    GRTST 24HR  0.18 ON  8- 9      TO 1/4 MILE OR LESS
LOWEST:     25 ON 13                               3 = THUNDER
                        SNOW, ICE PELLETS, HAIL    4 = ICE PELLETS
                        TOTAL MONTH:    M          5 = HAIL
                        GRTST 24HR    M  ON   M    6 = FREEZING RAIN OR DRIZZLE
                        GRTST DEPTH:   0           7 = DUSTSTORM OR SANDSTORM:
                                                       VSBY 1/2 MILE OR LESS
                                                   8 = SMOKE OR HAZE
[NO. OF DAYS WITH]      [WEATHER - DAYS WITH]      9 = BLOWING SNOW
                                                   X = TORNADO
MAX 32 OR BELOW:   0    0.01 INCH OR MORE:   2
MAX 90 OR ABOVE:   0    0.10 INCH OR MORE:   1
MIN 32 OR BELOW:   8    0.50 INCH OR MORE:   0
MIN  0 OR BELOW:   0    1.00 INCH OR MORE:   0

[HDD (BASE 65) ]
TOTAL THIS MO.   220    CLEAR  (SCALE 0-3)  14
DPTR FM NORMAL   -62    PTCLDY (SCALE 4-7)   5
TOTAL FM JUL 1   290    CLOUDY (SCALE 8-10)  0
DPTR FM NORMAL  -176

[CDD (BASE 65) ]
TOTAL THIS MO.     0
DPTR FM NORMAL     0    [PRESSURE DATA]
TOTAL FM JAN 1   450    HIGHEST SLP M ON M
DPTR FM NORMAL   170    LOWEST  SLP 29.81 ON  1

[REMARKS]
