000
CXUS56 KFGZ 200900
CF6RQE
PRELIMINARY LOCAL CLIMATOLOGICAL DATA (WS FORM: F-6)

                                          STATION:   WINDOW ROCK AZ AIRPORT
                                          MONTH:     OCTOBER
                                          YEAR:      2017
                                          LATITUDE:   35 39 N
                                          LONGITUDE: 109  4 W

  TEMPERATURE IN F:       :PCPN:    SNOW:  WIND      :SUNSHINE: SKY     :PK WND
================================================================================
1   2   3   4   5  6A  6B    7    8   9   10  11  12  13   14  15   16   17  18
                                     12Z  AVG MX 2MIN
DY MAX MIN AVG DEP HDD CDD  WTR  SNW DPTH SPD SPD DIR MIN PSBL S-S WX    SPD DR
================================================================================

 1  76  36  56   3   9   0 0.00    M    M  9.3 28 220   M    M   0        36 240
 2  74  40  57   4   8   0 0.00    M    M 12.0 33 220   M    M   0        45 240
 3  79  30  55   2  10   0 0.00    M    M  5.9 21 210   M    M   0        27 190
 4  82  35  59   7   6   0 0.00    M    M  7.7 26 230   M    M   1        35 230
 5  80  41  61   9   4   0 0.22    M    M  6.9 26 220   M    M   2 1      36 210
 6  70  37  54   2  11   0 0.00    M    M  7.4 24 310   M    M   0        37 310
 7  77  24  51   0  14   0 0.00    M    M  1.9 10 270   M    M   0        14 260
 8  76  25  51   0  14   0 0.00    M    M  9.5 28 240   M    M   0        36 220
 9  55  27  41 -10  24   0 0.00    M    M  9.8 22 330   M    M   1        29 360
10  67  18  43  -7  22   0 0.00    M    M  3.6 13 170   M    M   0        17 100
11  76  24  50   0  15   0 0.00    M    M  5.8 23 200   M    M   0        30 240
12  77  36  57   7   8   0 0.00  0.0    0  7.6 26 240   M    M   0        36 230
13  75  32  54   5  11   0 0.00  0.0    0  8.3 25 230   M    M   0        35 230
14  72  27  50   1  15   0 0.00  0.0    0  6.9 20 300   M    M   0        27 280
15  71  14  43  -6  22   0 0.00  0.0    0  2.1 12 100   M    M   0        15 100
16  78  22  50   2  15   0 0.00  0.0    0  2.1 13 250   M    M   0 8      17 250
17  77  25  51   3  14   0 0.00    M    M  3.1 14 260   M    M   0        22 260
18  78  31  55   7  10   0 0.00    M    M  2.5 13  50   M    M   0        19 150
19  68  37  53   6  12   0 0.01    M    M  4.2 20 230   M    M   5        24 230
================================================================================
SM 1408  561       244   0  0.23     0.0 116.6          M        9
================================================================================
AV 74.1 29.5                               6.1 FASTST   M    M   0    MAX(MPH)
                                 MISC ---->  # 33 220               # 45  240
================================================================================
NOTES:
# LAST OF SEVERAL OCCURRENCES

COLUMN 17 PEAK WIND IN M.P.H.

PRELIMINARY LOCAL CLIMATOLOGICAL DATA (WS FORM: F-6) , PAGE 2

                                          STATION:  WINDOW ROCK AZ AIRPORT
                                          MONTH:    OCTOBER
                                          YEAR:     2017
                                          LATITUDE:   35 39 N
                                          LONGITUDE: 109  4 W

[TEMPERATURE DATA]      [PRECIPITATION DATA]       SYMBOLS USED IN COLUMN 16

AVERAGE MONTHLY: 51.8   TOTAL FOR MONTH:   0.23    1 = FOG OR MIST
DPTR FM NORMAL:   1.5   DPTR FM NORMAL:   -0.43    2 = FOG REDUCING VISIBILITY
HIGHEST:    82 ON  4    GRTST 24HR  0.22 ON  5- 5      TO 1/4 MILE OR LESS
LOWEST:     14 ON 15                               3 = THUNDER
                        SNOW, ICE PELLETS, HAIL    4 = ICE PELLETS
                        TOTAL MONTH:   0.0 INCH    5 = HAIL
                        GRTST 24HR     0.0         6 = FREEZING RAIN OR DRIZZLE
                        GRTST DEPTH:   0           7 = DUSTSTORM OR SANDSTORM:
                                                       VSBY 1/2 MILE OR LESS
                                                   8 = SMOKE OR HAZE
[NO. OF DAYS WITH]      [WEATHER - DAYS WITH]      9 = BLOWING SNOW
                                                   X = TORNADO
MAX 32 OR BELOW:   0    0.01 INCH OR MORE:   2
MAX 90 OR ABOVE:   0    0.10 INCH OR MORE:   1
MIN 32 OR BELOW:  12    0.50 INCH OR MORE:   0
MIN  0 OR BELOW:   0    1.00 INCH OR MORE:   0

[HDD (BASE 65) ]
TOTAL THIS MO.   244    CLEAR  (SCALE 0-3)  18
DPTR FM NORMAL   -38    PTCLDY (SCALE 4-7)   1
TOTAL FM JUL 1   387    CLOUDY (SCALE 8-10)  0
DPTR FM NORMAL   -79

[CDD (BASE 65) ]
TOTAL THIS MO.     0
DPTR FM NORMAL     0    [PRESSURE DATA]
TOTAL FM JAN 1   513    HIGHEST SLP M ON M
DPTR FM NORMAL   233    LOWEST  SLP 29.57 ON  2

[REMARKS]
