000
CXUS53 KARX 290930
CF6RST
PRELIMINARY LOCAL CLIMATOLOGICAL DATA (WS FORM: F-6)

                                          STATION:   ROCHESTER MN
                                          MONTH:     MAY
                                          YEAR:      2016
                                          LATITUDE:   43 55 N
                                          LONGITUDE:  92 30 W

  TEMPERATURE IN F:       :PCPN:    SNOW:  WIND      :SUNSHINE: SKY     :PK WND
================================================================================
1   2   3   4   5  6A  6B    7    8   9   10  11  12  13   14  15   16   17  18
                                     12Z  AVG MX 2MIN
DY MAX MIN AVG DEP HDD CDD  WTR  SNW DPTH SPD SPD DIR MIN PSBL S-S WX    SPD DR
================================================================================

 1  58  42  50  -3  15   0    T  0.0    0 10.8 20  50   M    M   8        27  20
 2  64  38  51  -3  14   0 0.00  0.0    0  6.9 13 260   M    M   5 1      22 180
 3  69  43  56   2   9   0 0.01  0.0    0 14.9 35 290   M    M   2        45 290
 4  64  42  53  -1  12   0 0.00  0.0    0 15.8 28 340   M    M   0        40 330
 5  73  38  56   1   9   0 0.00  0.0    0  6.9 16 260   M    M   2        21 250
 6  90  57  74  19   0   9 0.00  0.0    0 17.3 29 240   M    M   0 3      37 220
 7  70  48  59   4   6   0    T  0.0    0 13.5 29  10   M    M   1 8      35  10
 8  71  40  56   0   9   0 0.00  0.0    0  7.5 15  70   M    M   0        21 360
 9  60  50  55  -1  10   0 0.71  0.0    0 15.7 29 110   M    M   8 13     37 110
10  57  48  53  -3  12   0 0.26  0.0    0 11.3 18 100   M    M  10 1      25 110
11  59  48  54  -2  11   0 0.18  0.0    0  7.0 16 290   M    M  10 12     20 130
12  56  45  51  -6  14   0 0.00  0.0    0 14.1 24 290   M    M   7 12     29 290
13  49  36  43 -14  22   0 0.36  0.0    0 14.3 29 320   M    M   6 1      36 320
14  49  33  41 -17  24   0 0.00  0.0    0 16.3 29 300   M    M   5        35 310
15  62  31  47 -11  18   0 0.00  0.0    0 10.1 21 280   M    M   2        36 280
16  68  46  57  -1   8   0 0.02  0.0    0 10.1 18  40   M    M   2        21  40
17  61  41  51  -7  14   0 0.00  0.0    0  9.2 18  30   M    M   1        25  30
18  68  38  53  -6  12   0 0.00  0.0    0  4.7 13 260   M    M   0        15 230
19  73  44  59   0   6   0 0.00  0.0    0 10.1 18 170   M    M   1        23 170
20  72  51  62   3   3   0 0.00  0.0    0  8.0 17 140   M    M   4        24 150
21  77  50  64   4   1   0 0.00  0.0    0  6.2 13  10   M    M   0        21  80
22  83  51  67   7   0   2 0.00  0.0    0 10.9 24 190   M    M   0        31 190
23  84  62  73  13   0   8 0.26  0.0    0 17.6 40 220   M    M   2 13     47 210
24  80  63  72  12   0   7 0.03  0.0    0  7.7 15 250   M    M   3 8      19 250
25  74  61  68   7   0   3 0.80  0.0    0  9.6 20 210   M    M   3 13     24 210
26  78  56  67   6   0   2 0.81  0.0    0 10.3 36 280   M    M   1 138    45 270
27  71  61  66   4   0   1 0.40  0.0    0  5.1 12 280   M    M   7 13     21 350
28  74  61  68   6   0   3 0.20  0.0    0  8.6 22 260   M    M   8 1      27 260
================================================================================
SM 1914 1324       229  35  4.04     0.0 300.5          M       98
================================================================================
AV 68.4 47.3                              10.7 FASTST   M    M   4    MAX(MPH)
                                 MISC ---->  # 40 220               # 47  210
================================================================================
NOTES:
# LAST OF SEVERAL OCCURRENCES

COLUMN 17 PEAK WIND IN M.P.H.

PRELIMINARY LOCAL CLIMATOLOGICAL DATA (WS FORM: F-6) , PAGE 2

                                          STATION:  ROCHESTER MN
                                          MONTH:    MAY
                                          YEAR:     2016
                                          LATITUDE:   43 55 N
                                          LONGITUDE:  92 30 W

[TEMPERATURE DATA]      [PRECIPITATION DATA]       SYMBOLS USED IN COLUMN 16

AVERAGE MONTHLY: 57.8   TOTAL FOR MONTH:   4.04    1 = FOG OR MIST
DPTR FM NORMAL:   0.2   DPTR FM NORMAL:    0.79    2 = FOG REDUCING VISIBILITY
HIGHEST:    90 ON  6    GRTST 24HR  1.61 ON 25-26      TO 1/4 MILE OR LESS
LOWEST:     31 ON 15                               3 = THUNDER
                        SNOW, ICE PELLETS, HAIL    4 = ICE PELLETS
                        TOTAL MONTH:   0.0 INCH    5 = HAIL
                        GRTST 24HR     0.0         6 = FREEZING RAIN OR DRIZZLE
                        GRTST DEPTH:   0           7 = DUSTSTORM OR SANDSTORM:
                                                       VSBY 1/2 MILE OR LESS
                                                   8 = SMOKE OR HAZE
[NO. OF DAYS WITH]      [WEATHER - DAYS WITH]      9 = BLOWING SNOW
                                                   X = TORNADO
MAX 32 OR BELOW:   0    0.01 INCH OR MORE:  12
MAX 90 OR ABOVE:   1    0.10 INCH OR MORE:   9
MIN 32 OR BELOW:   1    0.50 INCH OR MORE:   3
MIN  0 OR BELOW:   0    1.00 INCH OR MORE:   0

[HDD (BASE 65) ]
TOTAL THIS MO.   229    CLEAR  (SCALE 0-3)  17
DPTR FM NORMAL    -3    PTCLDY (SCALE 4-7)   7
TOTAL FM JUL 1  6775    CLOUDY (SCALE 8-10)  4
DPTR FM NORMAL  -882

[CDD (BASE 65) ]
TOTAL THIS MO.    35
DPTR FM NORMAL    12    [PRESSURE DATA]
TOTAL FM JAN 1    36    HIGHEST SLP M ON M
DPTR FM NORMAL     9    LOWEST  SLP 29.59 ON  3

[REMARKS]
