000
CXUS53 KARX 230900
CF6RST
PRELIMINARY LOCAL CLIMATOLOGICAL DATA (WS FORM: F-6)
STATION: ROCHESTER MN
MONTH: APRIL
YEAR: 2024
LATITUDE: 43 55 N
LONGITUDE: 92 30 W
TEMPERATURE IN F: :PCPN: SNOW: WIND :SUNSHINE: SKY :PK WND
================================================================================
1 2 3 4 5 6A 6B 7 8 9 10 11 12 13 14 15 16 17 18
12Z AVG MX 2MIN
DY MAX MIN AVG DEP HDD CDD WTR SNW DPTH SPD SPD DIR MIN PSBL S-S WX SPD DR
================================================================================
1 37 33 35 -4 30 0 0.31 0.1 0 13.2 23 60 M M 7 13 33 70
2 36 31 34 -6 31 0 0.33 2.7 0 18.1 28 360 M M 10 126 37 350
3 44 32 38 -2 27 0 0.03 0.7 1 25.0 40 350 M M 9 1 59 350
4 47 32 40 0 25 0 0.00 0.0 0 13.8 24 10 M M 8 31 10
5 54 28 41 0 24 0 0.00 0.0 0 5.1 13 30 M M 0 18 60
6 57 28 43 2 22 0 0.00 0.0 0 16.1 29 120 M M 0 36 120
7 44 40 42 0 23 0 0.64 0.0 0 20.7 31 130 M M 8 1 41 120
8 50 40 45 3 20 0 0.03 0.0 0 13.5 26 230 M M 9 1 34 210
9 61 39 50 8 15 0 0.00 0.0 0 12.5 23 260 M M 5 28 260
10 70 38 54 11 11 0 0.00 0.0 0 8.9 18 230 M M 4 25 280
11 56 40 48 5 17 0 0.14 0.0 0 14.7 26 320 M M 7 34 320
12 60 39 50 6 15 0 0.00 0.0 0 16.6 29 320 M M 1 47 300
13 80 31 56 12 9 0 0.00 0.0 0 16.2 31 190 M M 0 42 190
14 77 51 64 19 1 0 0.00 0.0 0 10.9 25 320 M M 0 35 310
15 72 45 59 14 6 0 0.00 0.0 0 10.6 20 60 M M 0 23 70
16 56 46 51 6 14 0 0.71 0.0 0 20.0 37 100 M M 7 13 57 230
17 54 39 47 1 18 0 0.04 0.0 0 17.9 32 290 M M 8 42 300
18 52 32 42 -4 23 0 0.21 0.0 0 12.4 25 310 M M 7 1 32 270
19 43 31 37 -10 28 0 0.00 0.0 0 20.7 38 280 M M 5 56 270
20 44 29 37 -10 28 0 0.00 0.0 0 14.6 24 320 M M 6 31 310
21 60 27 44 -4 21 0 0.00 0.0 0 12.3 24 280 M M 0 30 280
22 67 32 50 2 15 0 T 0.0 0 18.4 37 210 M M 2 47 210
================================================================================
SM 1221 783 423 0 2.44 3.5 332.2 M 103
================================================================================
AV 55.5 35.6 15.1 FASTST M M 5 MAX(MPH)
MISC ----> 40 350 59 350
================================================================================
NOTES:
# LAST OF SEVERAL OCCURRENCES
COLUMN 17 PEAK WIND IN M.P.H.
PRELIMINARY LOCAL CLIMATOLOGICAL DATA (WS FORM: F-6) , PAGE 2
STATION: ROCHESTER MN
MONTH: APRIL
YEAR: 2024
LATITUDE: 43 55 N
LONGITUDE: 92 30 W
[TEMPERATURE DATA] [PRECIPITATION DATA] SYMBOLS USED IN COLUMN 16
AVERAGE MONTHLY: 45.5 TOTAL FOR MONTH: 2.44 1 = FOG OR MIST
DPTR FM NORMAL: 2.0 DPTR FM NORMAL: -0.08 2 = FOG REDUCING VISIBILITY
HIGHEST: 80 ON 13 GRTST 24HR 0.75 ON 16-17 TO 1/4 MILE OR LESS
LOWEST: 27 ON 21 3 = THUNDER
SNOW, ICE PELLETS, HAIL 4 = ICE PELLETS
TOTAL MONTH: 3.5 INCHES 5 = HAIL
GRTST 24HR 2.7 ON 2- 2 6 = FREEZING RAIN OR DRIZZLE
GRTST DEPTH: 1 ON 3 7 = DUSTSTORM OR SANDSTORM:
VSBY 1/2 MILE OR LESS
8 = SMOKE OR HAZE
[NO. OF DAYS WITH] [WEATHER - DAYS WITH] 9 = BLOWING SNOW
X = TORNADO
MAX 32 OR BELOW: 0 0.01 INCH OR MORE: 9
MAX 90 OR ABOVE: 0 0.10 INCH OR MORE: 6
MIN 32 OR BELOW: 11 0.50 INCH OR MORE: 2
MIN 0 OR BELOW: 0 1.00 INCH OR MORE: 0
[HDD (BASE 65) ]
TOTAL THIS MO. 423 CLEAR (SCALE 0-3) 8
DPTR FM NORMAL -50 PTCLDY (SCALE 4-7) 11
TOTAL FM JUL 1 6058 CLOUDY (SCALE 8-10) 3
DPTR FM NORMAL -1361
[CDD (BASE 65) ]
TOTAL THIS MO. 0
DPTR FM NORMAL 0 [PRESSURE DATA]
TOTAL FM JAN 1 0 HIGHEST SLP M ON M
DPTR FM NORMAL 0 LOWEST SLP 29.36 ON 17
[REMARKS]