000
CXUS53 KARX 220930
CF6RST
PRELIMINARY LOCAL CLIMATOLOGICAL DATA (WS FORM: F-6)

                                          STATION:   ROCHESTER MN
                                          MONTH:     APRIL
                                          YEAR:      2014
                                          LATITUDE:   43 55 N
                                          LONGITUDE:  92 30 W

  TEMPERATURE IN F:       :PCPN:    SNOW:  WIND      :SUNSHINE: SKY     :PK WND
================================================================================
1   2   3   4   5  6A  6B    7    8   9   10  11  12  13   14  15   16   17  18
                                     12Z  AVG MX 2MIN
DY MAX MIN AVG DEP HDD CDD  WTR  SNW DPTH SPD SPD DIR MIN PSBL S-S WX    SPD DR
================================================================================

 1  31  22  27 -13  38   0    T    T    0 19.8 36 220   M    M   8 1689   43 240
 2  47  22  35  -5  30   0 0.03    T    0 10.8 18  70   M    M   3 18     22  70
 3  35  32  34  -7  31   0 0.37    T    0 15.3 24  80   M    M   9 168    32  60
 4  37  26  32  -9  33   0 0.21  3.2    2 18.3 33 320   M    M   7 129    39 320
 5  47  24  36  -6  29   0 0.00  0.0    1 10.7 18 210   M    M   1 1      21 210
 6  60  38  49   7  16   0 0.21  0.0    0 17.1 29 240   M    M   6 1      36 240
 7  59  37  48   5  17   0 0.02  0.0    0  8.8 26 340   M    M   6 138    30 330
 8  53  33  43   0  22   0 0.00  0.0    0 13.2 23 340   M    M   1        29 340
 9  65  30  48   4  17   0 0.00  0.0    0 17.3 32 200   M    M   2        40 200
10  59  40  50   6  15   0 0.00  0.0    0 15.0 32 310   M    M   1        41 300
11  64  35  50   5  15   0 0.01  0.0    0  9.0 23 210   M    M   3        29 210
12  53  42  48   3  17   0 0.73  0.0    0 13.8 32  10   M    M   8 1358   40  20
13  44  31  38  -8  27   0 0.52  1.9    0 18.2 32 350   M    M  10 1      41 360
14  35  26  31 -15  34   0 0.01    T    1 18.7 33 350   M    M   7 18     42 360
15  36  21  29 -18  36   0 0.00  0.0    0  9.7 18 320   M    M   5        22 320
16  52  31  42  -5  23   0 0.03  0.0    0 19.9 30 160   M    M   9        40 160
17  44  30  37 -11  28   0 0.01  0.0    0 12.4 26 310   M    M   8 18     30 310
18  54  27  41  -7  24   0 0.00  0.0    0  8.2 17 120   M    M   2 18     20 110
19  69  36  53   5  12   0 0.00  0.0    0 19.7 30 170   M    M   4        38 160
20  67  52  60  11   5   0 0.29  0.0    0  8.7 16 190   M    M   8 138    20 190
21  68  43  56   7   9   0 0.56  0.0    0 16.5 29 340   M    M   3 13     39 340
================================================================================
SM 1079  678       478   0  3.00     5.1 301.1          M      111
================================================================================
AV 51.4 32.3                              14.3 FASTST   M    M   5    MAX(MPH)
                                 MISC ---->  # 36 220               # 43  240
================================================================================
NOTES:
# LAST OF SEVERAL OCCURRENCES

COLUMN 17 PEAK WIND IN M.P.H.

PRELIMINARY LOCAL CLIMATOLOGICAL DATA (WS FORM: F-6) , PAGE 2

                                          STATION:  ROCHESTER MN
                                          MONTH:    APRIL
                                          YEAR:     2014
                                          LATITUDE:   43 55 N
                                          LONGITUDE:  92 30 W

[TEMPERATURE DATA]      [PRECIPITATION DATA]       SYMBOLS USED IN COLUMN 16

AVERAGE MONTHLY: 41.8   TOTAL FOR MONTH:   3.00    1 = FOG OR MIST
DPTR FM NORMAL:  -2.8   DPTR FM NORMAL:    0.86    2 = FOG REDUCING VISIBILITY
HIGHEST:    69 ON 19    GRTST 24HR  0.73 ON 12-12      TO 1/4 MILE OR LESS
LOWEST:     21 ON 15                               3 = THUNDER
                        SNOW, ICE PELLETS, HAIL    4 = ICE PELLETS
                        TOTAL MONTH:   5.1 INCHES  5 = HAIL
                        GRTST 24HR   3.2 ON   M    6 = FREEZING RAIN OR DRIZZLE
                        GRTST DEPTH:   2 ON  4     7 = DUSTSTORM OR SANDSTORM:
                                                       VSBY 1/2 MILE OR LESS
                                                   8 = SMOKE OR HAZE
[NO. OF DAYS WITH]      [WEATHER - DAYS WITH]      9 = BLOWING SNOW
                                                   X = TORNADO
MAX 32 OR BELOW:   1    0.01 INCH OR MORE:  13
MAX 90 OR ABOVE:   0    0.10 INCH OR MORE:   7
MIN 32 OR BELOW:  12    0.50 INCH OR MORE:   3
MIN  0 OR BELOW:   0    1.00 INCH OR MORE:   0

[HDD (BASE 65) ]
TOTAL THIS MO.   478    CLEAR  (SCALE 0-3)   8
DPTR FM NORMAL    49    PTCLDY (SCALE 4-7)  10
TOTAL FM JUL 1  8458    CLOUDY (SCALE 8-10)  3
DPTR FM NORMAL  1157

[CDD (BASE 65) ]
TOTAL THIS MO.     0
DPTR FM NORMAL     0    [PRESSURE DATA]
TOTAL FM JAN 1     0    HIGHEST SLP M ON M
DPTR FM NORMAL     0    LOWEST  SLP 29.53 ON 10

[REMARKS]
