000
CXUS51 KBTV 240814
CF6RUT
PRELIMINARY LOCAL CLIMATOLOGICAL DATA (WS FORM: F-6)

                                          STATION:   RUTLAND VT
                                          MONTH:     MAY
                                          YEAR:      2015
                                          LATITUDE:   43 31 N
                                          LONGITUDE:  72 57 W

  TEMPERATURE IN F:       :PCPN:    SNOW:  WIND      :SUNSHINE: SKY     :PK WND
================================================================================
1   2   3   4   5  6A  6B    7    8   9   10  11  12  13   14  15   16   17  18
                                     12Z  AVG MX 2MIN
DY MAX MIN AVG DEP HDD CDD  WTR  SNW DPTH SPD SPD DIR MIN PSBL S-S WX    SPD DR
================================================================================

 1  57  46  52   M  13   0 0.00  0.0    0  5.1 15 120   M    M   9        21 120
 2  72  39  56   M   9   0 0.00  0.0    0  5.3 10 120   M    M   3         M  M
 3  73  45  59   M   6   0 0.00  0.0    0  7.3 12 120   M    M   4        16 330
 4  81  46  64   M   1   0 0.00  0.0    0  9.2 21 210   M    M   4        29 210
 5  70  50  60   M   5   0 0.00  0.0    0  7.4 14 350   M    M   3        22 290
 6  73  41  57   M   8   0 0.00  0.0    0  6.0 12  10   M    M   0         M  M
 7  81  43  62   M   3   0 0.00  0.0    0  7.3 12 120   M    M   0         M  M
 8  84  50  67   M   0   2 0.00  0.0    0 10.1 21 130   M    M   0        29 130
 9  82  52  67   M   0   2 0.00  0.0    0 10.1 18 130   M    M   0        27 130
10  84  57  71   M   0   6 0.15  0.0    0  5.4 10 270   M    M   4 3      17 220
11  84  57  71   M   0   6 0.57  0.0    0  8.2 23 120   M    M   7        28 120
12  73  54  64   M   1   0 0.22  0.0    0  9.0 18 280   M    M   8        30 300
13  55  39  47   M  18   0 0.01    M    0 11.8 20 360   M    M   6        30 330
14  64  34  49   M  16   0 0.00  0.0    0  6.7 14  10   M    M   0        18  10
15  70  37  54   M  11   0 0.00  0.0    0  5.5 12 130   M    M   2         M  M
16  75  54  65   M   0   0 0.00  0.0    0  4.6  8 120   M    M   9         M  M
17  77  55  66   M   0   1 0.00  0.0    0  4.1  9 130   M    M   1         M  M
18  79  57  68   M   0   3 0.07  0.0    0 14.0 23 120   M    M   4        27 120
19  77  55  66   M   0   1 0.14  0.0    0  5.1 13 230   M    M   8        21 250
20  55  39  47   M  18   0 0.00  0.0    0  9.9 20 310   M    M   6        30 310
21  64  36  50   M  15   0 0.00  0.0    0  5.2 12 210   M    M   3        20 260
22  63  39  51   M  14   0 0.00  0.0    0  9.0 15  10   M    M   8        27 290
23  63  30  47   M  18   0 0.00  0.0    0  6.8 13 230   M    M   2        21 310
================================================================================
SM 1656 1055       156  21  1.16     0.0 173.1          M       91
================================================================================
AV 72.0 45.9                               7.5 FASTST   M    M   4    MAX(MPH)
                                 MISC ---->  # 23 120                 30    M
================================================================================
NOTES:
# LAST OF SEVERAL OCCURRENCES

COLUMN 17 PEAK WIND IN M.P.H.

PRELIMINARY LOCAL CLIMATOLOGICAL DATA (WS FORM: F-6) , PAGE 2

                                          STATION:  RUTLAND VT
                                          MONTH:    MAY
                                          YEAR:     2015
                                          LATITUDE:   43 31 N
                                          LONGITUDE:  72 57 W

[TEMPERATURE DATA]      [PRECIPITATION DATA]       SYMBOLS USED IN COLUMN 16

AVERAGE MONTHLY: 58.9   TOTAL FOR MONTH:   1.16    1 = FOG OR MIST
DPTR FM NORMAL:     M   DPTR FM NORMAL:       M    2 = FOG REDUCING VISIBILITY
HIGHEST:    84 ON 11,10 GRTST 24HR  0.57 ON 11-11      TO 1/4 MILE OR LESS
LOWEST:     30 ON 23                               3 = THUNDER
                        SNOW, ICE PELLETS, HAIL    4 = ICE PELLETS
                        TOTAL MONTH:   0.0 INCH    5 = HAIL
                        GRTST 24HR     0.0         6 = FREEZING RAIN OR DRIZZLE
                        GRTST DEPTH:   0           7 = DUSTSTORM OR SANDSTORM:
                                                       VSBY 1/2 MILE OR LESS
                                                   8 = SMOKE OR HAZE
[NO. OF DAYS WITH]      [WEATHER - DAYS WITH]      9 = BLOWING SNOW
                                                   X = TORNADO
MAX 32 OR BELOW:   0    0.01 INCH OR MORE:   6
MAX 90 OR ABOVE:   0    0.10 INCH OR MORE:   4
MIN 32 OR BELOW:   1    0.50 INCH OR MORE:   1
MIN  0 OR BELOW:   0    1.00 INCH OR MORE:   0

[HDD (BASE 65) ]
TOTAL THIS MO.   156    CLEAR  (SCALE 0-3)  11
DPTR FM NORMAL     M    PTCLDY (SCALE 4-7)   8
TOTAL FM JUL 1  7767    CLOUDY (SCALE 8-10)  4
DPTR FM NORMAL     M

[CDD (BASE 65) ]
TOTAL THIS MO.    21
DPTR FM NORMAL     M    [PRESSURE DATA]
TOTAL FM JAN 1    21    HIGHEST SLP M ON M
DPTR FM NORMAL     M    LOWEST  SLP M ON M

[REMARKS]
