000
CXUS54 KTSA 300840
CF6RVS
PRELIMINARY LOCAL CLIMATOLOGICAL DATA (WS FORM: F-6)

                                          STATION:   TULSA-RIVERSIDE  OKLAHOMA
                                          MONTH:     AUGUST
                                          YEAR:      2015
                                          LATITUDE:   36  2 N
                                          LONGITUDE:  95 59 W

  TEMPERATURE IN F:       :PCPN:    SNOW:  WIND      :SUNSHINE: SKY     :PK WND
================================================================================
1   2   3   4   5  6A  6B    7    8   9   10  11  12  13   14  15   16   17  18
                                     12Z  AVG MX 2MIN
DY MAX MIN AVG DEP HDD CDD  WTR  SNW DPTH SPD SPD DIR MIN PSBL S-S WX    SPD DR
================================================================================

 1  93  70  82  -1   0  17 0.00  0.0    0  3.2 13 200   M    M   1        18 200
 2  92  69  81  -2   0  16 0.00  0.0    0  3.5 15 200   M    M   2        22 190
 3  94  70  82  -1   0  17 0.00  0.0    0  2.8 10 180   M    M   2 1      13 170
 4  84  73  79  -4   0  14    T  0.0    0  3.5 13 120   M    M   5        15 120
 5  93  73  83   0   0  18    T  0.0    0  4.7 18  20   M    M   3 18     25  30
 6  98  74  86   3   0  21 0.00  0.0    M  5.1 10 180   M    M   1        16 150
 7 100  75  88   5   0  23 0.00  0.0    0  2.4 10 200   M    M   0        14 190
 8 102  75  89   6   0  24 0.00  0.0    0  5.4 14 170   M    M   0 1      19 180
 9 102  71  87   4   0  22 0.00  0.0    0  5.0 16 180   M    M   0        21 180
10  93  73  83   0   0  18 0.01  0.0    0  3.0 16 360   M    M   2        25 310
11  91  72  82   0   0  17 0.00  0.0    0  8.1 15  30   M    M   1        19  30
12  91  66  79  -3   0  14 0.00  0.0    0  4.2 13  70   M    M   0        17  50
13  90  62  76  -6   0  11 0.00  0.0    0  4.1 12 120   M    M   0        17 120
14  91  68  80  -2   0  15 0.00  0.0    0  5.3 12 110   M    M   2 8      17 140
15  93  64  79  -3   0  14 0.00  0.0    0  3.3 10 120   M    M   0 1      17  40
16  94  65  80  -2   0  15 0.00  0.0    0  3.7 13 120   M    M   0 1      19 160
17  96  70  83   1   0  18 0.00  0.0    0  5.0 14 190   M    M   1        18 180
18  92  74  83   1   0  18 0.03  0.0    0  7.9 18 180   M    M   3 1      26 350
19  76  57  67 -15   0   2 0.85  0.0    0  6.0 24  10   M    M   5 13     32 350
20  83  53  68 -14   0   3 0.00  0.0    0  4.0 14 120   M    M   0 1      18 160
21  86  65  76  -5   0  11 0.09  0.0    0  6.3 13 140   M    M   7 13     17 120
22  88  67  78  -3   0  13 0.61  0.0    0  6.4 25 150   M    M   4 13     35 140
23  81  68  75  -6   0  10 0.81  0.0    0  6.9 22  20   M    M   6 13     33  20
24  78  62  70 -11   0   5    T  0.0    0  3.0 10  40   M    M   7        13  20
25  87  55  71  -9   0   6 0.00  0.0    0  3.5 10 170   M    M   0        15 170
26  89  58  74  -6   0   9 0.00  0.0    0  2.5  9 150   M    M   1 1      13 180
27  85  66  76  -4   0  11    T  0.0    0  5.7 22  40   M    M   2 3      28  30
28  82  64  73  -7   0   8    T  0.0    0  5.8 15 180   M    M   2        21 170
29  87  66  77  -3   0  12 0.00  0.0    0  4.3 10 240   M    M   3        14 240
================================================================================
SM 2611 1945         0 402  2.40     0.0 134.6          M       60
================================================================================
AV 90.0 67.1                               4.6 FASTST   M    M   2    MAX(MPH)
                                 MISC ---->  # 25 150               # 35  140
================================================================================
NOTES:
# LAST OF SEVERAL OCCURRENCES

COLUMN 17 PEAK WIND IN M.P.H.

PRELIMINARY LOCAL CLIMATOLOGICAL DATA (WS FORM: F-6) , PAGE 2

                                          STATION:  TULSA-RIVERSIDE  OKLAHOMA
                                          MONTH:    AUGUST
                                          YEAR:     2015
                                          LATITUDE:   36  2 N
                                          LONGITUDE:  95 59 W

[TEMPERATURE DATA]      [PRECIPITATION DATA]       SYMBOLS USED IN COLUMN 16

AVERAGE MONTHLY: 78.6   TOTAL FOR MONTH:   2.40    1 = FOG OR MIST
DPTR FM NORMAL:  -3.3   DPTR FM NORMAL:   -0.74    2 = FOG REDUCING VISIBILITY
HIGHEST:   102 ON  9, 8 GRTST 24HR  1.38 ON 22-23      TO 1/4 MILE OR LESS
LOWEST:     53 ON 20                               3 = THUNDER
                        SNOW, ICE PELLETS, HAIL    4 = ICE PELLETS
                        TOTAL MONTH:   0.0 INCH    5 = HAIL
                        GRTST 24HR     0.0         6 = FREEZING RAIN OR DRIZZLE
                        GRTST DEPTH:   0           7 = DUSTSTORM OR SANDSTORM:
                                                       VSBY 1/2 MILE OR LESS
                                                   8 = SMOKE OR HAZE
[NO. OF DAYS WITH]      [WEATHER - DAYS WITH]      9 = BLOWING SNOW
                                                   X = TORNADO
MAX 32 OR BELOW:   0    0.01 INCH OR MORE:   6
MAX 90 OR ABOVE:  17    0.10 INCH OR MORE:   3
MIN 32 OR BELOW:   0    0.50 INCH OR MORE:   3
MIN  0 OR BELOW:   0    1.00 INCH OR MORE:   0

[HDD (BASE 65) ]
TOTAL THIS MO.     0    CLEAR  (SCALE 0-3)  22
DPTR FM NORMAL     0    PTCLDY (SCALE 4-7)   7
TOTAL FM JUL 1     0    CLOUDY (SCALE 8-10)  0
DPTR FM NORMAL     0

[CDD (BASE 65) ]
TOTAL THIS MO.   402
DPTR FM NORMAL   -89    [PRESSURE DATA]
TOTAL FM JAN 1  1577    HIGHEST SLP M ON M
DPTR FM NORMAL     4    LOWEST  SLP 29.68 ON 18

[REMARKS]
