000
CXUS53 KMPX 301000
CF6RWF
PRELIMINARY LOCAL CLIMATOLOGICAL DATA (WS FORM: F-6)

                                          STATION:   REDWOOD FALLS MN
                                          MONTH:     APRIL
                                          YEAR:      2016
                                          LATITUDE:   44 32 N
                                          LONGITUDE:  95  5 W

  TEMPERATURE IN F:       :PCPN:    SNOW:  WIND      :SUNSHINE: SKY     :PK WND
================================================================================
1   2   3   4   5  6A  6B    7    8   9   10  11  12  13   14  15   16   17  18
                                     12Z  AVG MX 2MIN
DY MAX MIN AVG DEP HDD CDD  WTR  SNW DPTH SPD SPD DIR MIN PSBL S-S WX    SPD DR
================================================================================

 1  40  31  36  -3  29   0    T  0.0    0 15.1 25 310   M    M   4        36 310
 2  41  25  33  -7  32   0 0.00  0.0    0 16.9 32 320   M    M   2        50 330
 3  74  31  53  13  12   0 0.00  0.0    0 16.1 29 310   M    M   2        38 310
 4  48  25  37  -4  28   0 0.00  0.0    0  6.7 15 310   M    M   2        20  20
 5  52  30  41   0  24   0    M    M    M 19.5 32 160   M    M   6 6      41 160
 6  48  37  43   1  22   0 0.01  0.0    0 13.7 24 310   M    M   8        34 320
 7  42  32  37  -5  28   0    M    M    M 11.6 26 320   M    M  10 1      37 320
 8  35  22  29 -14  36   0    M    M    M 15.4 29 310   M    M   5        40 320
 9  49  18  34  -9  31   0 0.00    M    M 16.1 37 150   M    M   0        43 150
10  60  34  47   3  18   0 0.00    M    M 14.6 25 320   M    M   0        36 330
11  44  29  37  -7  28   0 0.00    M    M 13.8 28 300   M    M   2        40 310
12  63  19  41  -4  24   0    T    M    M 10.9 26 160   M    M   6        32 150
13  75  36  56  10   9   0 0.00    M    M  6.3 14 160   M    M   1        16 160
14  80  50  65  19   0   0 0.00    M    M 18.4 31 210   M    M   2        42 180
15  79  48  64  18   1   0 0.00    M    M 19.9 36 160   M    M   1        42 160
16  78  56  67  20   0   2 0.00    M    M 14.9 28 170   M    M   7        34 170
17  80  58  69  21   0   4 0.00    M    M 13.0 24 160   M    M   8        35 160
18  72  54  63  15   2   0    T    M    M  4.1 17 140   M    M   5 1      22  40
19  60  47  54   6  11   0    T    M    M  8.4 14  70   M    M   8 1      19  60
20  63  53  58   9   7   0 0.05    M    M  6.6 14  20   M    M  10 18     20  20
21  68  49  59  10   6   0 0.05    M    M 10.3 21 320   M    M   8 1      30 350
22  63  42  53   3  12   0 0.00    M    M  6.6 13 360   M    M   4        19 350
23  76  41  59   9   6   0 0.00    M    M 16.4 30 160   M    M   1        36 150
24  74  57  66  15   0   1 0.40    M    M 15.3 30 150   M    M   5 13     37 150
25  66  47  57   6   8   0 0.02    M    M  8.5 22 280   M    M   8 18     25 290
26  48  42  45  -7  20   0 0.00    M    M  9.0 17  90   M    M  10 1      24  90
27  46  40  43  -9  22   0 0.33    M    M 14.2 26  80   M    M   9 18     40  80
28  42  37  40 -13  25   0 0.29    M    M  7.1 22  90   M    M  10 1      34  90
29  57  34  46  -7  19   0 0.00    M    M  5.1 15  90   M    M   6 1      20  90
================================================================================
SM 1723 1124       460   7  1.15     0.0 354.5          M      150
================================================================================
AV 59.4 38.8                              12.2 FASTST   M    M   5    MAX(MPH)
                                 MISC ---->  # 37 150               # 50  330
================================================================================
NOTES:
# LAST OF SEVERAL OCCURRENCES

COLUMN 17 PEAK WIND IN M.P.H.

PRELIMINARY LOCAL CLIMATOLOGICAL DATA (WS FORM: F-6) , PAGE 2

                                          STATION:  REDWOOD FALLS MN
                                          MONTH:    APRIL
                                          YEAR:     2016
                                          LATITUDE:   44 32 N
                                          LONGITUDE:  95  5 W

[TEMPERATURE DATA]      [PRECIPITATION DATA]       SYMBOLS USED IN COLUMN 16

AVERAGE MONTHLY: 49.1   TOTAL FOR MONTH:   1.15    1 = FOG OR MIST
DPTR FM NORMAL:   2.8   DPTR FM NORMAL:   -1.45    2 = FOG REDUCING VISIBILITY
HIGHEST:    80 ON 17,14 GRTST 24HR  0.62 ON 27-28      TO 1/4 MILE OR LESS
LOWEST:     18 ON  9                               3 = THUNDER
                        SNOW, ICE PELLETS, HAIL    4 = ICE PELLETS
                        TOTAL MONTH:   0.0 INCH    5 = HAIL
                        GRTST 24HR     0.0         6 = FREEZING RAIN OR DRIZZLE
                        GRTST DEPTH:   0           7 = DUSTSTORM OR SANDSTORM:
                                                       VSBY 1/2 MILE OR LESS
                                                   8 = SMOKE OR HAZE
[NO. OF DAYS WITH]      [WEATHER - DAYS WITH]      9 = BLOWING SNOW
                                                   X = TORNADO
MAX 32 OR BELOW:   0    0.01 INCH OR MORE:   7
MAX 90 OR ABOVE:   0    0.10 INCH OR MORE:   3
MIN 32 OR BELOW:  10    0.50 INCH OR MORE:   0
MIN  0 OR BELOW:   0    1.00 INCH OR MORE:   0

[HDD (BASE 65) ]
TOTAL THIS MO.   460    CLEAR  (SCALE 0-3)  10
DPTR FM NORMAL   -86    PTCLDY (SCALE 4-7)  11
TOTAL FM JUL 1  6159    CLOUDY (SCALE 8-10)  8
DPTR FM NORMAL -1444

[CDD (BASE 65) ]
TOTAL THIS MO.     7
DPTR FM NORMAL     7    [PRESSURE DATA]
TOTAL FM JAN 1     7    HIGHEST SLP M ON M
DPTR FM NORMAL     7    LOWEST  SLP 29.45 ON 25

[REMARKS]
