000
CXUS55 KPIH 171200
CF6RXE

PRELIMINARY LOCAL CLIMATOLOGICAL DATA (WS FORM: F-6)

                                          STATION:   REXBURG ID
                                          MONTH:     DECEMBER
                                          YEAR:      2014
                                          LATITUDE:   43 49 N
                                          LONGITUDE: 111 48 W

  TEMPERATURE IN F:       :PCPN:    SNOW:  WIND      :SUNSHINE: SKY     :PK WND
================================================================================
1   2   3   4   5  6A  6B    7    8   9   10  11  12  13   14  15   16   17  18
                                     12Z  AVG MX 2MIN
DY MAX MIN AVG DEP HDD CDD  WTR  SNW DPTH SPD SPD DIR MIN PSBL S-S WX    SPD DR
================================================================================

 1  32  14  23  -1  42   0 0.06    M    M  3.9  9  50   M    M   8 18     12  40
 2  34  28  31   8  34   0 0.00    M    M  5.3 17 230   M    M   9 1      23 210
 3  34  27  31   8  34   0 0.09    M    M  3.3  9  30   M    M   8 1      10  30
 4  48  32  40  18  25   0    T    M    M  5.6 16 220   M    M  10 1      22 230
 5  45  29  37  15  28   0 0.00    M    M  3.0 12 200   M    M   7 12     16 200
 6  48  30  39  17  26   0    T    M    M  5.3 20 200   M    M   6        25 210
 7  41  29  35  13  30   0 0.00    M    M  2.5 12 210   M    M   6 12     15 210
 8  46  26  36  14  29   0 0.00    M    M  2.3  7  30   M    M   1 1       8  30
 9  46  23  35  14  30   0 0.00    M    M  2.5  8  70   M    M   2         9  70
10  45  26  36  15  29   0 0.00    M    M  2.8  7  70   M    M   0 1       8  70
11  56  30  43  22  22   0 0.00    M    M  6.1 16 190   M    M   1        30 190
12  52  32  42  21  23   0 0.00    M    M  4.0 13 190   M    M   1        17 180
13  45  31  38  17  27   0 0.06    M    M 10.1 20 210   M    M  10 1      25 220
14  32  25  29   9  36   0 0.08    M    M  6.8 12 210   M    M  10 1      16 210
15  32  20  26   6  39   0 0.00    M    M  3.0  9  70   M    M   6 1      11  60
16  36  21  29   9  36   0 0.09    M    M  4.2 12  60   M    M  10 1      15  60
================================================================================
SM  672  423       490   0  0.38    M     70.7          M       95
================================================================================
AV 42.0 26.4                               4.4 FASTST   M    M   6    MAX(MPH)
                                 MISC ---->  # 20 200                 30    M
================================================================================
NOTES:
# LAST OF SEVERAL OCCURRENCES

COLUMN 17 PEAK WIND IN M.P.H.

PRELIMINARY LOCAL CLIMATOLOGICAL DATA (WS FORM: F-6) , PAGE 2

                                          STATION:  REXBURG ID
                                          MONTH:    DECEMBER
                                          YEAR:     2014
                                          LATITUDE:   43 49 N
                                          LONGITUDE: 111 48 W

[TEMPERATURE DATA]      [PRECIPITATION DATA]       SYMBOLS USED IN COLUMN 16

AVERAGE MONTHLY: 34.2   TOTAL FOR MONTH:   0.38    1 = FOG OR MIST
DPTR FM NORMAL:  12.7   DPTR FM NORMAL:   -0.03    2 = FOG REDUCING VISIBILITY
HIGHEST:    56 ON 11    GRTST 24HR  0.09 ON 16-16      TO 1/4 MILE OR LESS
LOWEST:     14 ON  1                               3 = THUNDER
                        SNOW, ICE PELLETS, HAIL    4 = ICE PELLETS
                        TOTAL MONTH:    M          5 = HAIL
                        GRTST 24HR    M  ON   M    6 = FREEZING RAIN OR DRIZZLE
                        GRTST DEPTH:  M  ON   M    7 = DUSTSTORM OR SANDSTORM:
                                                       VSBY 1/2 MILE OR LESS
                                                   8 = SMOKE OR HAZE
[NO. OF DAYS WITH]      [WEATHER - DAYS WITH]      9 = BLOWING SNOW
                                                   X = TORNADO
MAX 32 OR BELOW:   3    0.01 INCH OR MORE:   5
MAX 90 OR ABOVE:   0    0.10 INCH OR MORE:   0
MIN 32 OR BELOW:  16    0.50 INCH OR MORE:   0
MIN  0 OR BELOW:   0    1.00 INCH OR MORE:   0

[HDD (BASE 65) ]
TOTAL THIS MO.   490    CLEAR  (SCALE 0-3)   5
DPTR FM NORMAL  -205    PTCLDY (SCALE 4-7)   6
TOTAL FM JUL 1  2300    CLOUDY (SCALE 8-10)  5
DPTR FM NORMAL  -407

[CDD (BASE 65) ]
TOTAL THIS MO.     0
DPTR FM NORMAL     0    [PRESSURE DATA]
TOTAL FM JAN 1   234    HIGHEST SLP M ON M
DPTR FM NORMAL    26    LOWEST  SLP 29.71 ON 12

[REMARKS]
