000
CXUS56 KSTO 281355
CF6SAC
PRELIMINARY LOCAL CLIMATOLOGICAL DATA (WS FORM: F-6)

                                          STATION:   SACRAMENTO EXEC. AIRPORT CA
                                          MONTH:     SEPTEMBER
                                          YEAR:      2016
                                          LATITUDE:   38 31 N
                                          LONGITUDE: 121 30 W

  TEMPERATURE IN F:       :PCPN:    SNOW:  WIND      :SUNSHINE: SKY     :PK WND
================================================================================
1   2   3   4   5  6A  6B    7    8   9   10  11  12  13   14  15   16   17  18
                                     12Z  AVG MX 2MIN
DY MAX MIN AVG DEP HDD CDD  WTR  SNW DPTH SPD SPD DIR MIN PSBL S-S WX    SPD DR
================================================================================

 1  86  58  72  -2   0   7 0.00  0.0    0  6.7 12 230   M    M   0        16 240
 2  90  58  74   1   0   9 0.00  0.0    0  5.3 15 240   M    M   0        18 240
 3  82  59  71  -2   0   6 0.00  0.0    0  8.6 18 230   M    M   0        24 210
 4  81  56  69  -4   0   4 0.00  0.0    0  6.3 12 180   M    M   0        16 170
 5  89  53  71  -2   0   6 0.00  0.0    0  3.1 13 230   M    M   0        15 220
 6  92  54  73   0   0   8 0.00  0.0    0  2.9 10 270   M    M   0        13 270
 7  97  57  77   4   0  12 0.00  0.0    0  3.8 10 330   M    M   0        16 350
 8  88  60  74   1   0   9 0.00  0.0    0  6.1 14 230   M    M   0        20 210
 9  93  55  74   1   0   9 0.00  0.0    0  3.6 13 210   M    M   0        16 210
10  91  55  73   1   0   8 0.00  0.0    0  5.4 12 210   M    M   0        18 180
11  77  56  67  -5   0   2 0.00  0.0    0  9.7 16 210   M    M   0 1      26 210
12  74  54  64  -8   1   0 0.00  0.0    0 10.9 21 230   M    M   0        25 220
13  75  52  64  -8   1   0 0.00  0.0    0  5.9 13 130   M    M   0        17 180
14  83  52  68  -4   0   3 0.00  0.0    0  3.5 12 280   M    M   0        14 280
15  87  54  71  -1   0   6 0.00  0.0    0  3.9 13 220   M    M   0        16 220
16  89  52  71  -1   0   6 0.00  0.0    0  2.9  9 220   M    M   0        12 210
17  94  54  74   3   0   9 0.00  0.0    0  1.8  8 230   M    M   0         9 210
18  98  56  77   6   0  12 0.00  0.0    0  1.9  7 270   M    M   0        12 220
19  98  60  79   8   0  14 0.00  0.0    0  3.9 10 210   M    M   0        16 220
20  90  63  77   6   0  12 0.00  0.0    0  9.0 16 210   M    M   0        22 210
21  80  56  68  -3   0   3    T  0.0    0 10.7 23 230   M    M   0        30 230
22  76  50  63  -7   2   0 0.00  0.0    0  5.5 17 330   M    M   0        22 330
23  84  49  67  -3   0   2 0.00  0.0    0  5.4 17 310   M    M   0        22 300
24  91  53  72   2   0   7 0.00  0.0    0  3.4 15 360   M    M   0        27 320
25  94  54  74   4   0   9 0.00  0.0    0  2.0  8 230   M    M   0         9 200
26  97  57  77   7   0  12 0.00  0.0    0  1.2  7 230   M    M   0        10 240
27  97  58  78   9   0  13 0.00  0.0    0  2.1  8 190   M    M   0        11 190
================================================================================
SM 2373 1495         4 188    T      0.0 135.5          M        0
================================================================================
AV 87.9 55.4                               5.0 FASTST   M    M   0    MAX(MPH)
                                 MISC ---->  # 23 230               # 30  230
================================================================================
NOTES:
# LAST OF SEVERAL OCCURRENCES

COLUMN 17 PEAK WIND IN M.P.H.

PRELIMINARY LOCAL CLIMATOLOGICAL DATA (WS FORM: F-6) , PAGE 2

                                          STATION:  SACRAMENTO EXEC. AIRPORT CA
                                          MONTH:    SEPTEMBER
                                          YEAR:     2016
                                          LATITUDE:   38 31 N
                                          LONGITUDE: 121 30 W

[TEMPERATURE DATA]      [PRECIPITATION DATA]       SYMBOLS USED IN COLUMN 16

AVERAGE MONTHLY: 71.6   TOTAL FOR MONTH:      T    1 = FOG OR MIST
DPTR FM NORMAL:  -0.1   DPTR FM NORMAL:   -0.24    2 = FOG REDUCING VISIBILITY
HIGHEST:    98 ON 19,18 GRTST 24HR    T  ON 21-21      TO 1/4 MILE OR LESS
LOWEST:     49 ON 23                               3 = THUNDER
                        SNOW, ICE PELLETS, HAIL    4 = ICE PELLETS
                        TOTAL MONTH:   0.0 INCH    5 = HAIL
                        GRTST 24HR     0.0         6 = FREEZING RAIN OR DRIZZLE
                        GRTST DEPTH:   0           7 = DUSTSTORM OR SANDSTORM:
                                                       VSBY 1/2 MILE OR LESS
                                                   8 = SMOKE OR HAZE
[NO. OF DAYS WITH]      [WEATHER - DAYS WITH]      9 = BLOWING SNOW
                                                   X = TORNADO
MAX 32 OR BELOW:   0    0.01 INCH OR MORE:   0
MAX 90 OR ABOVE:  13    0.10 INCH OR MORE:   0
MIN 32 OR BELOW:   0    0.50 INCH OR MORE:   0
MIN  0 OR BELOW:   0    1.00 INCH OR MORE:   0

[HDD (BASE 65) ]
TOTAL THIS MO.     4    CLEAR  (SCALE 0-3)  27
DPTR FM NORMAL     0    PTCLDY (SCALE 4-7)   0
TOTAL FM JUL 1     4    CLOUDY (SCALE 8-10)  0
DPTR FM NORMAL    -2

[CDD (BASE 65) ]
TOTAL THIS MO.   188
DPTR FM NORMAL     1    [PRESSURE DATA]
TOTAL FM JAN 1  1264    HIGHEST SLP M ON M
DPTR FM NORMAL   155    LOWEST  SLP 29.71 ON  3

[REMARKS]
