000
CXUS55 KTWC 250855
CF6SAD
PRELIMINARY LOCAL CLIMATOLOGICAL DATA (WS FORM: F-6)

                                          STATION:   SAFFORD AZ AIRPORT
                                          MONTH:     MARCH
                                          YEAR:      2017
                                          LATITUDE:   32 50 N
                                          LONGITUDE: 109 38 W

  TEMPERATURE IN F:       :PCPN:    SNOW:  WIND      :SUNSHINE: SKY     :PK WND
================================================================================
1   2   3   4   5  6A  6B    7    8   9   10  11  12  13   14  15   16   17  18
                                     12Z  AVG MX 2MIN
DY MAX MIN AVG DEP HDD CDD  WTR  SNW DPTH SPD SPD DIR MIN PSBL S-S WX    SPD DR
================================================================================

 1  66  33  50  -4  15   0 0.00  0.0    0  4.3 12 290   M    M   0        15 280
 2  72  30  51  -3  14   0 0.00  0.0    0  6.7 18 150   M    M   M        26 140
 3  70  47  59   5   6   0 0.00    M    0 11.5 23 170   M    M   0        30 140
 4  78  44  61   7   4   0 0.00    M    0  7.9 15 120   M    M   0        17  90
 5  76  43  60   5   5   0 0.00    M    0  9.1 21 320   M    M   2        30 180
 6  68  41  55   0  10   0 0.00    M    0 13.3 26 310   M    M   0        33 310
 7  75  31  53  -2  12   0 0.00    M    0  4.0 10 140   M    M   0        14 130
 8  82  35  59   4   6   0 0.00  0.0    0  4.9 14 150   M    M   0        17 140
 9  85  40  63   8   2   0 0.00    M    0  4.4 16 300   M    M   0        21 300
10  87  42  65   9   0   0 0.00  0.0    0  5.4 14 290   M    M   0        17 310
11  86  45  66  10   0   1 0.00    M    0  6.7 22 320   M    M   0        29 330
12  84  44  64   8   1   0 0.00  0.0    0  8.6 18 310   M    M   0        23 320
13  86  47  67  11   0   2 0.00  0.0    0  5.7 15 310   M    M   0        19 290
14  89  43  66  10   0   1 0.00  0.0    0  6.0 15 300   M    M   0        20 300
15  87  46  67  11   0   2 0.00    M    0  6.2 18 320   M    M   0        22 300
16  86  44  65   8   0   0 0.00    M    0  6.2 23 310   M    M   0        30 300
17  88  46  67  10   0   2    T    M    0  3.6  9 320   M    M   0        14 140
18  91  47  69  12   0   4 0.00    M    0  4.9 15 310   M    M   0        18 300
19  91  47  69  12   0   4 0.00  0.0    0  5.3 18 310   M    M   0        23 320
20  91  50  71  13   0   6 0.00  0.0    0  6.2 13 140   M    M   0        17 140
21  91  51  71  13   0   6 0.00  0.0    0  6.6 17 310   M    M   0        21 300
22  90  47  69  11   0   4 0.00  0.0    0  8.1 24 320   M    M   M        31 300
23  64  46  55  -3  10   0 0.09    M    0 15.0 35 300   M    M   3 1      44 300
24  74  43  59   1   6   0 0.00    M    0 14.5 25 300   M    M   0        33 320
================================================================================
SM 1957 1032        91  32  0.09     0.0 175.1          M        5
================================================================================
AV 81.5 43.0                               7.3 FASTST   M    M   0    MAX(MPH)
                                 MISC ---->  # 35 300               # 44  300
================================================================================
NOTES:
# LAST OF SEVERAL OCCURRENCES

COLUMN 17 PEAK WIND IN M.P.H.

PRELIMINARY LOCAL CLIMATOLOGICAL DATA (WS FORM: F-6) , PAGE 2

                                          STATION:  SAFFORD AZ AIRPORT
                                          MONTH:    MARCH
                                          YEAR:     2017
                                          LATITUDE:   32 50 N
                                          LONGITUDE: 109 38 W

[TEMPERATURE DATA]      [PRECIPITATION DATA]       SYMBOLS USED IN COLUMN 16

AVERAGE MONTHLY: 62.3   TOTAL FOR MONTH:   0.09    1 = FOG OR MIST
DPTR FM NORMAL:   6.2   DPTR FM NORMAL:   -0.50    2 = FOG REDUCING VISIBILITY
HIGHEST:    91 ON 21,20 GRTST 24HR  0.09 ON 23-23      TO 1/4 MILE OR LESS
LOWEST:     30 ON  2                               3 = THUNDER
                        SNOW, ICE PELLETS, HAIL    4 = ICE PELLETS
                        TOTAL MONTH:   0.0 INCH    5 = HAIL
                        GRTST 24HR     0.0         6 = FREEZING RAIN OR DRIZZLE
                        GRTST DEPTH:   0           7 = DUSTSTORM OR SANDSTORM:
                                                       VSBY 1/2 MILE OR LESS
                                                   8 = SMOKE OR HAZE
[NO. OF DAYS WITH]      [WEATHER - DAYS WITH]      9 = BLOWING SNOW
                                                   X = TORNADO
MAX 32 OR BELOW:   0    0.01 INCH OR MORE:   1
MAX 90 OR ABOVE:   5    0.10 INCH OR MORE:   0
MIN 32 OR BELOW:   2    0.50 INCH OR MORE:   0
MIN  0 OR BELOW:   0    1.00 INCH OR MORE:   0

[HDD (BASE 65) ]
TOTAL THIS MO.    91    CLEAR  (SCALE 0-3)  22
DPTR FM NORMAL  -128    PTCLDY (SCALE 4-7)   0
TOTAL FM JUL 1  1662    CLOUDY (SCALE 8-10)  0
DPTR FM NORMAL  -458

[CDD (BASE 65) ]
TOTAL THIS MO.    32
DPTR FM NORMAL    32    [PRESSURE DATA]
TOTAL FM JAN 1    32    HIGHEST SLP M ON M
DPTR FM NORMAL    32    LOWEST  SLP 29.77 ON M

[REMARKS]
