000
CXUS56 KSGX 231445
CF6SAN
PRELIMINARY LOCAL CLIMATOLOGICAL DATA (WS FORM: F-6)

                                          STATION:   SAN DIEGO INTL AIRPORT CA
                                          MONTH:     JUNE
                                          YEAR:      2017
                                          LATITUDE:   32 43 N
                                          LONGITUDE: 117 10 W

  TEMPERATURE IN F:       :PCPN:    SNOW:  WIND      :SUNSHINE: SKY     :PK WND
================================================================================
1   2   3   4   5  6A  6B    7    8   9   10  11  12  13   14  15   16   17  18
                                     12Z  AVG MX 2MIN
DY MAX MIN AVG DEP HDD CDD  WTR  SNW DPTH SPD SPD DIR MIN PSBL S-S WX    SPD DR
================================================================================

 1  71  61  66   1   0   1    T  0.0    0  6.8 14 300   M    M   9        18 300
 2  73  64  69   4   0   4 0.00  0.0    0  5.8 15 280   M    M   8 1      19 320
 3  67  63  65   0   0   0 0.00  0.0    0  4.9 10 180   M    M  10 18     14 180
 4  67  61  64  -1   1   0 0.00  0.0    0  5.2 10 220   M    M   9 1      13 220
 5  67  61  64  -1   1   0 0.00  0.0    0  6.9 13 200   M    M  10 1      17 220
 6  66  62  64  -1   1   0    T  0.0    0  6.6 12 210   M    M  10 1      14 220
 7  66  62  64  -1   1   0 0.00  0.0    0  6.4 12 230   M    M  10        17 230
 8  72  62  67   2   0   2 0.00  0.0    0  8.1 17 300   M    M   8        23 290
 9  73  63  68   2   0   3 0.00  0.0    0  7.2 13 280   M    M   6        16 320
10  66  58  62  -4   3   0    T  0.0    0  8.2 14 210   M    M  10 1      18 190
11  67  59  63  -3   2   0 0.02  0.0    0  9.5 16 200   M    M   8 18     21 180
12  71  59  65  -1   0   0 0.00  0.0    0  8.1 16 300   M    M   3        23 270
13  76  59  68   2   0   3 0.00  0.0    0  5.4 15 290   M    M   1        19 320
14  76  61  69   3   0   4 0.00  0.0    0  5.0 12 250   M    M   2        15 230
15  79  62  71   5   0   6 0.00  0.0    0  5.7 13 330   M    M   3 18     19 300
16  83  62  73   7   0   8 0.00  0.0    0  6.3 12 330   M    M   5 18     14 320
17  79  65  72   6   0   7 0.00  0.0    0  4.8 12 300   M    M   5        16 290
18  75  62  69   2   0   4 0.00  0.0    0  5.1 10 280   M    M   4 8      15 280
19  79  62  71   4   0   6 0.00  0.0    0  6.9 15 310   M    M   4 18     19 320
20  76  65  71   4   0   6 0.00  0.0    0  8.7 15 290   M    M   5 18     21 290
21  74  63  69   2   0   4 0.00  0.0    0  6.6 12 280   M    M   6 18     18 280
22  71  62  67   0   0   2 0.00  0.0    0  6.8 13 180   M    M   9 18     17 180
================================================================================
SM 1594 1358         9  60  0.02     0.0 145.0          M      145
================================================================================
AV 72.5 61.7                               6.6 FASTST   M    M   7    MAX(MPH)
                                 MISC ---->  # 17 300               # 23  290
================================================================================
NOTES:
# LAST OF SEVERAL OCCURRENCES

COLUMN 17 PEAK WIND IN M.P.H.

PRELIMINARY LOCAL CLIMATOLOGICAL DATA (WS FORM: F-6) , PAGE 2

                                          STATION:  SAN DIEGO INTL AIRPORT CA
                                          MONTH:    JUNE
                                          YEAR:     2017
                                          LATITUDE:   32 43 N
                                          LONGITUDE: 117 10 W

[TEMPERATURE DATA]      [PRECIPITATION DATA]       SYMBOLS USED IN COLUMN 16

AVERAGE MONTHLY: 67.1   TOTAL FOR MONTH:   0.02    1 = FOG OR MIST
DPTR FM NORMAL:   1.2   DPTR FM NORMAL:   -0.04    2 = FOG REDUCING VISIBILITY
HIGHEST:    83 ON 16    GRTST 24HR  0.02 ON 11-11      TO 1/4 MILE OR LESS
LOWEST:     58 ON 10                               3 = THUNDER
                        SNOW, ICE PELLETS, HAIL    4 = ICE PELLETS
                        TOTAL MONTH:   0.0 INCH    5 = HAIL
                        GRTST 24HR     0.0         6 = FREEZING RAIN OR DRIZZLE
                        GRTST DEPTH:   0           7 = DUSTSTORM OR SANDSTORM:
                                                       VSBY 1/2 MILE OR LESS
                                                   8 = SMOKE OR HAZE
[NO. OF DAYS WITH]      [WEATHER - DAYS WITH]      9 = BLOWING SNOW
                                                   X = TORNADO
MAX 32 OR BELOW:   0    0.01 INCH OR MORE:   1
MAX 90 OR ABOVE:   0    0.10 INCH OR MORE:   0
MIN 32 OR BELOW:   0    0.50 INCH OR MORE:   0
MIN  0 OR BELOW:   0    1.00 INCH OR MORE:   0

[HDD (BASE 65) ]
TOTAL THIS MO.     9    CLEAR  (SCALE 0-3)   3
DPTR FM NORMAL    -6    PTCLDY (SCALE 4-7)   9
TOTAL FM JUL 1   736    CLOUDY (SCALE 8-10) 10
DPTR FM NORMAL  -486

[CDD (BASE 65) ]
TOTAL THIS MO.    60
DPTR FM NORMAL    27    [PRESSURE DATA]
TOTAL FM JAN 1   152    HIGHEST SLP M ON M
DPTR FM NORMAL    70    LOWEST  SLP 29.69 ON 21

[REMARKS]
