000
CXUS55 KLOX 271655
CF6SBA
PRELIMINARY LOCAL CLIMATOLOGICAL DATA (WS FORM: F-6)

                                          STATION:   SANTA BARBARA AIRPORT CA
                                          MONTH:     MAY
                                          YEAR:      2016
                                          LATITUDE:   34 25 N
                                          LONGITUDE: 119 50 W

  TEMPERATURE IN F:       :PCPN:    SNOW:  WIND      :SUNSHINE: SKY     :PK WND
================================================================================
1   2   3   4   5  6A  6B    7    8   9   10  11  12  13   14  15   16   17  18
                                     12Z  AVG MX 2MIN
DY MAX MIN AVG DEP HDD CDD  WTR  SNW DPTH SPD SPD DIR MIN PSBL S-S WX    SPD DR
================================================================================

 1  65  52  59   0   6   0 0.00  0.0    0  6.9 16 140   M    M   0 8      21 140
 2  64  54  59   0   6   0 0.00  0.0    0  7.0 17 260   M    M   5 18     21 270
 3  66  52  59   0   6   0 0.00  0.0    0  5.6 16 260   M    M   4 1      20 260
 4  64  54  59   0   6   0 0.00  0.0    0  4.6 12 250   M    M   9 1      14 250
 5  68  50  59  -1   6   0    T  0.0    0  4.7 10 260   M    M   6        14 240
 6  66  53  60   0   5   0 0.00  0.0    0  5.1 14 240   M    M   6        17 190
 7  68  50  59  -1   6   0 0.00  0.0    0  4.8 12 190   M    M   4        15 220
 8  67  50  59  -1   6   0 0.00  0.0    0  6.4 16 280   M    M   2        20 280
 9  65  53  59  -1   6   0 0.00  0.0    0  4.9 13 270   M    M   6        14 270
10  63  52  58  -2   7   0 0.00  0.0    0  5.3 13 260   M    M   9        15 260
11  65  52  59  -1   6   0 0.00  0.0    0  6.1 16 260   M    M   5        21 260
12  69  54  62   2   3   0 0.00  0.0    0  5.7 10 200   M    M   4 1      14 210
13  67  54  61   1   4   0 0.00  0.0    0  5.7 13 260   M    M   5 1      17 240
14  65  54  60   0   5   0 0.00  0.0    0  5.9 13  90   M    M   5        16  90
15  69  50  60   0   5   0 0.00  0.0    0  5.3 13 140   M    M   1        15 140
16  66  50  58  -2   7   0 0.00  0.0    0  4.6 10 150   M    M   2        15 140
17  66  54  60   0   5   0 0.00  0.0    0  5.3 13 270   M    M   6 1      16 270
18  63  57  60   0   5   0 0.00  0.0    0  6.0 14 280   M    M   9 1      18 250
19  67  51  59  -1   6   0 0.00  0.0    0  6.0 14 260   M    M   7 1      16 250
20  68  49  59  -1   6   0 0.00  0.0    0 10.0 24 270   M    M   2        31 270
21  67  44  56  -4   9   0 0.00  0.0    0  6.5 24 270   M    M   1        31 270
22  73  45  59  -1   6   0 0.00  0.0    0  6.2 18 260   M    M   0        24 250
23  68  48  58  -2   7   0 0.00  0.0    0  6.4 16 270   M    M   1        21 260
24  67  51  59  -1   6   0 0.00  0.0    0  7.0 17 260   M    M   4        21 260
25  74  50  62   1   3   0 0.00  0.0    0  9.5 23 250   M    M   3        30 260
26  73  50  62   1   3   0 0.00  0.0    0  6.7 14 150   M    M   1        16 240
================================================================================
SM 1743 1333       146   0    T      0.0 158.2          M      107
================================================================================
AV 67.0 51.3                               6.1 FASTST   M    M   4    MAX(MPH)
                                 MISC ---->    24   M               # 31  270
================================================================================
NOTES:
# LAST OF SEVERAL OCCURRENCES

COLUMN 17 PEAK WIND IN M.P.H.

PRELIMINARY LOCAL CLIMATOLOGICAL DATA (WS FORM: F-6) , PAGE 2

                                          STATION:  SANTA BARBARA AIRPORT CA
                                          MONTH:    MAY
                                          YEAR:     2016
                                          LATITUDE:   34 25 N
                                          LONGITUDE: 119 50 W

[TEMPERATURE DATA]      [PRECIPITATION DATA]       SYMBOLS USED IN COLUMN 16

AVERAGE MONTHLY: 59.2   TOTAL FOR MONTH:      T    1 = FOG OR MIST
DPTR FM NORMAL:  -0.8   DPTR FM NORMAL:   -0.31    2 = FOG REDUCING VISIBILITY
HIGHEST:    74 ON 25    GRTST 24HR    T  ON  5- 5      TO 1/4 MILE OR LESS
LOWEST:     44 ON 21                               3 = THUNDER
                        SNOW, ICE PELLETS, HAIL    4 = ICE PELLETS
                        TOTAL MONTH:   0.0 INCH    5 = HAIL
                        GRTST 24HR     0.0         6 = FREEZING RAIN OR DRIZZLE
                        GRTST DEPTH:   0           7 = DUSTSTORM OR SANDSTORM:
                                                       VSBY 1/2 MILE OR LESS
                                                   8 = SMOKE OR HAZE
[NO. OF DAYS WITH]      [WEATHER - DAYS WITH]      9 = BLOWING SNOW
                                                   X = TORNADO
MAX 32 OR BELOW:   0    0.01 INCH OR MORE:   0
MAX 90 OR ABOVE:   0    0.10 INCH OR MORE:   0
MIN 32 OR BELOW:   0    0.50 INCH OR MORE:   0
MIN  0 OR BELOW:   0    1.00 INCH OR MORE:   0

[HDD (BASE 65) ]
TOTAL THIS MO.   146    CLEAR  (SCALE 0-3)  10
DPTR FM NORMAL     7    PTCLDY (SCALE 4-7)  13
TOTAL FM JUL 1  1525    CLOUDY (SCALE 8-10)  3
DPTR FM NORMAL  -739

[CDD (BASE 65) ]
TOTAL THIS MO.     0
DPTR FM NORMAL     0    [PRESSURE DATA]
TOTAL FM JAN 1    10    HIGHEST SLP M ON M
DPTR FM NORMAL     3    LOWEST  SLP 29.77 ON M

[REMARKS]
