000
CXUS53 KIWX 280800
CF6SBN
PRELIMINARY LOCAL CLIMATOLOGICAL DATA (WS FORM: F-6)

                                          STATION:   SOUTH BEND
                                          MONTH:     AUGUST
                                          YEAR:      2014
                                          LATITUDE:   41 42 N
                                          LONGITUDE:  86 19 W

  TEMPERATURE IN F:       :PCPN:    SNOW:  WIND      :SUNSHINE: SKY     :PK WND
================================================================================
1   2   3   4   5  6A  6B    7    8   9   10  11  12  13   14  15   16   17  18
                                     12Z  AVG MX 2MIN
DY MAX MIN AVG DEP HDD CDD  WTR  SNW DPTH SPD SPD DIR MIN PSBL S-S WX    SPD DR
================================================================================

 1  80  61  71  -1   0   6    T  0.0    0  3.1  9 270   M    M   1 13      M  M
 2  84  55  70  -2   0   5 0.00  0.0    0  4.5 14 320   M    M   0 18     18 310
 3  86  55  71  -1   0   6 0.00  0.0    0  3.9 13 320   M    M   2 18     20 270
 4  86  64  75   3   0  10    T  0.0    0  3.9 13 330   M    M   1 138    16 300
 5  82  64  73   1   0   8 0.51  0.0    0  5.0 14 310   M    M   7 138    21 300
 6  83  62  73   1   0   8 0.00  0.0    0  5.8 15 350   M    M   1 18     20 340
 7  81  57  69  -3   0   4 0.00  0.0    0  3.7 13 150   M    M   1        16 170
 8  85  60  73   1   0   8 0.00  0.0    0  7.3 18 120   M    M   0        25 100
 9  84  62  73   1   0   8 0.00  0.0    0  7.0 15  80   M    M   0        20  80
10  87  63  75   3   0  10 0.00  0.0    0  6.6 14 140   M    M   6        17 140
11  81  68  75   3   0  10 0.11  0.0    0  6.0 13 280   M    M   8 13     17 360
12  69  57  63  -9   2   0 0.25  0.0    0  9.7 23 310   M    M   9 13     28 310
13  79  55  67  -5   0   2 0.00  0.0    0  6.4 18 330   M    M   3 12     22 320
14  72  50  61 -11   4   0 0.00  0.0    0  7.6 17 350   M    M   1        30 360
15  76  46  61 -11   4   0 0.00  0.0    0  3.2 14 240   M    M   0        18 250
16  83  56  70  -2   0   5 0.00  0.0    0  7.2 14 310   M    M   6        18 260
17  84  66  75   3   0  10 0.05  0.0    0  5.1 15 310   M    M   7 1      17 310
18  83  65  74   3   0   9    T  0.0    0  3.9 13 290   M    M   6 18     19 290
19  87  68  78   7   0  13 0.31  0.0    0  8.9 31 230   M    M   2 138    45 230
20  86  65  76   5   0  11 0.00  0.0    M  5.5 13 270   M    M   3 13     17 300
21  80  68  74   3   0   9 0.16  0.0    0  6.2 14 150   M    M   4 13     17 140
22  85  72  79   8   0  14 0.01  0.0    0  5.0 14 230   M    M   5 1      17 200
23  86  70  78   7   0  13 0.00  0.0    0  6.3 17 110   M    M   5 128    22 100
24  87  70  79   8   0  14 0.00  0.0    0  9.3 15 110   M    M   6        21 110
25  91  71  81  11   0  16 0.22  0.0    0  6.3 23 330   M    M   3 138    29 320
26  79  66  73   3   0   8 0.06  0.0    0  4.4 26 330   M    M   4 13     36 320
27  81  63  72   2   0   7 0.00  0.0    0  6.6 17 350   M    M   1 12     20 350
================================================================================
SM 2227 1679        10 214  1.68     0.0 158.4          M       92
================================================================================
AV 82.5 62.2                               5.9 FASTST   M    M   3    MAX(MPH)
                                 MISC ---->  # 31 230               # 45  230
================================================================================
NOTES:
# LAST OF SEVERAL OCCURRENCES

COLUMN 17 PEAK WIND IN M.P.H.

PRELIMINARY LOCAL CLIMATOLOGICAL DATA (WS FORM: F-6) , PAGE 2

                                          STATION:  SOUTH BEND
                                          MONTH:    AUGUST
                                          YEAR:     2014
                                          LATITUDE:   41 42 N
                                          LONGITUDE:  86 19 W

[TEMPERATURE DATA]      [PRECIPITATION DATA]       SYMBOLS USED IN COLUMN 16

AVERAGE MONTHLY: 72.3   TOTAL FOR MONTH:   1.68    1 = FOG OR MIST
DPTR FM NORMAL:   0.8   DPTR FM NORMAL:   -1.59    2 = FOG REDUCING VISIBILITY
HIGHEST:    91 ON 25    GRTST 24HR  0.51 ON  5- 5      TO 1/4 MILE OR LESS
LOWEST:     46 ON 15                               3 = THUNDER
                        SNOW, ICE PELLETS, HAIL    4 = ICE PELLETS
                        TOTAL MONTH:   0.0 INCH    5 = HAIL
                        GRTST 24HR     0.0         6 = FREEZING RAIN OR DRIZZLE
                        GRTST DEPTH:   0           7 = DUSTSTORM OR SANDSTORM:
                                                       VSBY 1/2 MILE OR LESS
                                                   8 = SMOKE OR HAZE
[NO. OF DAYS WITH]      [WEATHER - DAYS WITH]      9 = BLOWING SNOW
                                                   X = TORNADO
MAX 32 OR BELOW:   0    0.01 INCH OR MORE:   9
MAX 90 OR ABOVE:   1    0.10 INCH OR MORE:   6
MIN 32 OR BELOW:   0    0.50 INCH OR MORE:   1
MIN  0 OR BELOW:   0    1.00 INCH OR MORE:   0

[HDD (BASE 65) ]
TOTAL THIS MO.    10    CLEAR  (SCALE 0-3)  15
DPTR FM NORMAL     6    PTCLDY (SCALE 4-7)  11
TOTAL FM JUL 1    28    CLOUDY (SCALE 8-10)  1
DPTR FM NORMAL    19

[CDD (BASE 65) ]
TOTAL THIS MO.   214
DPTR FM NORMAL    30    [PRESSURE DATA]
TOTAL FM JAN 1   655    HIGHEST SLP M ON M
DPTR FM NORMAL    -3    LOWEST  SLP 29.72 ON 12

[REMARKS]
