000
CXUS56 KSTO 241355
CF6SCK
PRELIMINARY LOCAL CLIMATOLOGICAL DATA (WS FORM: F-6)

                                          STATION:   STOCKTON AIRPORT CA
                                          MONTH:     SEPTEMBER
                                          YEAR:      2016
                                          LATITUDE:   37 54 N
                                          LONGITUDE: 121 15 W

  TEMPERATURE IN F:       :PCPN:    SNOW:  WIND      :SUNSHINE: SKY     :PK WND
================================================================================
1   2   3   4   5  6A  6B    7    8   9   10  11  12  13   14  15   16   17  18
                                     12Z  AVG MX 2MIN
DY MAX MIN AVG DEP HDD CDD  WTR  SNW DPTH SPD SPD DIR MIN PSBL S-S WX    SPD DR
================================================================================

 1  89  58  74   0   0   9 0.00  0.0    0  7.8 17 280   M    M   0        21 290
 2  90  53  72  -2   0   7 0.00  0.0    0  6.6 17 260   M    M   0        20 270
 3  85  58  72  -2   0   7 0.00  0.0    0 11.5 25 260   M    M   0        29 260
 4  81  52  67  -7   0   2 0.00  0.0    0  9.0 16 260   M    M   0        21 300
 5  88  52  70  -4   0   5 0.00  0.0    0  6.5 17 290   M    M   0        23 290
 6  94  53  74   0   0   9 0.00  0.0    0  3.9 14 310   M    M   0 8      18 340
 7  96  55  76   2   0  11 0.00  0.0    0  5.1 13 310   M    M   0 8      16 310
 8  90  59  75   1   0  10 0.00  0.0    0  7.7 15 300   M    M   0        18 330
 9  94  55  75   1   0  10 0.00  0.0    0  6.3 15 310   M    M   0        17 310
10  93  56  75   2   0  10 0.00  0.0    0  7.2 14 270   M    M   0        17 300
11  86  56  71  -2   0   6 0.00  0.0    0  6.6 14 330   M    M   0        17 290
12  81  53  67  -6   0   2 0.00  0.0    0 11.3 26 280   M    M   0        32 280
13  77  46  62 -11   3   0 0.00  0.0    0  5.7 15 150   M    M   0        19 150
14  83  51  67  -6   0   2 0.00  0.0    0  5.0 15 290   M    M   0        21 290
15  88  52  70  -3   0   5 0.00  0.0    0  4.3 15 290   M    M   0        18 300
16  91  52  72   0   0   7 0.00  0.0    0  5.4 14 310   M    M   0        16 240
17  96  54  75   3   0  10 0.00  0.0    0  4.7 10 320   M    M   0        14 300
18 100  56  78   6   0  13 0.00  0.0    0  2.6  7 250   M    M   0 8      11 310
19 102  59  81   9   0  16 0.00  0.0    0  5.3 17 270   M    M   0        21 270
20  93  61  77   5   0  12 0.00  0.0    0  6.4 18 260   M    M   0        23 260
21  82  59  71   0   0   6    T  0.0    0 14.8 26 250   M    M   0        32 260
22  78  52  65  -6   0   0 0.00  0.0    0 11.0 22 330   M    M   0        31 320
23  84  50  67  -4   0   2 0.00  0.0    0  8.4 21 310   M    M   0        27 280
================================================================================
SM 2041 1252         3 161    T      0.0 163.1          M        0
================================================================================
AV 88.7 54.4                               7.1 FASTST   M    M   0    MAX(MPH)
                                 MISC ---->  # 26 280               # 32  280
================================================================================
NOTES:
# LAST OF SEVERAL OCCURRENCES

COLUMN 17 PEAK WIND IN M.P.H.

PRELIMINARY LOCAL CLIMATOLOGICAL DATA (WS FORM: F-6) , PAGE 2

                                          STATION:  STOCKTON AIRPORT CA
                                          MONTH:    SEPTEMBER
                                          YEAR:     2016
                                          LATITUDE:   37 54 N
                                          LONGITUDE: 121 15 W

[TEMPERATURE DATA]      [PRECIPITATION DATA]       SYMBOLS USED IN COLUMN 16

AVERAGE MONTHLY: 71.6   TOTAL FOR MONTH:      T    1 = FOG OR MIST
DPTR FM NORMAL:  -1.3   DPTR FM NORMAL:   -0.19    2 = FOG REDUCING VISIBILITY
HIGHEST:   102 ON 19    GRTST 24HR    T  ON 21-21      TO 1/4 MILE OR LESS
LOWEST:     46 ON 13                               3 = THUNDER
                        SNOW, ICE PELLETS, HAIL    4 = ICE PELLETS
                        TOTAL MONTH:   0.0 INCH    5 = HAIL
                        GRTST 24HR     0.0         6 = FREEZING RAIN OR DRIZZLE
                        GRTST DEPTH:   0           7 = DUSTSTORM OR SANDSTORM:
                                                       VSBY 1/2 MILE OR LESS
                                                   8 = SMOKE OR HAZE
[NO. OF DAYS WITH]      [WEATHER - DAYS WITH]      9 = BLOWING SNOW
                                                   X = TORNADO
MAX 32 OR BELOW:   0    0.01 INCH OR MORE:   0
MAX 90 OR ABOVE:  11    0.10 INCH OR MORE:   0
MIN 32 OR BELOW:   0    0.50 INCH OR MORE:   0
MIN  0 OR BELOW:   0    1.00 INCH OR MORE:   0

[HDD (BASE 65) ]
TOTAL THIS MO.     3    CLEAR  (SCALE 0-3)  23
DPTR FM NORMAL     3    PTCLDY (SCALE 4-7)   0
TOTAL FM JUL 1     3    CLOUDY (SCALE 8-10)  0
DPTR FM NORMAL     3

[CDD (BASE 65) ]
TOTAL THIS MO.   161
DPTR FM NORMAL   -24    [PRESSURE DATA]
TOTAL FM JAN 1  1359    HIGHEST SLP M ON M
DPTR FM NORMAL   130    LOWEST  SLP 29.71 ON  3

[REMARKS]
