000
CXUS53 KLMK 290800
CF6SDF
PRELIMINARY LOCAL CLIMATOLOGICAL DATA (WS FORM: F-6)

                                          STATION:   LOUISVILLE KY
                                          MONTH:     MARCH
                                          YEAR:      2017
                                          LATITUDE:   38 10 N
                                          LONGITUDE:  85 44 W

  TEMPERATURE IN F:       :PCPN:    SNOW:  WIND      :SUNSHINE: SKY     :PK WND
================================================================================
1   2   3   4   5  6A  6B    7    8   9   10  11  12  13   14  15   16   17  18
                                     12Z  AVG MX 2MIN
DY MAX MIN AVG DEP HDD CDD  WTR  SNW DPTH SPD SPD DIR MIN PSBL S-S WX    SPD DR
================================================================================

 1  71  42  57  14   8   0 1.83  0.0    0 19.1 43 300   M    M   8 1235   59 290
 2  50  33  42  -1  23   0    T  0.0    0 13.7 25 300   M    M   4        33 290
 3  43  30  37  -7  28   0    T  0.0    0  8.8 20 320   M    M   3        25 300
 4  59  30  45   1  20   0 0.00  0.0    0  7.1 15 140   M    M   3        18 130
 5  71  34  53   9  12   0    T  0.0    0  8.2 29 210   M    M   4        43 210
 6  67  51  59  15   6   0 0.09  0.0    0 13.6 25 170   M    M   7 1      32 170
 7  67  46  57  12   8   0 0.51  0.0    0 15.0 26 190   M    M   8 1      50 190
 8  65  46  56  11   9   0 0.00  0.0    0 11.4 24 270   M    M   3        33 280
 9  75  43  59  13   6   0    T  0.0    0  9.7 29 360   M    M   4        35 360
10  54  37  46   0  19   0    T  0.0    0 14.8 26 340   M    M   5        33 350
11  40  30  35 -11  30   0 0.00  0.0    0  8.1 17 350   M    M   9        23 340
12  43  25  34 -12  31   0 0.00  0.0    0  6.3 12 100   M    M   5        16 350
13  43  31  37 -10  28   0 0.06    T    0  7.4 16 350   M    M  10 1      19 360
14  39  25  32 -15  33   0    T    T    0 15.9 23 350   M    M   8 8      32 320
15  40  21  31 -17  34   0    T    T    0 11.4 21 320   M    M   2        25 300
16  47  22  35 -13  30   0 0.00  0.0    0  3.8 10 290   M    M   1        15 210
17  52  38  45  -3  20   0 0.05  0.0    0  8.1 16 210   M    M  10 18     20 210
18  52  38  45  -3  20   0 0.00  0.0    0 11.2 25 280   M    M   8 128    30 320
19  56  32  44  -5  21   0 0.00  0.0    0  2.9 12  40   M    M   2 8      15  20
20  74  40  57   8   8   0    T  0.0    0  8.7 23 160   M    M   8        26 150
21  67  49  58   8   7   0 0.00  0.0    0  9.6 21  10   M    M   8 8      28  20
22  51  36  44  -6  21   0 0.00  0.0    0 12.9 26  10   M    M   2        32  10
23  65  33  49  -1  16   0 0.00  0.0    0  7.1 16 180   M    M   6        20 170
24  80  58  69  19   0   4 0.00  0.0    0 14.6 25 180   M    M   5        34 180
25  80  57  69  18   0   4 0.01  0.0    0 13.7 28 170   M    M   8        38 170
26  73  56  65  14   0   0 0.43  0.0    0 10.0 24 220   M    M   8 1      31 220
27  73  51  62  10   3   0 0.44  0.0    0  5.5 22 180   M    M   8 13     25 170
28  70  56  63  11   2   0    T  0.0    0  8.2 15  10   M    M   7 18     18  10
================================================================================
SM 1667 1090       443   8  3.42    T    286.8          M      164
================================================================================
AV 59.5 38.9                              10.2 FASTST   M    M   6    MAX(MPH)
                                 MISC ---->  # 43 300               # 59  290
================================================================================
NOTES:
# LAST OF SEVERAL OCCURRENCES

COLUMN 17 PEAK WIND IN M.P.H.

PRELIMINARY LOCAL CLIMATOLOGICAL DATA (WS FORM: F-6) , PAGE 2

                                          STATION:  LOUISVILLE KY
                                          MONTH:    MARCH
                                          YEAR:     2017
                                          LATITUDE:   38 10 N
                                          LONGITUDE:  85 44 W

[TEMPERATURE DATA]      [PRECIPITATION DATA]       SYMBOLS USED IN COLUMN 16

AVERAGE MONTHLY: 49.2   TOTAL FOR MONTH:   3.42    1 = FOG OR MIST
DPTR FM NORMAL:   1.9   DPTR FM NORMAL:   -0.33    2 = FOG REDUCING VISIBILITY
HIGHEST:    80 ON 25,24 GRTST 24HR  1.83 ON  1- 1      TO 1/4 MILE OR LESS
LOWEST:     21 ON 15                               3 = THUNDER
                        SNOW, ICE PELLETS, HAIL    4 = ICE PELLETS
                        TOTAL MONTH:    T          5 = HAIL
                        GRTST 24HR    T  ON 15-15  6 = FREEZING RAIN OR DRIZZLE
                        GRTST DEPTH:   0           7 = DUSTSTORM OR SANDSTORM:
                                                       VSBY 1/2 MILE OR LESS
                                                   8 = SMOKE OR HAZE
[NO. OF DAYS WITH]      [WEATHER - DAYS WITH]      9 = BLOWING SNOW
                                                   X = TORNADO
MAX 32 OR BELOW:   0    0.01 INCH OR MORE:   8
MAX 90 OR ABOVE:   0    0.10 INCH OR MORE:   4
MIN 32 OR BELOW:   9    0.50 INCH OR MORE:   2
MIN  0 OR BELOW:   0    1.00 INCH OR MORE:   1

[HDD (BASE 65) ]
TOTAL THIS MO.   443    CLEAR  (SCALE 0-3)   7
DPTR FM NORMAL   -56    PTCLDY (SCALE 4-7)  15
TOTAL FM JUL 1  2908    CLOUDY (SCALE 8-10)  6
DPTR FM NORMAL  -832

[CDD (BASE 65) ]
TOTAL THIS MO.     8
DPTR FM NORMAL     8    [PRESSURE DATA]
TOTAL FM JAN 1    13    HIGHEST SLP M ON M
DPTR FM NORMAL    13    LOWEST  SLP 29.59 ON  1

[REMARKS]
