000
CXUS55 KPSR 221005
CF6SDL
PRELIMINARY LOCAL CLIMATOLOGICAL DATA (WS FORM: F-6)

                                          STATION:   SCOTTSDALE AZ
                                          MONTH:     JANUARY
                                          YEAR:      2017
                                          LATITUDE:   33 37 N
                                          LONGITUDE: 111 55 W

  TEMPERATURE IN F:       :PCPN:    SNOW:  WIND      :SUNSHINE: SKY     :PK WND
================================================================================
1   2   3   4   5  6A  6B    7    8   9   10  11  12  13   14  15   16   17  18
                                     12Z  AVG MX 2MIN
DY MAX MIN AVG DEP HDD CDD  WTR  SNW DPTH SPD SPD DIR MIN PSBL S-S WX    SPD DR
================================================================================

 1  56  50  53  -1  12   0 0.40  0.0    0  5.7 16 120   M    M  10 1      22 260
 2  56  46  51  -3  14   0    T  0.0    0  3.4  9 140   M    M   4        14 120
 3  60  42  51  -3  14   0 0.00  0.0    0  0.5  6 180   M    M   1        11 210
 4  64  44  54   0  11   0 0.00  0.0    0  1.2  7 140   M    M   0         9 170
 5  65  45  55   1  10   0 0.00  0.0    0  2.2 10 230   M    M   4        13 230
 6  65  48  57   3   8   0 0.00  0.0    0  3.1 10 250   M    M   1        14 250
 7  66  41  54   0  11   0    T  0.0    0  1.0  7 250   M    M   1         8 240
 8  74  47  61   7   4   0 0.00  0.0    0  0.9  7 240   M    M   0         9 240
 9  65  51  58   4   7   0    T  0.0    0  2.4  8 290   M    M   1        13 300
10  68  48  58   4   7   0 0.00  0.0    0  1.6  9 150   M    M   0        12 150
11  64  50  57   3   8   0 0.00  0.0    0  2.4  8  40   M    M   1        11 230
12  67  45  56   2   9   0 0.00  0.0    0  1.6  7 180   M    M   0         8 180
13  69  53  61   7   4   0    T  0.0    0  2.8 14 250   M    M   3        21 240
14  73  53  63   8   2   0 0.06  0.0    0  5.3 32  50   M    M   7 3      39  60
15  57  50  54  -1  11   0    T  0.0    0  3.6 12 240   M    M   8 1      14 240
16  61  48  55   0  10   0 0.00  0.0    0  3.0 10 240   M    M   5        14 230
17  63  43  53  -2  12   0 0.00  0.0    0  1.5  7 260   M    M   1         9 260
18  64  43  54  -1  11   0 0.00  0.0    0  1.7  7 160   M    M   0        10 170
19  55  45  50  -5  15   0 0.02  0.0    0  3.6  9 260   M    M   7 1      13 130
20  51  46  49  -6  16   0 0.79    M    0  4.1 14 180   M    M   9 1      20 200
21  57  43  50  -5  15   0 0.02    M    0  9.1 23 260   M    M   4 1      33 230
================================================================================
SM 1320  981       211   0  1.29     0.0  60.7          M       67
================================================================================
AV 62.9 46.7                               2.9 FASTST   M    M   3    MAX(MPH)
                                 MISC ---->  # 32  50               # 39   60
================================================================================
NOTES:
# LAST OF SEVERAL OCCURRENCES

COLUMN 17 PEAK WIND IN M.P.H.

PRELIMINARY LOCAL CLIMATOLOGICAL DATA (WS FORM: F-6) , PAGE 2

                                          STATION:  SCOTTSDALE AZ
                                          MONTH:    JANUARY
                                          YEAR:     2017
                                          LATITUDE:   33 37 N
                                          LONGITUDE: 111 55 W

[TEMPERATURE DATA]      [PRECIPITATION DATA]       SYMBOLS USED IN COLUMN 16

AVERAGE MONTHLY: 54.8   TOTAL FOR MONTH:   1.29    1 = FOG OR MIST
DPTR FM NORMAL:   0.4   DPTR FM NORMAL:    0.40    2 = FOG REDUCING VISIBILITY
HIGHEST:    74 ON  8    GRTST 24HR  0.81 ON 20-21      TO 1/4 MILE OR LESS
LOWEST:     41 ON  7                               3 = THUNDER
                        SNOW, ICE PELLETS, HAIL    4 = ICE PELLETS
                        TOTAL MONTH:   0.0 INCH    5 = HAIL
                        GRTST 24HR     0.0         6 = FREEZING RAIN OR DRIZZLE
                        GRTST DEPTH:   0           7 = DUSTSTORM OR SANDSTORM:
                                                       VSBY 1/2 MILE OR LESS
                                                   8 = SMOKE OR HAZE
[NO. OF DAYS WITH]      [WEATHER - DAYS WITH]      9 = BLOWING SNOW
                                                   X = TORNADO
MAX 32 OR BELOW:   0    0.01 INCH OR MORE:   5
MAX 90 OR ABOVE:   0    0.10 INCH OR MORE:   2
MIN 32 OR BELOW:   0    0.50 INCH OR MORE:   1
MIN  0 OR BELOW:   0    1.00 INCH OR MORE:   0

[HDD (BASE 65) ]
TOTAL THIS MO.   211    CLEAR  (SCALE 0-3)  11
DPTR FM NORMAL   -12    PTCLDY (SCALE 4-7)   7
TOTAL FM JUL 1   542    CLOUDY (SCALE 8-10)  3
DPTR FM NORMAL  -180

[CDD (BASE 65) ]
TOTAL THIS MO.     0
DPTR FM NORMAL     0    [PRESSURE DATA]
TOTAL FM JAN 1     0    HIGHEST SLP M ON M
DPTR FM NORMAL     0    LOWEST  SLP 29.43 ON 21

[REMARKS]
