000
CXUS55 KPSR 011005
CF6SDL
PRELIMINARY LOCAL CLIMATOLOGICAL DATA (WS FORM: F-6)

                                          STATION:   SCOTTSDALE AZ
                                          MONTH:     JULY
                                          YEAR:      2015
                                          LATITUDE:   33 37 N
                                          LONGITUDE: 111 55 W

  TEMPERATURE IN F:       :PCPN:    SNOW:  WIND      :SUNSHINE: SKY     :PK WND
================================================================================
1   2   3   4   5  6A  6B    7    8   9   10  11  12  13   14  15   16   17  18
                                     12Z  AVG MX 2MIN
DY MAX MIN AVG DEP HDD CDD  WTR  SNW DPTH SPD SPD DIR MIN PSBL S-S WX    SPD DR
================================================================================

 1 103  82  93   2   0  28 0.00  0.0    0  7.6 20 230   M    M   0        26 230
 2 104  84  94   2   0  29 0.00  0.0    0  6.1 16 230   M    M   0 3      22 260
 3  98  80  89  -3   0  24 0.01  0.0    0  5.0 18 150   M    M   1 3      24  30
 4 103  82  93   1   0  28 0.00  0.0    0  6.1 17 230   M    M   0        23 240
 5 101  83  92   0   0  27 0.00  0.0    0  5.8 22 170   M    M   0        29 170
 6 101  79  90  -2   0  25    T  0.0    0  4.1 15 220   M    M   2 3      21 220
 7 104  82  93   1   0  28 0.00  0.0    0  3.9 14 230   M    M   0        22 250
 8 105  82  94   2   0  29 0.00  0.0    0  5.6 16 240   M    M   0        23 240
 9  99  78  89  -3   0  24 0.00  0.0    0  6.9 20 210   M    M   1        33 210
10 101  77  89  -3   0  24 0.00  0.0    0  5.8 18 240   M    M   2        25 240
11 102  81  92   0   0  27 0.00  0.0    0  4.2 15 210   M    M   2        24 220
12 103  81  92   0   0  27 0.00  0.0    0  2.8 14 270   M    M   0        18 260
13 106  85  96   4   0  31    T  0.0    0  4.6 14 110   M    M   0        21 140
14 106  88  97   5   0  32 0.00  0.0    0  4.9 13 110   M    M   0        21 110
15 103  85  94   2   0  29 0.00  0.0    0  5.1 14 190   M    M   1        21 180
16 105  85  95   3   0  30 0.00  0.0    0  5.6 15 250   M    M   0        20 250
17  99  85  92   0   0  27 0.00  0.0    0  4.6 15 160   M    M   0        23 300
18  97  74  86  -6   0  21 0.21  0.0    0  6.1 21 260   M    M   2        29 250
19  96  75  86  -6   0  21 0.00  0.0    0  2.7 13 250   M    M   1        15 260
20 100  82  91  -1   0  26 0.00  0.0    0  3.9 14 230   M    M   0        18 240
21 103  82  93   1   0  28 0.00  0.0    0  3.4 13 260   M    M   0        17 280
22 102  83  93   1   0  28 0.00  0.0    0  3.3 13 260   M    M   0        17 250
23 101  83  92   0   0  27 0.00  0.0    0  3.2 13 140   M    M   0        17 140
24 102  84  93   1   0  28 0.00  0.0    0  3.1 14 270   M    M   0        21 280
25 106  82  94   2   0  29 0.00  0.0    0  3.6 15 230   M    M   0        23 230
26 105  83  94   2   0  29 0.00  0.0    0  4.8 15 250   M    M   0        21 230
27 103  84  94   2   0  29 0.00  0.0    0  3.4 13 260   M    M   0        18 260
28 104  88  96   4   0  31 0.00  0.0    0  4.3 16 140   M    M   1 3      23 180
29  99  85  92   0   0  27 0.00  0.0    0  3.9 21  50   M    M   1 3      24  50
30 102  83  93   1   0  28 0.00  0.0    0  3.4 12 210   M    M   0        15 130
31 106  81  94   2   0  29 0.03  0.0    0  5.6 39  40   M    M   0 38     45  40
================================================================================
SM 3169 2548         0 850  0.25     0.0 143.4          M       14
================================================================================
AV102.2 82.2                               4.6 FASTST   M    M   0    MAX(MPH)
                                 MISC ---->  # 39  40               # 45   40
================================================================================
NOTES:
# LAST OF SEVERAL OCCURRENCES

COLUMN 17 PEAK WIND IN M.P.H.

PRELIMINARY LOCAL CLIMATOLOGICAL DATA (WS FORM: F-6) , PAGE 2

                                          STATION:  SCOTTSDALE AZ
                                          MONTH:    JULY
                                          YEAR:     2015
                                          LATITUDE:   33 37 N
                                          LONGITUDE: 111 55 W

[TEMPERATURE DATA]      [PRECIPITATION DATA]       SYMBOLS USED IN COLUMN 16

AVERAGE MONTHLY: 92.2   TOTAL FOR MONTH:   0.25    1 = FOG OR MIST
DPTR FM NORMAL:   0.1   DPTR FM NORMAL:   -0.79    2 = FOG REDUCING VISIBILITY
HIGHEST:   106 ON 31,25 GRTST 24HR  0.21 ON 18-18      TO 1/4 MILE OR LESS
LOWEST:     74 ON 18                               3 = THUNDER
                        SNOW, ICE PELLETS, HAIL    4 = ICE PELLETS
                        TOTAL MONTH:   0.0 INCH    5 = HAIL
                        GRTST 24HR     0.0         6 = FREEZING RAIN OR DRIZZLE
                        GRTST DEPTH:   0           7 = DUSTSTORM OR SANDSTORM:
                                                       VSBY 1/2 MILE OR LESS
                                                   8 = SMOKE OR HAZE
[NO. OF DAYS WITH]      [WEATHER - DAYS WITH]      9 = BLOWING SNOW
                                                   X = TORNADO
MAX 32 OR BELOW:   0    0.01 INCH OR MORE:   3
MAX 90 OR ABOVE:  31    0.10 INCH OR MORE:   1
MIN 32 OR BELOW:   0    0.50 INCH OR MORE:   0
MIN  0 OR BELOW:   0    1.00 INCH OR MORE:   0

[HDD (BASE 65) ]
TOTAL THIS MO.     0    CLEAR  (SCALE 0-3)  31
DPTR FM NORMAL     0    PTCLDY (SCALE 4-7)   0
TOTAL FM JUL 1     0    CLOUDY (SCALE 8-10)  0
DPTR FM NORMAL     0

[CDD (BASE 65) ]
TOTAL THIS MO.   850
DPTR FM NORMAL     9    [PRESSURE DATA]
TOTAL FM JAN 1  2366    HIGHEST SLP 30.03 ON 19
DPTR FM NORMAL   182    LOWEST  SLP 29.58 ON  8

[REMARKS]
#FINAL-07-15#
