000
CXUS54 KFWD 300730
CF6SEP
PRELIMINARY LOCAL CLIMATOLOGICAL DATA (WS FORM: F-6)

                                          STATION:   STEPHENVILLE
                                          MONTH:     APRIL
                                          YEAR:      2016
                                          LATITUDE:   32 13 N
                                          LONGITUDE:  98 11 W

  TEMPERATURE IN F:       :PCPN:    SNOW:  WIND      :SUNSHINE: SKY     :PK WND
================================================================================
1   2   3   4   5  6A  6B    7    8   9   10  11  12  13   14  15   16   17  18
                                     12Z  AVG MX 2MIN
DY MAX MIN AVG DEP HDD CDD  WTR  SNW DPTH SPD SPD DIR MIN PSBL S-S WX    SPD DR
================================================================================

 1  61  43  52  -7  13   0 0.00  0.0    0  9.9 18 340   M    M   6        24  40
 2  69  42  56  -4   9   0 0.00  0.0    0  6.4 16 350   M    M   0        22 350
 3  76  41  59  -1   6   0 0.00  0.0    0  3.2 13 220   M    M   0        18 220
 4  85  49  67   7   0   2 0.00  0.0    0  3.2  9 270   M    M   0        18 250
 5  84  51  68   8   0   3 0.00  0.0    0  6.8 16 180   M    M   0        24 160
 6  77  48  63   2   2   0 0.00  0.0    0 10.7 22 340   M    M   0        29 340
 7  85  45  65   4   0   0 0.00  0.0    0  4.6 13 220   M    M   0        17 240
 8  74  54  64   3   1   0 0.00  0.0    0  4.7 10  90   M    M   1        16  90
 9  61  50  56  -6   9   0 0.18  0.0    0  5.0 16 160   M    M   5        23 160
10  77  59  68   6   0   3 0.00  0.0    0 13.0 20 180   M    M   6        27 180
11  88  62  75  13   0  10 0.00  0.0    0  9.9 16  20   M    M   4        24  20
12  65  55  60  -2   5   0 0.03  0.0    0  6.8 14  30   M    M  10        18  30
13  65  55  60  -3   5   0 0.00  0.0    0  3.5 13  60   M    M   9        17  60
14  70  54  62  -1   3   0 0.00  0.0    0  1.3  6 100   M    M   6         M  M
15  75  53  64   1   1   0 0.00  0.0    0  6.3 16 130   M    M   5        23 120
16  73  61  67   3   0   2 0.24  0.0    0 11.8 15 160   M    M   9        24 130
17  68  59  64   0   1   0 2.56  0.0    0  9.4 20 130   M    M  10        28 130
18  66  60  63  -1   2   0    M  0.0    0  7.4 12 320   M    M  10         M  M
19  75  63  69   5   0   4 0.00  0.0    0  3.6 10 120   M    M   8         M  M
20  73  59  66   1   0   1 0.44  0.0    0  3.1  9 360   M    M   7         M  M
21  77  57  67   2   0   2 0.26  0.0    0  6.3 14 340   M    M   5        17 340
22  80  53  67   2   0   2 0.00  0.0    0  1.3  8 330   M    M   1        16 330
23  80  52  66   0   0   1 0.00  0.0    0  2.5  7 140   M    M   0         M  M
24  77  59  68   2   0   3 0.00  0.0    0  7.2 14 180   M    M   3        23 170
25  87  67  77  11   0  12 0.00  0.0    0  8.7 15 180   M    M   5        24 200
26  84  60  72   6   0   7 0.35  0.0    0 10.0 15 150   M    M   6        24 170
27  81  56  69   2   0   4 0.00  0.0    0  3.4 14 270   M    M   0        18 270
28  83  58  71   4   0   6 0.00  0.0    0  7.7 17 130   M    M   1        21 120
29  81  65  73   6   0   8 0.34  0.0    0  5.7 13 190   M    M   7        18 210
================================================================================
SM 2197 1590        57  70  4.40     0.0 183.4          M      124
================================================================================
AV 75.8 54.8                               6.3 FASTST   M    M   4    MAX(MPH)
                                 MISC ---->    22   M                 29    M
================================================================================
NOTES:
# LAST OF SEVERAL OCCURRENCES

COLUMN 17 PEAK WIND IN M.P.H.

PRELIMINARY LOCAL CLIMATOLOGICAL DATA (WS FORM: F-6) , PAGE 2

                                          STATION:  STEPHENVILLE
                                          MONTH:    APRIL
                                          YEAR:     2016
                                          LATITUDE:   32 13 N
                                          LONGITUDE:  98 11 W

[TEMPERATURE DATA]      [PRECIPITATION DATA]       SYMBOLS USED IN COLUMN 16

AVERAGE MONTHLY: 65.3   TOTAL FOR MONTH:   4.40    1 = FOG OR MIST
DPTR FM NORMAL:   2.0   DPTR FM NORMAL:    1.99    2 = FOG REDUCING VISIBILITY
HIGHEST:    88 ON 11    GRTST 24HR  2.56 ON 17-17      TO 1/4 MILE OR LESS
LOWEST:     41 ON  3                               3 = THUNDER
                        SNOW, ICE PELLETS, HAIL    4 = ICE PELLETS
                        TOTAL MONTH:   0.0 INCH    5 = HAIL
                        GRTST 24HR     0.0         6 = FREEZING RAIN OR DRIZZLE
                        GRTST DEPTH:   0           7 = DUSTSTORM OR SANDSTORM:
                                                       VSBY 1/2 MILE OR LESS
                                                   8 = SMOKE OR HAZE
[NO. OF DAYS WITH]      [WEATHER - DAYS WITH]      9 = BLOWING SNOW
                                                   X = TORNADO
MAX 32 OR BELOW:   0    0.01 INCH OR MORE:   8
MAX 90 OR ABOVE:   0    0.10 INCH OR MORE:   7
MIN 32 OR BELOW:   0    0.50 INCH OR MORE:   1
MIN  0 OR BELOW:   0    1.00 INCH OR MORE:   1

[HDD (BASE 65) ]
TOTAL THIS MO.    57    CLEAR  (SCALE 0-3)  11
DPTR FM NORMAL   -63    PTCLDY (SCALE 4-7)  12
TOTAL FM JUL 1  1786    CLOUDY (SCALE 8-10)  6
DPTR FM NORMAL  -910

[CDD (BASE 65) ]
TOTAL THIS MO.    70
DPTR FM NORMAL     1    [PRESSURE DATA]
TOTAL FM JAN 1   107    HIGHEST SLP M ON M
DPTR FM NORMAL    18    LOWEST  SLP M ON M

[REMARKS]
