000
CXUS54 KFWD 210730
CF6SEP
PRELIMINARY LOCAL CLIMATOLOGICAL DATA (WS FORM: F-6)

                                          STATION:   STEPHENVILLE
                                          MONTH:     AUGUST
                                          YEAR:      2014
                                          LATITUDE:   32 13 N
                                          LONGITUDE:  98 11 W

  TEMPERATURE IN F:       :PCPN:    SNOW:  WIND      :SUNSHINE: SKY     :PK WND
================================================================================
1   2   3   4   5  6A  6B    7    8   9   10  11  12  13   14  15   16   17  18
                                     12Z  AVG MX 2MIN
DY MAX MIN AVG DEP HDD CDD  WTR  SNW DPTH SPD SPD DIR MIN PSBL S-S WX    SPD DR
================================================================================

 1  85  65  75  -8   0  10 0.00  0.0    0  6.9 12  10   M    M   6        17  50
 2  89  63  76  -7   0  11 0.00  0.0    0  5.0 13  80   M    M   2        18  30
 3  91  65  78  -5   0  13 0.00  0.0    0  4.8 15  50   M    M   2        20  50
 4  93  68  81  -2   0  16 0.00  0.0    0  3.7  9 110   M    M   2         M  M
 5  96  70  83   0   0  18 0.00  0.0    0  4.5  9 120   M    M   1         M  M
 6  99  73  86   3   0  21 0.00  0.0    0  7.0 13 120   M    M   1        22 120
 7 102  74  88   5   0  23 0.00  0.0    0  7.0 14 160   M    M   0        18 150
 8 102  75  89   6   0  24 0.00  0.0    0  6.8 14 360   M    M   1        22 210
 9 100  76  88   5   0  23 0.00  0.0    0  6.4 14 160   M    M   0        20 220
10 101  73  87   4   0  22 0.00  0.0    0  5.0 14 350   M    M   1        22 350
11  97  71  84   1   0  19 0.00  0.0    0  5.3 14  20   M    M   2        21  20
12  97  73  85   2   0  20 0.00  0.0    0  6.2 14  50   M    M   1        23  50
13  94  68  81  -2   0  16 0.00  0.0    0  2.4  7  80   M    M   0        16 100
14  96  67  82  -1   0  17 0.00  0.0    0  4.7 12 130   M    M   0        16 130
15  99  69  84   1   0  19 0.00  0.0    0  5.1 10 150   M    M   0         M  M
16 101  75  88   5   0  23 0.00  0.0    0  8.2 14 250   M    M   1        22 220
17  89  77  83   0   0  18 0.03  0.0    0  7.2 13 100   M    M   2        20 250
18  90  71  81  -2   0  16 0.19  0.0    0  5.0 12 220   M    M   3         M  M
19  91  70  81  -2   0  16 0.22  0.0    0  5.8 12 180   M    M   3        17 180
20  96  75  86   4   0  21 0.00  0.0    0 10.6 16 150   M    M   0        24 170
================================================================================
SM 1908 1418         0 366  0.44     0.0 117.6          M       28
================================================================================
AV 95.4 70.9                               5.9 FASTST   M    M   1    MAX(MPH)
                                 MISC ---->    16   M                 24    M
================================================================================
NOTES:
# LAST OF SEVERAL OCCURRENCES

COLUMN 17 PEAK WIND IN M.P.H.

PRELIMINARY LOCAL CLIMATOLOGICAL DATA (WS FORM: F-6) , PAGE 2

                                          STATION:  STEPHENVILLE
                                          MONTH:    AUGUST
                                          YEAR:     2014
                                          LATITUDE:   32 13 N
                                          LONGITUDE:  98 11 W

[TEMPERATURE DATA]      [PRECIPITATION DATA]       SYMBOLS USED IN COLUMN 16

AVERAGE MONTHLY: 83.2   TOTAL FOR MONTH:   0.44    1 = FOG OR MIST
DPTR FM NORMAL:   0.2   DPTR FM NORMAL:   -1.01    2 = FOG REDUCING VISIBILITY
HIGHEST:   102 ON  8, 7 GRTST 24HR  0.22 ON 19-19      TO 1/4 MILE OR LESS
LOWEST:     63 ON  2                               3 = THUNDER
                        SNOW, ICE PELLETS, HAIL    4 = ICE PELLETS
                        TOTAL MONTH:   0.0 INCH    5 = HAIL
                        GRTST 24HR     0.0         6 = FREEZING RAIN OR DRIZZLE
                        GRTST DEPTH:   0           7 = DUSTSTORM OR SANDSTORM:
                                                       VSBY 1/2 MILE OR LESS
                                                   8 = SMOKE OR HAZE
[NO. OF DAYS WITH]      [WEATHER - DAYS WITH]      9 = BLOWING SNOW
                                                   X = TORNADO
MAX 32 OR BELOW:   0    0.01 INCH OR MORE:   3
MAX 90 OR ABOVE:  17    0.10 INCH OR MORE:   2
MIN 32 OR BELOW:   0    0.50 INCH OR MORE:   0
MIN  0 OR BELOW:   0    1.00 INCH OR MORE:   0

[HDD (BASE 65) ]
TOTAL THIS MO.     0    CLEAR  (SCALE 0-3)  19
DPTR FM NORMAL     0    PTCLDY (SCALE 4-7)   1
TOTAL FM JUL 1     0    CLOUDY (SCALE 8-10)  0
DPTR FM NORMAL     0

[CDD (BASE 65) ]
TOTAL THIS MO.   366
DPTR FM NORMAL     7    [PRESSURE DATA]
TOTAL FM JAN 1  1693    HIGHEST SLP M ON M
DPTR FM NORMAL    66    LOWEST  SLP M ON M

[REMARKS]
