000
CXUS53 KSGF 190800
CF6SGF
PRELIMINARY LOCAL CLIMATOLOGICAL DATA (WS FORM: F-6)

                                          STATION:   SPRINGFIELD MO
                                          MONTH:     AUGUST
                                          YEAR:      2017
                                          LATITUDE:   37 13 N
                                          LONGITUDE:  93 23 W

  TEMPERATURE IN F:       :PCPN:    SNOW:  WIND      :SUNSHINE: SKY     :PK WND
================================================================================
1   2   3   4   5  6A  6B    7    8   9   10  11  12  13   14  15   16   17  18
                                     12Z  AVG MX 2MIN
DY MAX MIN AVG DEP HDD CDD  WTR  SNW DPTH SPD SPD DIR MIN PSBL S-S WX    SPD DR
================================================================================

 1  86  71  79   0   0  14    T  0.0    0  4.7 13 220   M    M   6        15 220
 2  88  68  78  -1   0  13 0.00  0.0    0  4.2 12 350   M    M   5 1      16 350
 3  90  67  79   0   0  14    T  0.0    0  6.6 15 280   M    M   2 3      21 280
 4  80  58  69 -10   0   4 0.00  0.0    0  7.3 17  40   M    M   2        23  50
 5  75  58  67 -12   0   2 1.78  0.0    0 15.3 28 320   M    M   4 123    37 320
 6  71  63  67 -12   0   2 1.71  0.0    0  8.9 23 120   M    M   9 13     32 120
 7  82  67  75  -4   0  10 0.00  0.0    0  7.3 14  40   M    M   7 1      18  20
 8  82  63  73  -6   0   8 0.00  0.0    0  7.6 15  40   M    M   3 1      20  60
 9  84  63  74  -5   0   9 0.00  0.0    0  6.5 14 180   M    M   2        18 140
10  84  69  77  -2   0  12 0.44  0.0    0  7.5 15 210   M    M   5 13     20 200
11  82  69  76  -3   0  11 0.89  0.0    0  5.6 18 250   M    M   6 13     28 250
12  78  66  72  -7   0   7 0.00  0.0    0  5.5 13  90   M    M   4 1      17  90
13  71  65  68 -10   0   3 0.18  0.0    0  7.0 17 150   M    M  10 1      24 150
14  81  68  75  -3   0  10 0.00  0.0    0  4.3 10 190   M    M   6 1      13 180
15  87  67  77  -1   0  12 0.02  0.0    0  6.4 15 130   M    M   3 13     18 130
16  87  68  78   0   0  13 0.64  0.0    0 11.7 25 320   M    M   6 13     34 190
17  84  64  74  -4   0   9 0.01  0.0    0  6.5 18 280   M    M   4        24 300
18  86  60  73  -5   0   8 0.00  0.0    0  7.1 16 210   M    M   1 1      22 210
================================================================================
SM 1478 1174         0 161  5.67     0.0 130.0          M       85
================================================================================
AV 82.1 65.2                               7.2 FASTST   M    M   5    MAX(MPH)
                                 MISC ---->  # 28 320               # 37  320
================================================================================
NOTES:
# LAST OF SEVERAL OCCURRENCES

COLUMN 17 PEAK WIND IN M.P.H.

PRELIMINARY LOCAL CLIMATOLOGICAL DATA (WS FORM: F-6) , PAGE 2

                                          STATION:  SPRINGFIELD MO
                                          MONTH:    AUGUST
                                          YEAR:     2017
                                          LATITUDE:   37 13 N
                                          LONGITUDE:  93 23 W

[TEMPERATURE DATA]      [PRECIPITATION DATA]       SYMBOLS USED IN COLUMN 16

AVERAGE MONTHLY: 73.7   TOTAL FOR MONTH:   5.67    1 = FOG OR MIST
DPTR FM NORMAL:  -5.0   DPTR FM NORMAL:    3.75    2 = FOG REDUCING VISIBILITY
HIGHEST:    90 ON  3    GRTST 24HR  1.78 ON  5- 5      TO 1/4 MILE OR LESS
LOWEST:     58 ON  5, 4                            3 = THUNDER
                        SNOW, ICE PELLETS, HAIL    4 = ICE PELLETS
                        TOTAL MONTH:   0.0 INCH    5 = HAIL
                        GRTST 24HR     0.0         6 = FREEZING RAIN OR DRIZZLE
                        GRTST DEPTH:   0           7 = DUSTSTORM OR SANDSTORM:
                                                       VSBY 1/2 MILE OR LESS
                                                   8 = SMOKE OR HAZE
[NO. OF DAYS WITH]      [WEATHER - DAYS WITH]      9 = BLOWING SNOW
                                                   X = TORNADO
MAX 32 OR BELOW:   0    0.01 INCH OR MORE:   8
MAX 90 OR ABOVE:   1    0.10 INCH OR MORE:   6
MIN 32 OR BELOW:   0    0.50 INCH OR MORE:   4
MIN  0 OR BELOW:   0    1.00 INCH OR MORE:   2

[HDD (BASE 65) ]
TOTAL THIS MO.     0    CLEAR  (SCALE 0-3)   5
DPTR FM NORMAL     0    PTCLDY (SCALE 4-7)  11
TOTAL FM JUL 1     0    CLOUDY (SCALE 8-10)  2
DPTR FM NORMAL     0

[CDD (BASE 65) ]
TOTAL THIS MO.   161
DPTR FM NORMAL   -86    [PRESSURE DATA]
TOTAL FM JAN 1  1044    HIGHEST SLP M ON M
DPTR FM NORMAL     9    LOWEST  SLP 29.80 ON 15

[REMARKS]
