000
CXUS53 KSGF 180800
CF6SGF
PRELIMINARY LOCAL CLIMATOLOGICAL DATA (WS FORM: F-6)

                                          STATION:   SPRINGFIELD MO
                                          MONTH:     DECEMBER
                                          YEAR:      2014
                                          LATITUDE:   37 13 N
                                          LONGITUDE:  93 23 W

  TEMPERATURE IN F:       :PCPN:    SNOW:  WIND      :SUNSHINE: SKY     :PK WND
================================================================================
1   2   3   4   5  6A  6B    7    8   9   10  11  12  13   14  15   16   17  18
                                     12Z  AVG MX 2MIN
DY MAX MIN AVG DEP HDD CDD  WTR  SNW DPTH SPD SPD DIR MIN PSBL S-S WX    SPD DR
================================================================================

 1  31  22  27 -12  38   0 0.02    T    0 13.1 23  20   M    M  10 46     27  30
 2  34  27  31  -8  34   0 0.00  0.0    0  7.2 16 190   M    M   8        19 180
 3  47  25  36  -2  29   0 0.00  0.0    0  5.8 15 130   M    M   3 18     18 120
 4  46  37  42   4  23   0 0.05  0.0    0  9.2 17 130   M    M  10 1      23 120
 5  57  45  51  13  14   0 0.41  0.0    0 11.1 18 350   M    M  10 1      22 340
 6  45  37  41   4  24   0 0.00  0.0    0 10.4 16 350   M    M  10 1      19  10
 7  44  36  40   3  25   0 0.00  0.0    0  9.1 16 150   M    M   7 1      18 150
 8  54  33  44   8  21   0 0.00  0.0    0  8.2 17 280   M    M   6 1      22 290
 9  43  29  36   0  29   0 0.00  0.0    0  9.4 20 360   M    M   2        23  10
10  41  27  34  -2  31   0 0.01  0.0    0  9.2 18 150   M    M   6        22 150
11  45  35  40   4  25   0 0.01    M    0  7.3 13 150   M    M  10 18     15 160
12  53  39  46  11  19   0 0.00  0.0    0  9.2 15 150   M    M   9 18     18 170
13  57  45  51  16  14   0 0.00  0.0    0  9.9 15 150   M    M   7 1      18 150
14  58  49  54  19  11   0 0.26  0.0    0 15.6 30 140   M    M   6 1      42 150
15  57  37  47  12  18   0 0.19  0.0    0 19.0 28 270   M    M   8 1      36 270
16  37  26  32  -2  33   0 0.00  0.0    0 10.3 25 270   M    M   8        33 290
17  35  24  30  -4  35   0 0.34  0.5    0  4.6 10 130   M    M   5 146    12 130
================================================================================
SM  784  573       423   0  1.29     0.5 168.6          M      125
================================================================================
AV 46.1 33.7                               9.9 FASTST   M    M   7    MAX(MPH)
                                 MISC ---->  # 30 140               # 42  150
================================================================================
NOTES:
# LAST OF SEVERAL OCCURRENCES

COLUMN 17 PEAK WIND IN M.P.H.

PRELIMINARY LOCAL CLIMATOLOGICAL DATA (WS FORM: F-6) , PAGE 2

                                          STATION:  SPRINGFIELD MO
                                          MONTH:    DECEMBER
                                          YEAR:     2014
                                          LATITUDE:   37 13 N
                                          LONGITUDE:  93 23 W

[TEMPERATURE DATA]      [PRECIPITATION DATA]       SYMBOLS USED IN COLUMN 16

AVERAGE MONTHLY: 39.9   TOTAL FOR MONTH:   1.29    1 = FOG OR MIST
DPTR FM NORMAL:   3.6   DPTR FM NORMAL:   -0.53    2 = FOG REDUCING VISIBILITY
HIGHEST:    58 ON 14    GRTST 24HR  0.45 ON 14-15      TO 1/4 MILE OR LESS
LOWEST:     22 ON  1                               3 = THUNDER
                        SNOW, ICE PELLETS, HAIL    4 = ICE PELLETS
                        TOTAL MONTH:   0.5 INCH    5 = HAIL
                        GRTST 24HR   0.5 ON 17-17  6 = FREEZING RAIN OR DRIZZLE
                        GRTST DEPTH:   0           7 = DUSTSTORM OR SANDSTORM:
                                                       VSBY 1/2 MILE OR LESS
                                                   8 = SMOKE OR HAZE
[NO. OF DAYS WITH]      [WEATHER - DAYS WITH]      9 = BLOWING SNOW
                                                   X = TORNADO
MAX 32 OR BELOW:   1    0.01 INCH OR MORE:   8
MAX 90 OR ABOVE:   0    0.10 INCH OR MORE:   4
MIN 32 OR BELOW:   7    0.50 INCH OR MORE:   0
MIN  0 OR BELOW:   0    1.00 INCH OR MORE:   0

[HDD (BASE 65) ]
TOTAL THIS MO.   423    CLEAR  (SCALE 0-3)   2
DPTR FM NORMAL   -65    PTCLDY (SCALE 4-7)   7
TOTAL FM JUL 1  1373    CLOUDY (SCALE 8-10)  8
DPTR FM NORMAL     6

[CDD (BASE 65) ]
TOTAL THIS MO.     0
DPTR FM NORMAL     0    [PRESSURE DATA]
TOTAL FM JAN 1  1470    HIGHEST SLP M ON M
DPTR FM NORMAL    81    LOWEST  SLP 29.65 ON 15

[REMARKS]
