000
CXUS53 KSGF 250800
CF6SGF
PRELIMINARY LOCAL CLIMATOLOGICAL DATA (WS FORM: F-6)

                                          STATION:   SPRINGFIELD MO
                                          MONTH:     OCTOBER
                                          YEAR:      2014
                                          LATITUDE:   37 13 N
                                          LONGITUDE:  93 23 W

  TEMPERATURE IN F:       :PCPN:    SNOW:  WIND      :SUNSHINE: SKY     :PK WND
================================================================================
1   2   3   4   5  6A  6B    7    8   9   10  11  12  13   14  15   16   17  18
                                     12Z  AVG MX 2MIN
DY MAX MIN AVG DEP HDD CDD  WTR  SNW DPTH SPD SPD DIR MIN PSBL S-S WX    SPD DR
================================================================================

 1  87  64  76  13   0  11 0.00  0.0    0 12.9 21 190   M    M   2        25 190
 2  76  60  68   6   0   3 1.73  0.0    0 10.9 32 190   M    M   3 13     42 180
 3  60  42  51 -11  14   0 0.00  0.0    0 11.4 33 340   M    M   4        39 340
 4  61  40  51 -11  14   0 0.00  0.0    0  9.1 21 310   M    M   0        31 290
 5  76  46  61   0   4   0 0.00  0.0    0  9.7 20 260   M    M   2        23 270
 6  73  52  63   2   2   0    T  0.0    0  9.2 18 230   M    M   3        23 230
 7  82  56  69   9   0   4 0.00  0.0    0  7.8 20 230   M    M   0        25 230
 8  79  54  67   7   0   2 0.04  0.0    0  8.0 18 130   M    M   2 3      19 130
 9  83  64  74  14   0   9 1.81  0.0    0 11.1 30  20   M    M   4 13     37  20
10  64  50  57  -3   8   0 1.78  0.0    0 12.4 21  40   M    M  10 13     27  50
11  55  49  52  -7  13   0    T  0.0    0  9.7 18  60   M    M  10        22  60
12  65  53  59   0   6   0    T  0.0    0 10.4 16 140   M    M   8 1      21 130
13  67  53  60   1   5   0 1.83  0.0    0 14.3 29 130   M    M  10 13     39 150
14  64  52  58   0   7   0 0.03  0.0    0 13.6 24 300   M    M  10 1      36 310
15  67  43  55  -3  10   0 0.00  0.0    0  7.9 22 320   M    M   0        28 320
16  77  40  59   1   6   0 0.00  0.0    0  8.7 18 190   M    M   0        22 200
17  70  47  59   1   6   0 0.00  0.0    0   M   M   M   M    M   0         M  M
18  64  41  53  -4  12   0 0.00  0.0    0  5.1 15 330   M    M   0        20 340
19  66  41  54  -3  11   0 0.00  0.0    0  7.1 15 180   M    M   1        18 180
20  74  50  62   5   3   0 0.00  0.0    0  3.9 14 260   M    M   5 18     18 270
21  75  45  60   4   5   0 0.00  0.0    0  2.3  7 130   M    M   0 1      10 110
22  73  50  62   6   3   0 0.00  0.0    0 10.4 22 150   M    M   0        27 150
23  62  49  56   0   9   0 0.02  0.0    0  7.6 17 140   M    M   6 12     21 140
24  76  47  62   7   3   0 0.00  0.0    0  7.1 15 240   M    M   3 12     18 220
================================================================================
SM 1696 1188       141  29  7.24     0.0 210.6          M       83
================================================================================
AV 70.7 49.5                               9.2 FASTST   M    M   3    MAX(MPH)
                                 MISC ---->  # 33 340               # 42  180
================================================================================
NOTES:
# LAST OF SEVERAL OCCURRENCES

COLUMN 17 PEAK WIND IN M.P.H.

PRELIMINARY LOCAL CLIMATOLOGICAL DATA (WS FORM: F-6) , PAGE 2

                                          STATION:  SPRINGFIELD MO
                                          MONTH:    OCTOBER
                                          YEAR:     2014
                                          LATITUDE:   37 13 N
                                          LONGITUDE:  93 23 W

[TEMPERATURE DATA]      [PRECIPITATION DATA]       SYMBOLS USED IN COLUMN 16

AVERAGE MONTHLY: 60.1   TOTAL FOR MONTH:   7.24    1 = FOG OR MIST
DPTR FM NORMAL:   1.2   DPTR FM NORMAL:    4.46    2 = FOG REDUCING VISIBILITY
HIGHEST:    87 ON  1    GRTST 24HR  3.56 ON  9-10      TO 1/4 MILE OR LESS
LOWEST:     40 ON 16, 4                            3 = THUNDER
                        SNOW, ICE PELLETS, HAIL    4 = ICE PELLETS
                        TOTAL MONTH:   0.0 INCH    5 = HAIL
                        GRTST 24HR     0.0         6 = FREEZING RAIN OR DRIZZLE
                        GRTST DEPTH:   0           7 = DUSTSTORM OR SANDSTORM:
                                                       VSBY 1/2 MILE OR LESS
                                                   8 = SMOKE OR HAZE
[NO. OF DAYS WITH]      [WEATHER - DAYS WITH]      9 = BLOWING SNOW
                                                   X = TORNADO
MAX 32 OR BELOW:   0    0.01 INCH OR MORE:   7
MAX 90 OR ABOVE:   0    0.10 INCH OR MORE:   4
MIN 32 OR BELOW:   0    0.50 INCH OR MORE:   4
MIN  0 OR BELOW:   0    1.00 INCH OR MORE:   4

[HDD (BASE 65) ]
TOTAL THIS MO.   141    CLEAR  (SCALE 0-3)  14
DPTR FM NORMAL   -32    PTCLDY (SCALE 4-7)   6
TOTAL FM JUL 1   172    CLOUDY (SCALE 8-10)  4
DPTR FM NORMAL   -56

[CDD (BASE 65) ]
TOTAL THIS MO.    29
DPTR FM NORMAL     2    [PRESSURE DATA]
TOTAL FM JAN 1  1454    HIGHEST SLP M ON M
DPTR FM NORMAL    68    LOWEST  SLP 29.43 ON 13

[REMARKS]
