000
CXUS54 KHGX 301415
CF6SGR
PRELIMINARY LOCAL CLIMATOLOGICAL DATA (WS FORM: F-6)

                                          STATION:   SUGARLAND/HULL FLD
                                          MONTH:     JULY
                                          YEAR:      2014
                                          LATITUDE:   29 37 N
                                          LONGITUDE:  95 39 W

  TEMPERATURE IN F:       :PCPN:    SNOW:  WIND      :SUNSHINE: SKY     :PK WND
================================================================================
1   2   3   4   5  6A  6B    7    8   9   10  11  12  13   14  15   16   17  18
                                     12Z  AVG MX 2MIN
DY MAX MIN AVG DEP HDD CDD  WTR  SNW DPTH SPD SPD DIR MIN PSBL S-S WX    SPD DR
================================================================================

 1  94  75  85   2   0  20 0.00  0.0    0  7.7 16 160   M    M   4 13     22 170
 2  94  73  84   1   0  19 0.41  0.0    0  3.3 21  60   M    M   3 1238   27  60
 3  94  73  84   1   0  19    T  0.0    0  4.0 35  10   M    M   1 123    43  10
 4  93  72  83   0   0  18 0.20  0.0    0  5.6 25  90   M    M   1 13     35  90
 5  89  73  81  -2   0  16    T  0.0    0  4.6 14 150   M    M   1 138    16 130
 6  89  72  81  -2   0  16 0.06  0.0    0  5.3 16 140   M    M   1 138    20 150
 7  94  74  84   1   0  19 0.01  0.0    0  5.9 23 170   M    M   3 138    28 170
 8  93  74  84   0   0  19 0.02  0.0    0  7.1 15 200   M    M   2 3      20 170
 9  95  75  85   1   0  20 0.00  0.0    0  6.9 15 160   M    M   0        20 170
10  92  73  83  -1   0  18 0.00  0.0    0  6.0 20 170   M    M   0 1      24 180
11  94  71  83  -1   0  18 0.00  0.0    0  6.7 15 160   M    M   0        21 170
12  95  72  84   0   0  19 0.00  0.0    0  3.7 13 150   M    M   3 13     15 160
13  97  74  86   2   0  21 0.00  0.0    0  3.8 15 200   M    M   2 3      18 200
14  96  76  86   2   0  21 0.00  0.0    0  6.7 18 160   M    M   1 3      26 180
15  90  76  83  -1   0  18    T  0.0    0  5.0 20 350   M    M   2        24 350
16  92  74  83  -1   0  18    T  0.0    0  4.2 22 170   M    M   2 13     28 170
17  89  75  82  -2   0  17 0.62  0.0    0  8.7 26 180   M    M   2 138    33 190
18  88  77  83  -1   0  18 0.01  0.0    0  5.4 15 180   M    M   6 18     17 180
19  90  74  82  -2   0  17 0.00  0.0    0  6.3 15  10   M    M   7        18  40
20  96  77  87   3   0  22 0.00  0.0    0  5.3 21 160   M    M   4        24 160
21  96  77  87   3   0  22 0.00  0.0    0  5.6 16 180   M    M   3 1      19 180
22  96  76  86   2   0  21 0.01  0.0    0  2.7 13 160   M    M   2 13     15 160
23  93  76  85   1   0  20 0.12  0.0    0  2.7 18 120   M    M   3 123    22 120
24  93  75  84   0   0  19 0.91  0.0    0  3.8 15 210   M    M   1 138    23 200
25  94  75  85   1   0  20 0.01  0.0    0  4.9 20 170   M    M   1 1      24 170
26  94  76  85   1   0  20    T  0.0    0  8.0 21 170   M    M   2        24 160
27  96  77  87   3   0  22 0.00  0.0    0  8.6 17 180   M    M   1 1      22 180
28  98  74  86   2   0  21 0.00  0.0    0  4.7 13 190   M    M   1 1      16 190
29  95  75  85   1   0  20 0.30  0.0    0  4.8 28 360   M    M   4 13     37 340
================================================================================
SM 2709 2161         0 558  2.68     0.0 158.0          M       63
================================================================================
AV 93.4 74.5                               5.4 FASTST   M    M   2    MAX(MPH)
                                 MISC ---->  # 35  10               # 43   10
================================================================================
NOTES:
# LAST OF SEVERAL OCCURRENCES

COLUMN 17 PEAK WIND IN M.P.H.

PRELIMINARY LOCAL CLIMATOLOGICAL DATA (WS FORM: F-6) , PAGE 2

                                          STATION:  SUGARLAND/HULL FLD
                                          MONTH:    JULY
                                          YEAR:     2014
                                          LATITUDE:   29 37 N
                                          LONGITUDE:  95 39 W

[TEMPERATURE DATA]      [PRECIPITATION DATA]       SYMBOLS USED IN COLUMN 16

AVERAGE MONTHLY: 84.0   TOTAL FOR MONTH:   2.68    1 = FOG OR MIST
DPTR FM NORMAL:   0.2   DPTR FM NORMAL:   -1.46    2 = FOG REDUCING VISIBILITY
HIGHEST:    98 ON 28    GRTST 24HR  0.92 ON 23-24      TO 1/4 MILE OR LESS
LOWEST:     71 ON 11                               3 = THUNDER
                        SNOW, ICE PELLETS, HAIL    4 = ICE PELLETS
                        TOTAL MONTH:   0.0 INCH    5 = HAIL
                        GRTST 24HR     0.0         6 = FREEZING RAIN OR DRIZZLE
                        GRTST DEPTH:   0           7 = DUSTSTORM OR SANDSTORM:
                                                       VSBY 1/2 MILE OR LESS
                                                   8 = SMOKE OR HAZE
[NO. OF DAYS WITH]      [WEATHER - DAYS WITH]      9 = BLOWING SNOW
                                                   X = TORNADO
MAX 32 OR BELOW:   0    0.01 INCH OR MORE:  12
MAX 90 OR ABOVE:  25    0.10 INCH OR MORE:   6
MIN 32 OR BELOW:   0    0.50 INCH OR MORE:   2
MIN  0 OR BELOW:   0    1.00 INCH OR MORE:   0

[HDD (BASE 65) ]
TOTAL THIS MO.     0    CLEAR  (SCALE 0-3)  24
DPTR FM NORMAL     0    PTCLDY (SCALE 4-7)   5
TOTAL FM JUL 1     0    CLOUDY (SCALE 8-10)  0
DPTR FM NORMAL     0

[CDD (BASE 65) ]
TOTAL THIS MO.   558
DPTR FM NORMAL    15    [PRESSURE DATA]
TOTAL FM JAN 1  1677    HIGHEST SLP M ON M
DPTR FM NORMAL    42    LOWEST  SLP 29.83 ON 17

[REMARKS]
