000
CXUS54 KHGX 251415
CF6SGR
PRELIMINARY LOCAL CLIMATOLOGICAL DATA (WS FORM: F-6)

                                          STATION:   SUGARLAND/HULL FLD
                                          MONTH:     MAY
                                          YEAR:      2015
                                          LATITUDE:   29 37 N
                                          LONGITUDE:  95 39 W

  TEMPERATURE IN F:       :PCPN:    SNOW:  WIND      :SUNSHINE: SKY     :PK WND
================================================================================
1   2   3   4   5  6A  6B    7    8   9   10  11  12  13   14  15   16   17  18
                                     12Z  AVG MX 2MIN
DY MAX MIN AVG DEP HDD CDD  WTR  SNW DPTH SPD SPD DIR MIN PSBL S-S WX    SPD DR
================================================================================

 1  83  55  69  -4   0   4 0.00  0.0    0  2.7 12 170   M    M   3        22 300
 2  83  56  70  -3   0   5 0.00  0.0    0  6.5 17 150   M    M   1 1      23 140
 3  84  57  71  -2   0   6 0.00  0.0    0  9.0 22 150   M    M   1        25 150
 4  84  67  76   2   0  11 0.00  0.0    0  8.8 18 140   M    M   1        22 140
 5  83  68  76   2   0  11 0.07  0.0    0 14.0 29 160   M    M   5        34 140
 6  86  73  80   6   0  15    T  0.0    0 14.4 23 150   M    M   8        29 180
 7  85  75  80   6   0  15 0.01  0.0    0 13.2 22 170   M    M   8        26 170
 8  87  76  82   7   0  17    T  0.0    0 13.6 21 130   M    M   8        26 120
 9  88  76  82   7   0  17    T  0.0    0 14.2 26 170   M    M   9 8      34 160
10  86  77  82   7   0  17    T  0.0    0 15.1 28 160   M    M  10 18     35 160
11  84  70  77   2   0  12 0.78  0.0    0  9.8 23  20   M    M   6 138    28  30
12  80  69  75  -1   0  10 1.82  0.0    0  6.8 16  40   M    M   8 13     23 110
13  80  70  75  -1   0  10 1.19  0.0    0  6.9 18 160   M    M   8 13     23 160
14  86  71  79   3   0  14 1.24  0.0    0  7.8 33 220   M    M   7 13     44 220
15  82  74  78   2   0  13 0.22  0.0    0  7.8 22 150   M    M   6 13     29 150
16  89  74  82   6   0  17 0.00  0.0    0 13.6 25 170   M    M   8 18     29 170
17  84  70  77   0   0  12 0.85  0.0    0  8.5 28 310   M    M   9 138    46 290
18  88  72  80   3   0  15 0.08  0.0    0  7.7 16 140   M    M   6 13     21 130
19  87  76  82   5   0  17    T  0.0    0 10.1 22 150   M    M   5 13     25 160
20  88  75  82   5   0  17 0.00  0.0    0  7.3 18 160   M    M   4 13     23 160
21  85  73  79   1   0  14 0.32  0.0    0  6.9 20  40   M    M   4 13     23  20
22  81  69  75  -3   0  10 0.00  0.0    0  9.1 15 130   M    M   7        20 140
23  88  76  82   4   0  17 0.00  0.0    0 12.0 22 140   M    M   3 3      29 160
24  81  70  76  -2   0  11 1.04  0.0    0 11.1 32 200   M    M   4 13     39 190
================================================================================
SM 2032 1689         0 307  7.62     0.0 236.9          M      139
================================================================================
AV 84.7 70.4                               9.9 FASTST   M    M   6    MAX(MPH)
                                 MISC ---->  # 33 220               # 46  290
================================================================================
NOTES:
# LAST OF SEVERAL OCCURRENCES

COLUMN 17 PEAK WIND IN M.P.H.

PRELIMINARY LOCAL CLIMATOLOGICAL DATA (WS FORM: F-6) , PAGE 2

                                          STATION:  SUGARLAND/HULL FLD
                                          MONTH:    MAY
                                          YEAR:     2015
                                          LATITUDE:   29 37 N
                                          LONGITUDE:  95 39 W

[TEMPERATURE DATA]      [PRECIPITATION DATA]       SYMBOLS USED IN COLUMN 16

AVERAGE MONTHLY: 77.5   TOTAL FOR MONTH:   7.62    1 = FOG OR MIST
DPTR FM NORMAL:   1.9   DPTR FM NORMAL:    3.98    2 = FOG REDUCING VISIBILITY
HIGHEST:    89 ON 16    GRTST 24HR  2.32 ON 12-13      TO 1/4 MILE OR LESS
LOWEST:     55 ON  1                               3 = THUNDER
                        SNOW, ICE PELLETS, HAIL    4 = ICE PELLETS
                        TOTAL MONTH:   0.0 INCH    5 = HAIL
                        GRTST 24HR     0.0         6 = FREEZING RAIN OR DRIZZLE
                        GRTST DEPTH:   0           7 = DUSTSTORM OR SANDSTORM:
                                                       VSBY 1/2 MILE OR LESS
                                                   8 = SMOKE OR HAZE
[NO. OF DAYS WITH]      [WEATHER - DAYS WITH]      9 = BLOWING SNOW
                                                   X = TORNADO
MAX 32 OR BELOW:   0    0.01 INCH OR MORE:  11
MAX 90 OR ABOVE:   0    0.10 INCH OR MORE:   8
MIN 32 OR BELOW:   0    0.50 INCH OR MORE:   6
MIN  0 OR BELOW:   0    1.00 INCH OR MORE:   4

[HDD (BASE 65) ]
TOTAL THIS MO.     0    CLEAR  (SCALE 0-3)   3
DPTR FM NORMAL     0    PTCLDY (SCALE 4-7)  18
TOTAL FM JUL 1  1374    CLOUDY (SCALE 8-10)  3
DPTR FM NORMAL   -45

[CDD (BASE 65) ]
TOTAL THIS MO.   307
DPTR FM NORMAL    51    [PRESSURE DATA]
TOTAL FM JAN 1   602    HIGHEST SLP M ON M
DPTR FM NORMAL   105    LOWEST  SLP 29.81 ON 10

[REMARKS]
