000
CXUS55 KBYZ 221055
CF6SHR
PRELIMINARY LOCAL CLIMATOLOGICAL DATA (WS FORM: F-6)

                                          STATION:   SHERIDAN WY
                                          MONTH:     JULY
                                          YEAR:      2017
                                          LATITUDE:   44 46 N
                                          LONGITUDE: 106 58 W

  TEMPERATURE IN F:       :PCPN:    SNOW:  WIND      :SUNSHINE: SKY     :PK WND
================================================================================
1   2   3   4   5  6A  6B    7    8   9   10  11  12  13   14  15   16   17  18
                                     12Z  AVG MX 2MIN
DY MAX MIN AVG DEP HDD CDD  WTR  SNW DPTH SPD SPD DIR MIN PSBL S-S WX    SPD DR
================================================================================

 1  88  45  67   0   0   2 0.00    M    M  2.0 10  30   M    M   0        14  40
 2  89  50  70   3   0   5    T    M    M  4.6 15 310   M    M   1 3      18 320
 3  94  50  72   5   0   7 0.00    M    M  3.3 12 210   M    M   0        14 130
 4  93  61  77   9   0  12 0.00    M    M  5.4 20 310   M    M   0        25 320
 5 100  54  77   9   0  12    T    M    M  5.7 41 300   M    M   0 3      56 280
 6  95  61  78  10   0  13    T    M    M  8.4 41 310   M    M   1 3      53 270
 7  96  53  75   7   0  10 0.00    M    M  5.6 31 230   M    M   0        39 240
 8  98  53  76   7   0  11 0.00    M    M  5.7 17 150   M    M   0        22 140
 9 100  58  79  10   0  14    T    M    M  7.4 36 320   M    M   1 3      46 320
10  96  53  75   6   0  10 0.17    M    M  5.6 33 310   M    M   0 3      40 310
11  90  54  72   2   0   7 0.02    M    M  5.4 30 340   M    M   1 3      39 330
12  88  60  74   4   0   9 0.03    M    M  4.4 14  30   M    M   3        22  30
13  95  57  76   6   0  11 0.00    M    M  2.6 12 100   M    M   1        13 100
14  98  56  77   7   0  12 0.00    M    M  6.0 17 270   M    M   0 3      23 270
15  97  55  76   6   0  11 0.02    M    M  6.1 24 290   M    M   1 3      29 300
16  98  60  79   8   0  14 0.03    M    M  6.1 35 310   M    M   0 3      45 300
17  91  55  73   2   0   8 0.06    M    M  7.7 28 280   M    M   0 3      32 270
18  91  54  73   2   0   8 0.00    M    M  3.5 13 320   M    M   0        15 320
19  92  56  74   3   0   9 0.00    M    M  6.9 26 310   M    M   0        35 310
20 102  60  81  10   0  16 0.01    M    M  6.9 39 330   M    M   0 8      50 320
21  91  57  74   3   0   9 0.00    M    M  6.4 21 330   M    M   0        26 340
================================================================================
SM 1982 1162         0 210  0.34    M    115.7          M        9
================================================================================
AV 94.4 55.3                               5.5 FASTST   M    M   0    MAX(MPH)
                                 MISC ---->  # 41 300               # 56  280
================================================================================
NOTES:
# LAST OF SEVERAL OCCURRENCES

COLUMN 17 PEAK WIND IN M.P.H.

PRELIMINARY LOCAL CLIMATOLOGICAL DATA (WS FORM: F-6) , PAGE 2

                                          STATION:  SHERIDAN WY
                                          MONTH:    JULY
                                          YEAR:     2017
                                          LATITUDE:   44 46 N
                                          LONGITUDE: 106 58 W

[TEMPERATURE DATA]      [PRECIPITATION DATA]       SYMBOLS USED IN COLUMN 16

AVERAGE MONTHLY: 74.9   TOTAL FOR MONTH:   0.34    1 = FOG OR MIST
DPTR FM NORMAL:   5.5   DPTR FM NORMAL:   -0.49    2 = FOG REDUCING VISIBILITY
HIGHEST:   102 ON 20    GRTST 24HR  0.17 ON 10-10      TO 1/4 MILE OR LESS
LOWEST:     45 ON  1                               3 = THUNDER
                        SNOW, ICE PELLETS, HAIL    4 = ICE PELLETS
                        TOTAL MONTH:    M          5 = HAIL
                        GRTST 24HR    M  ON   M    6 = FREEZING RAIN OR DRIZZLE
                        GRTST DEPTH:  M  ON   M    7 = DUSTSTORM OR SANDSTORM:
                                                       VSBY 1/2 MILE OR LESS
                                                   8 = SMOKE OR HAZE
[NO. OF DAYS WITH]      [WEATHER - DAYS WITH]      9 = BLOWING SNOW
                                                   X = TORNADO
MAX 32 OR BELOW:   0    0.01 INCH OR MORE:   7
MAX 90 OR ABOVE:  18    0.10 INCH OR MORE:   1
MIN 32 OR BELOW:   0    0.50 INCH OR MORE:   0
MIN  0 OR BELOW:   0    1.00 INCH OR MORE:   0

[HDD (BASE 65) ]
TOTAL THIS MO.     0    CLEAR  (SCALE 0-3)  21
DPTR FM NORMAL   -24    PTCLDY (SCALE 4-7)   0
TOTAL FM JUL 1     0    CLOUDY (SCALE 8-10)  0
DPTR FM NORMAL   -24

[CDD (BASE 65) ]
TOTAL THIS MO.   210
DPTR FM NORMAL    96    [PRESSURE DATA]
TOTAL FM JAN 1   244    HIGHEST SLP M ON M
DPTR FM NORMAL    80    LOWEST  SLP 29.70 ON 10

[REMARKS]
